-- phpMyAdmin SQL Dump
-- version 4.0.10.20
-- https://www.phpmyadmin.net
--
-- 主机: localhost
-- 生成日期: 2020-01-13 20:17:03
-- 服务器版本: 5.5.56
-- PHP 版本: 5.3.29

SET SQL_MODE = "NO_AUTO_VALUE_ON_ZERO";
SET time_zone = "+00:00";


/*!40101 SET @OLD_CHARACTER_SET_CLIENT=@@CHARACTER_SET_CLIENT */;
/*!40101 SET @OLD_CHARACTER_SET_RESULTS=@@CHARACTER_SET_RESULTS */;
/*!40101 SET @OLD_COLLATION_CONNECTION=@@COLLATION_CONNECTION */;
/*!40101 SET NAMES utf8 */;

--
-- 数据库: `yunyecms_v2`
--

-- --------------------------------------------------------

--
-- 表的结构 `yunyehui_adminloginfail`
--

DROP TABLE IF EXISTS `yunyehui_adminloginfail`;
CREATE TABLE IF NOT EXISTS `yunyehui_adminloginfail` (
  `id` int(11) NOT NULL AUTO_INCREMENT,
  `ip` varchar(20) NOT NULL DEFAULT '',
  `failtimes` tinyint(4) NOT NULL DEFAULT '0',
  `lastlogintime` int(11) NOT NULL DEFAULT '0',
  PRIMARY KEY (`id`)
) ENGINE=MyISAM  DEFAULT CHARSET=utf8 AUTO_INCREMENT=12 ;

--
-- 转存表中的数据 `yunyehui_adminloginfail`
--

INSERT INTO `yunyehui_adminloginfail` (`id`, `ip`, `failtimes`, `lastlogintime`) VALUES
(11, '::1', 1, 1573355386);

-- --------------------------------------------------------

--
-- 表的结构 `yunyehui_adminloginlog`
--

DROP TABLE IF EXISTS `yunyehui_adminloginlog`;
CREATE TABLE IF NOT EXISTS `yunyehui_adminloginlog` (
  `loginid` int(10) unsigned NOT NULL AUTO_INCREMENT,
  `username` varchar(30) NOT NULL DEFAULT '',
  `password` varchar(30) DEFAULT NULL,
  `logintime` int(10) NOT NULL,
  `loginip` varchar(20) NOT NULL DEFAULT '',
  `status` tinyint(1) NOT NULL DEFAULT '0',
  `loginauth` tinyint(1) NOT NULL DEFAULT '0',
  `ipport` varchar(6) NOT NULL DEFAULT '',
  `errresult` varchar(250) DEFAULT NULL,
  PRIMARY KEY (`loginid`),
  KEY `status` (`status`)
) ENGINE=MyISAM  DEFAULT CHARSET=utf8 AUTO_INCREMENT=295 ;

--
-- 转存表中的数据 `yunyehui_adminloginlog`
--

INSERT INTO `yunyehui_adminloginlog` (`loginid`, `username`, `password`, `logintime`, `loginip`, `status`, `loginauth`, `ipport`, `errresult`) VALUES
(1, 'test001', '000', 1483679260, '192.168.1.188', 0, 0, '2992', NULL),
(2, 'admin', '8174019f19348', 1483679277, '192.168.1.188', 0, 0, '2993', NULL),
(3, 'admin', '8174019f19348', 1483679288, '192.168.1.188', 0, 0, '2993', NULL),
(4, 'admin', '8174019f56db58f84367e76455a193', 1483711260, '', 0, 0, '3476', NULL),
(5, 'admin', '8174019f56db58f84367e76455a193', 1483712078, '192.168.1.188', 0, 0, '3706', NULL),
(6, 'admin', '000000', 1483717261, '192.168.1.188', 0, 0, '2104', NULL),
(7, 'lxf001', '', 1483773595, '192.168.1.188', 1, 0, '4852', NULL),
(8, 'lxf001', '', 1483773767, '192.168.1.188', 1, 0, '4908', NULL),
(9, 'lxf001', '', 1483774059, '192.168.1.188', 1, 0, '1059', NULL),
(10, 'lxf001', '', 1483774150, '192.168.1.188', 1, 0, '1100', NULL),
(11, 'lxf001', '', 1483777438, '192.168.1.188', 1, 0, '1974', NULL),
(12, 'lxf001', '', 1483777799, '192.168.1.188', 1, 0, '2055', NULL),
(13, 'lxf001', '', 1483791590, '192.168.1.188', 1, 0, '1487', NULL),
(14, 'lxf001', '', 1483791647, '192.168.1.188', 1, 0, '1487', NULL),
(15, 'lxf001', '', 1483792937, '192.168.1.188', 1, 0, '1915', NULL),
(16, 'lxf001', '', 1483793459, '192.168.1.188', 1, 0, '1949', NULL),
(17, 'lxf001', '', 1483793669, '192.168.1.188', 1, 0, '2060', NULL),
(18, 'lxf001', '', 1483793784, '192.168.1.188', 1, 0, '2096', NULL),
(19, 'lxf001', '', 1483794150, '192.168.1.188', 1, 0, '2239', NULL),
(20, 'lxf001', '', 1483794412, '192.168.1.188', 1, 0, '2295', NULL),
(21, 'lxf001', '', 1483794577, '192.168.1.188', 1, 0, '2318', NULL),
(22, 'lxf001', '', 1483795911, '192.168.1.188', 1, 0, '2429', NULL),
(23, 'lxf001', '', 1483795925, '192.168.1.188', 1, 0, '2429', NULL),
(24, 'lxf001', '', 1483796045, '192.168.1.188', 1, 0, '2429', NULL),
(26, 'lxf001', '', 1483799442, '192.168.1.188', 1, 0, '2970', NULL),
(27, 'lxf001', '', 1483800737, '192.168.1.188', 1, 0, '3359', NULL),
(44, 'lxf002', '000000', 1483966180, '', 0, 0, '2237', NULL),
(42, 'lxf001', '', 1483963318, '192.168.1.188', 1, 0, '2032', NULL),
(43, 'lxf001', '111111', 1483966151, '192.168.1.188', 0, 0, '2237', NULL),
(40, 'lxf001', '', 1483954508, '192.168.1.188', 1, 0, '4218', NULL),
(41, 'lxf001', '', 1483956857, '192.168.1.188', 1, 0, '4871', NULL),
(45, 'lxf002', '000000', 1483966237, '192.168.1.188', 0, 0, '2237', NULL),
(48, 'lxf001', '000006', 1483966280, '192.168.1.188', 0, 0, '2330', NULL),
(46, 'lxf001', '000003', 1483966259, '192.168.1.188', 0, 0, '2330', NULL),
(47, 'lxf001', '000006', 1483966268, '192.168.1.188', 0, 0, '2330', NULL),
(49, 'lxf001', '000006', 1483966288, '192.168.1.188', 0, 0, '2330', NULL),
(50, 'lxf001', '000006', 1483966294, '192.168.1.188', 0, 0, '2330', NULL),
(51, 'lxf001', '000006', 1483966314, '192.168.1.188', 0, 0, '2330', NULL),
(52, 'lxf001', '000005', 1483966338, '192.168.1.188', 0, 0, '2330', NULL),
(53, 'lxf001', '', 1483966347, '192.168.1.188', 1, 0, '2330', NULL),
(54, 'lxf001', '', 1483972860, '192.168.1.188', 1, 0, '3601', NULL),
(55, 'lxf001', '', 1483973020, '192.168.1.188', 1, 0, '3633', NULL),
(56, 'lxf001', '000003', 1483974299, '192.168.1.188', 0, 0, '3836', '管理员密码不正确！'),
(60, 'lxf001', '', 1483976293, '192.168.1.188', 1, 0, '4127', ''),
(61, 'admin', '000000', 1483977814, '192.168.1.188', 0, 0, '4840', '管理员密码不正确！'),
(58, 'lxf00aa', '000003', 1483974457, '192.168.1.188', 0, 0, '3898', '管理员不存在'),
(59, 'lxf001', '', 1483974487, '192.168.1.188', 1, 0, '3898', ''),
(62, 'admin', '111111', 1483977823, '192.168.1.188', 0, 0, '4840', '管理员密码不正确！'),
(63, 'admin', '', 1483977841, '192.168.1.188', 1, 0, '4840', ''),
(64, 'admin', '', 1484018516, '192.168.1.188', 1, 0, '3916', ''),
(65, 'admin', '', 1484018636, '192.168.1.188', 1, 0, '3915', ''),
(66, 'admin', '', 1484020573, '192.168.1.188', 1, 0, '1303', ''),
(67, 'admin', '', 1484020669, '192.168.1.188', 1, 0, '1303', ''),
(68, 'admin', '', 1484020753, '192.168.1.188', 1, 0, '1303', ''),
(69, 'admin', '', 1484020809, '192.168.1.188', 1, 0, '1303', ''),
(70, 'admin', '', 1484023109, '192.168.1.188', 1, 0, '2676', ''),
(71, 'admin', '', 1484023153, '192.168.1.188', 1, 0, '2709', ''),
(72, 'admin', '', 1484023167, '192.168.1.188', 1, 0, '2709', ''),
(73, 'lxf001', '', 1484023397, '192.168.1.188', 1, 0, '2767', ''),
(74, 'lxf001', '', 1484024534, '192.168.1.188', 1, 0, '3007', ''),
(75, 'admin', '', 1484026749, '192.168.1.188', 1, 0, '3354', ''),
(76, 'admin', '', 1484031197, '192.168.1.188', 1, 0, '4461', ''),
(77, 'admin', '', 1484051331, '192.168.1.188', 1, 0, '1303', ''),
(78, 'admin', '', 1484059324, '192.168.1.188', 1, 0, '4439', ''),
(79, 'admin', '', 1484099550, '192.168.1.188', 1, 0, '1967', ''),
(80, 'admin', '', 1484103594, '192.168.1.188', 1, 0, '1670', ''),
(81, 'admin', '', 1484108368, '192.168.1.188', 1, 0, '3302', ''),
(82, 'admin', '', 1484635373, '192.168.1.188', 1, 0, '1906', ''),
(86, 'admin', '', 1484740935, '192.168.1.188', 1, 0, '4337', ''),
(84, 'admin', '', 1484645973, '192.168.1.188', 1, 0, '1540', ''),
(85, 'admin', '', 1484718488, '192.168.1.188', 1, 0, '1785', ''),
(87, 'admin', '', 1484806154, '192.168.1.188', 1, 0, '4744', ''),
(88, 'admin', '', 1484813734, '192.168.1.188', 1, 0, '2008', ''),
(89, 'admin', '', 1484830138, '192.168.1.188', 1, 0, '3657', ''),
(90, 'admin', '', 1484850624, '192.168.1.188', 1, 0, '4210', ''),
(91, 'admin', '', 1484885766, '192.168.1.188', 1, 0, '2719', ''),
(92, 'admin', '', 1486899635, '192.168.1.188', 1, 0, '4202', ''),
(93, 'admin', '', 1486954897, '192.168.1.188', 1, 0, '1545', ''),
(94, 'admin', '', 1486961539, '192.168.1.188', 1, 0, '2894', ''),
(95, 'admin', '', 1488090344, '192.168.1.188', 1, 0, '3834', ''),
(96, 'admin', '', 1488096621, '192.168.1.188', 1, 0, '3946', ''),
(97, 'admin', '', 1488097028, '192.168.1.188', 1, 0, '4046', ''),
(98, 'admin', '', 1488251042, '192.168.1.188', 1, 0, '4510', ''),
(99, 'admin', '', 1488504682, '192.168.1.188', 1, 0, '2052', ''),
(100, 'admin', '', 1488513116, '192.168.1.188', 1, 0, '1157', ''),
(101, 'admin', '', 1489196876, '192.168.1.188', 1, 0, '1049', ''),
(102, 'admin', '', 1489244502, '192.168.1.188', 1, 0, '4045', ''),
(103, 'admin', '', 1489280892, '192.168.1.188', 1, 0, '2657', ''),
(104, 'admin', '', 1489292899, '192.168.1.188', 1, 0, '1567', ''),
(105, 'admin', '', 1489295485, '192.168.1.188', 1, 0, '2562', ''),
(106, 'admin', '', 1489301773, '192.168.1.188', 1, 0, '3803', ''),
(107, 'admin', '', 1489325937, '192.168.1.188', 1, 0, '2518', ''),
(108, 'admin', '', 1489369956, '192.168.1.188', 1, 0, '4043', ''),
(109, 'admin', '', 1491715830, '192.168.1.188', 1, 0, '3540', ''),
(110, 'admin', '', 1491719268, '192.168.1.188', 1, 0, '4898', ''),
(111, 'admin', '', 1498617906, '::1', 1, 0, '52377', ''),
(112, 'admin', '', 1498625119, '::1', 1, 0, '58748', ''),
(113, 'admin', '', 1498636939, '::1', 1, 0, '54617', ''),
(114, 'admin', '', 1498832168, '::1', 1, 0, '62972', ''),
(116, 'admin', '', 1501144354, '::1', 1, 0, '50710', ''),
(117, 'admin', '', 1501145660, '::1', 1, 0, '52764', ''),
(118, 'admin', '', 1501147372, '::1', 1, 0, '56125', ''),
(119, 'admin', '', 1501147790, '::1', 1, 0, '53100', ''),
(120, 'admin', '', 1501147983, '::1', 1, 0, '53235', ''),
(121, 'admin', '', 1501149411, '::1', 1, 0, '62720', ''),
(122, 'admin', '', 1501149608, '::1', 1, 0, '62913', ''),
(123, 'admin', '', 1501149945, '::1', 1, 0, '63149', ''),
(124, 'admin', '', 1501155209, '::1', 1, 0, '62661', ''),
(125, 'admin', '', 1501167197, '::1', 1, 0, '56310', ''),
(126, 'admin', '', 1501499085, '::1', 1, 0, '57253', ''),
(127, 'admin', '', 1501516500, '::1', 1, 0, '64771', ''),
(128, 'admin', '', 1501558082, '::1', 1, 0, '57399', ''),
(129, 'admin', '', 1501593320, '::1', 1, 0, '51024', ''),
(130, 'admin', '', 1501594946, '::1', 1, 0, '49968', ''),
(131, 'admin', '', 1501598782, '::1', 1, 0, '52624', ''),
(132, 'admin', '', 1501605457, '::1', 1, 0, '59452', ''),
(133, 'admin', '', 1501628219, '::1', 1, 0, '62141', ''),
(134, 'admin', '', 1501639353, '::1', 1, 0, '50365', ''),
(135, 'admin', '', 1501680297, '::1', 1, 0, '52520', ''),
(136, 'admin', '', 1501775347, '::1', 1, 0, '50084', ''),
(137, 'admin', '', 1501979743, '::1', 1, 0, '49252', ''),
(138, 'admin', '', 1508682458, '::1', 1, 0, '62348', ''),
(139, 'admin', '', 1508761081, '::1', 1, 0, '53684', ''),
(140, 'admin', '', 1513255508, '::1', 1, 0, '51613', ''),
(141, 'admin', '', 1515919590, '::1', 1, 0, '64833', ''),
(142, 'admin', '', 1515931791, '::1', 1, 0, '56635', ''),
(143, 'admin', '', 1515977969, '::1', 1, 0, '49766', ''),
(154, 'admin', '', 1544920722, '::1', 1, 0, '52306', ''),
(153, 'admin', '', 1544881969, '::1', 1, 0, '52555', ''),
(152, 'admin', '', 1544873710, '::1', 1, 0, '52107', ''),
(156, 'admin', '', 1544951863, '::1', 1, 0, '60421', ''),
(155, 'admin', '', 1544928238, '::1', 1, 0, '49625', ''),
(150, 'admin', '', 1544840891, '::1', 1, 0, '60036', ''),
(151, 'admin', '', 1544852850, '::1', 1, 0, '61527', ''),
(157, 'admin', '', 1544959576, '::1', 1, 0, '58786', ''),
(158, 'admin', '', 1544973295, '::1', 1, 0, '51732', ''),
(159, 'admin', '', 1544975461, '::1', 1, 0, '50028', ''),
(160, 'admin', '', 1545012649, '::1', 1, 0, '60295', ''),
(161, 'admin', '', 1545028279, '::1', 1, 0, '64334', ''),
(162, 'admin', '', 1545037177, '::1', 1, 0, '64076', ''),
(163, 'admin', '', 1545051785, '::1', 1, 0, '59306', ''),
(164, 'admin', '', 1545059677, '::1', 1, 0, '61570', ''),
(165, 'admin', '', 1545102626, '::1', 1, 0, '50189', ''),
(166, 'admin', '', 1545127333, '::1', 1, 0, '50521', ''),
(167, 'admin', '', 1545189250, '::1', 1, 0, '49771', ''),
(168, 'admin', '', 1545204202, '::1', 1, 0, '55959', ''),
(169, 'admin', '', 1545232165, '::1', 1, 0, '51601', ''),
(170, 'admin', '', 1545272593, '::1', 1, 0, '49578', ''),
(171, 'admin', '', 1545299279, '::1', 1, 0, '50662', ''),
(172, 'admin', '', 1545311909, '::1', 1, 0, '54799', ''),
(173, 'admin', '', 1545321636, '::1', 1, 0, '50822', ''),
(174, 'admin', '', 1545352734, '::1', 1, 0, '54101', ''),
(175, 'admin', '', 1545407821, '::1', 1, 0, '50041', ''),
(176, 'admin', '', 1545408151, '::1', 1, 0, '49380', ''),
(177, 'admin', '', 1545437921, '::1', 1, 0, '52544', ''),
(178, 'admin', '', 1545458348, '::1', 1, 0, '64713', ''),
(179, 'admin', '', 1545478001, '::1', 1, 0, '50268', ''),
(180, 'admin', '', 1545527199, '::1', 1, 0, '49365', ''),
(181, 'admin', '', 1545532642, '::1', 1, 0, '51177', ''),
(182, 'admin', '', 1545883801, '::1', 1, 0, '52907', ''),
(183, 'admin', '', 1546575774, '::1', 1, 0, '52542', ''),
(184, 'admin', '', 1546860748, '::1', 1, 0, '50985', ''),
(185, 'admin', '', 1547443305, '::1', 1, 0, '52063', ''),
(186, 'admin', '', 1547625402, '::1', 1, 0, '51708', ''),
(187, 'admin', '', 1547635455, '::1', 1, 0, '55104', ''),
(188, 'admin', '', 1547643955, '::1', 1, 0, '49861', ''),
(189, 'admin', '', 1547797277, '::1', 1, 0, '59527', ''),
(190, 'admin', '', 1547797716, '::1', 1, 0, '49216', ''),
(191, 'admin', '', 1547885467, '::1', 1, 0, '59545', ''),
(192, 'admin', '', 1547904675, '::1', 1, 0, '50945', ''),
(193, 'admin', '', 1547909366, '::1', 1, 0, '49644', ''),
(194, 'admin', '', 1547917405, '::1', 1, 0, '53892', ''),
(195, 'admin', '', 1547971346, '::1', 1, 0, '57802', ''),
(196, 'admin', '', 1548042447, '::1', 1, 0, '53439', ''),
(197, 'admin', '', 1548216925, '::1', 1, 0, '51670', ''),
(198, 'admin', '', 1548253449, '::1', 1, 0, '65515', ''),
(199, 'admin', '', 1548327210, '::1', 1, 0, '56978', ''),
(200, 'admin', '', 1548396365, '::1', 1, 0, '60935', ''),
(201, 'admin', '', 1548396592, '::1', 1, 0, '49257', ''),
(202, 'admin', '', 1548595470, '::1', 1, 0, '61805', ''),
(203, 'admin', '', 1548603093, '::1', 1, 0, '49228', ''),
(204, 'admin', '', 1549192172, '::1', 1, 0, '64765', ''),
(205, 'admin', '', 1549533362, '::1', 1, 0, '63520', ''),
(206, 'admin', '', 1549554548, '::1', 1, 0, '53263', ''),
(207, 'admin', '', 1549600318, '::1', 1, 0, '50318', ''),
(208, 'admin', '', 1549609754, '::1', 1, 0, '55573', ''),
(209, 'admin', '', 1549641205, '::1', 1, 0, '53267', ''),
(210, 'admin', '', 1549648160, '::1', 1, 0, '56617', ''),
(211, 'admin', '', 1549687416, '::1', 1, 0, '57754', ''),
(212, 'admin', '', 1549698648, '::1', 1, 0, '64223', ''),
(213, 'admin', '', 1549774686, '::1', 1, 0, '53123', ''),
(214, 'admin', '', 1549810521, '::1', 1, 0, '53570', ''),
(215, 'admin', '', 1549856219, '::1', 1, 0, '49313', ''),
(216, 'admin', '', 1549961058, '::1', 1, 0, '50998', ''),
(217, 'admin', '', 1549980744, '::1', 1, 0, '55007', ''),
(218, 'admin', '', 1549987848, '::1', 1, 0, '52423', ''),
(219, 'admin', '', 1550037597, '::1', 1, 0, '49185', ''),
(220, 'admin', '', 1550037953, '::1', 1, 0, '49415', ''),
(221, 'admin', '', 1550126783, '::1', 1, 0, '49877', ''),
(222, 'admin', '', 1550160222, '::1', 1, 0, '58784', ''),
(223, 'admin', '', 1550205075, '::1', 1, 0, '56676', ''),
(224, 'admin', '', 1550217751, '::1', 1, 0, '63893', ''),
(225, 'admin', '', 1550223197, '::1', 1, 0, '58075', ''),
(226, 'admin', '', 1550241726, '::1', 1, 0, '51001', ''),
(227, 'admin', '', 1550248272, '::1', 1, 0, '52859', ''),
(228, 'admin', '', 1550373928, '::1', 1, 0, '49450', ''),
(229, 'admin', '', 1550400217, '::1', 1, 0, '49974', ''),
(230, 'admin', '', 1550410897, '::1', 1, 0, '54482', ''),
(231, 'admin', '', 1550423639, '::1', 1, 0, '53653', ''),
(232, 'admin', '', 1550465226, '::1', 1, 0, '56694', ''),
(233, 'admin', '', 1550465449, '::1', 1, 0, '57190', ''),
(234, 'admin', '', 1550472084, '::1', 1, 0, '49832', ''),
(235, 'admin', '', 1550482675, '::1', 1, 0, '49859', ''),
(236, 'admin', '', 1550497734, '::1', 1, 0, '50097', ''),
(237, 'admin', '', 1550548260, '::1', 1, 0, '50484', ''),
(238, 'admin', '', 1550559593, '::1', 1, 0, '63923', ''),
(239, 'admin', '', 1550574764, '::1', 1, 0, '49281', ''),
(240, 'admin', '', 1550586087, '::1', 1, 0, '49833', ''),
(241, 'admin', '', 1550632349, '::1', 1, 0, '50073', ''),
(242, 'admin', '', 1550653064, '::1', 1, 0, '59145', ''),
(243, 'admin', '', 1550660055, '::1', 1, 0, '51781', ''),
(244, 'admin', '', 1550669320, '::1', 1, 0, '49609', ''),
(245, 'admin', '', 1550679536, '::1', 1, 0, '60315', ''),
(246, 'admin', '', 1550811237, '::1', 1, 0, '52061', ''),
(247, 'admin', '', 1550835359, '::1', 1, 0, '56607', ''),
(248, 'admin', '', 1550842559, '::1', 1, 0, '49838', ''),
(249, 'admin', '', 1550895202, '::1', 1, 0, '49372', ''),
(250, 'admin', '', 1550908997, '::1', 1, 0, '63762', ''),
(251, 'admin', '', 1550980820, '::1', 1, 0, '49365', ''),
(252, 'admin', '', 1550988009, '::1', 1, 0, '57600', ''),
(253, 'admin', '', 1551081738, '::1', 1, 0, '52305', ''),
(254, 'admin', '', 1551088212, '::1', 1, 0, '59871', ''),
(255, 'admin', '', 1551100787, '::1', 1, 0, '65414', ''),
(256, 'admin', '', 1551109786, '::1', 1, 0, '50615', ''),
(257, 'admin', '', 1551111702, '::1', 1, 0, '53008', ''),
(258, 'admin', '', 1551150928, '::1', 1, 0, '52793', ''),
(259, 'admin', '', 1551162306, '::1', 1, 0, '54102', ''),
(260, 'admin', '', 1551180860, '::1', 1, 0, '50054', ''),
(261, 'admin', '', 1551184645, '::1', 1, 0, '54173', ''),
(262, 'admin', '', 1551197254, '::1', 1, 0, '53449', ''),
(263, 'admin', '', 1551201062, '::1', 1, 0, '58282', ''),
(264, 'admin', 'admin888', 1551201967, '::1', 0, 0, '59412', '管理员密码不正确！'),
(265, 'admin', '', 1551202302, '::1', 1, 0, '59884', ''),
(266, 'admin', '', 1572753096, '::1', 1, 0, '53845', ''),
(267, 'yunyecms_v2', 'admin888', 1572943013, '::1', 0, 0, '57115', '管理员不存在'),
(268, 'admin', '', 1572943026, '::1', 1, 0, '57115', ''),
(269, 'admin', '', 1573292783, '::1', 1, 0, '49973', ''),
(270, 'admin', 'xiaofei888', 1573306485, '::1', 0, 0, '51886', '管理员密码不正确！'),
(271, 'admin', '', 1573306504, '::1', 1, 0, '51886', ''),
(272, 'admin', 'xiaofei888', 1573355386, '::1', 0, 0, '50601', '管理员密码不正确！'),
(273, 'admin', '', 1573355409, '::1', 1, 0, '50601', ''),
(274, 'admin', '', 1573364094, '::1', 1, 0, '53276', ''),
(275, 'admin', '', 1574312575, '::1', 1, 0, '58705', ''),
(276, 'admin', '', 1574472213, '::1', 1, 0, '51298', ''),
(277, 'admin', '', 1574501007, '::1', 1, 0, '57992', ''),
(278, 'admin', '', 1574511325, '::1', 1, 0, '59661', ''),
(279, 'admin', '', 1574553467, '::1', 1, 0, '62093', ''),
(280, 'admin', '', 1574680161, '::1', 1, 0, '51483', ''),
(281, 'admin', '', 1574765712, '::1', 1, 0, '62784', ''),
(282, 'admin', '', 1574829097, '::1', 1, 0, '53666', ''),
(283, 'admin', '', 1574870951, '::1', 1, 0, '53827', ''),
(284, 'admin', '', 1575187082, '::1', 1, 0, '58771', ''),
(285, 'admin', '', 1575192844, '::1', 1, 0, '62369', ''),
(286, 'admin', '', 1575193787, '::1', 1, 0, '63093', ''),
(287, 'admin', '', 1575207767, '::1', 1, 0, '49359', ''),
(288, 'admin', '', 1576049533, '::1', 1, 0, '64995', ''),
(289, 'admin', '', 1576307355, '::1', 1, 0, '54930', ''),
(290, 'admin', '', 1578851148, '::1', 1, 0, '59399', ''),
(291, 'admin', '', 1578853803, '::1', 1, 0, '61370', ''),
(292, 'admin', '', 1578883176, '::1', 1, 0, '51755', ''),
(293, 'admin', '', 1578892652, '::1', 1, 0, '54017', ''),
(294, 'admin', '', 1578915984, '::1', 1, 0, '57598', '');

-- --------------------------------------------------------

--
-- 表的结构 `yunyehui_adminlogs`
--

DROP TABLE IF EXISTS `yunyehui_adminlogs`;
CREATE TABLE IF NOT EXISTS `yunyehui_adminlogs` (
  `logid` bigint(20) NOT NULL AUTO_INCREMENT,
  `addtime` int(10) DEFAULT NULL,
  `userid` int(10) unsigned DEFAULT NULL,
  `yyact` varchar(50) NOT NULL,
  `doing` varchar(255) NOT NULL DEFAULT '',
  `logip` varchar(255) NOT NULL DEFAULT '',
  `ipport` varchar(45) NOT NULL,
  `content` varchar(2000) DEFAULT NULL,
  PRIMARY KEY (`logid`)
) ENGINE=MyISAM  DEFAULT CHARSET=utf8 AUTO_INCREMENT=667 ;

--
-- 转存表中的数据 `yunyehui_adminlogs`
--

INSERT INTO `yunyehui_adminlogs` (`logid`, `addtime`, `userid`, `yyact`, `doing`, `logip`, `ipport`, `content`) VALUES
(1, 1483892474, 2, 'logout', '管理员退出系统', '192.168.1.188', '1502', ''),
(2, 1483954458, 2, 'logout', '管理员退出系统', '192.168.1.188', '4218', ''),
(4, 1483966025, 2, 'logout', '管理员退出系统', '192.168.1.188', '2105', ''),
(5, 1483973010, 2, 'logout', '管理员退出系统', '192.168.1.188', '3633', ''),
(6, 1483974289, 2, 'logout', '管理员退出系统', '192.168.1.188', '3836', ''),
(7, 1483977802, 2, 'logout', '管理员退出系统', '192.168.1.188', '4840', ''),
(8, 1484018593, 1, 'logout', '管理员退出系统', '192.168.1.188', '3915', ''),
(9, 1484023131, 1, 'logout', '管理员退出系统', '192.168.1.188', '2676', ''),
(10, 1484023159, 1, 'logout', '管理员退出系统', '192.168.1.188', '2709', ''),
(11, 1484023384, 1, 'logout', '管理员退出系统', '192.168.1.188', '2767', ''),
(12, 1484026737, 2, 'logout', '管理员退出系统', '192.168.1.188', '3354', ''),
(13, 1484031187, 1, 'logout', '管理员退出系统', '192.168.1.188', '4461', ''),
(14, 1489293445, 1, 'logout', '管理员退出系统', '192.168.1.188', '1852', ''),
(15, 1501146516, 1, 'logout', '管理员退出系统', '::1', '54509', ''),
(16, 1501147383, 1, 'logout', '管理员退出系统', '::1', '56153', ''),
(17, 1501147807, 1, 'logout', '管理员退出系统', '::1', '53143', ''),
(18, 1501148011, 1, 'logout', '管理员退出系统', '::1', '53259', ''),
(19, 1501149453, 1, 'logout', '管理员退出系统', '::1', '62758', ''),
(20, 1501149761, 1, 'logout', '管理员退出系统', '::1', '63079', ''),
(21, 1501170913, 1, 'logout', '管理员退出系统', '::1', '57842', ''),
(22, 1501641790, 1, 'addmodel', '添加数据模型——新闻', '::1', '52219', ''),
(26, 1501643261, 1, 'addmodel', '添加数据模型——新闻', '::1', '52914', ''),
(24, 1501642785, 1, 'addmodel', '添加数据模型——新闻', '::1', '52663', ''),
(25, 1501643011, 1, 'model', '删除数据模型——新闻', '::1', '52774', ''),
(27, 1501645136, 1, 'motifymodel', '修改数据模型——新闻', '::1', '53969', ''),
(28, 1544862756, 1, 'addmodel', '添加数据模型——新闻模型', '::1', '64705', ''),
(29, 1544862838, 1, 'addmodel', '添加数据模型——单页面', '::1', '64705', ''),
(30, 1544933339, 1, 'model', '删除数据模型——单页面', '::1', '59178', ''),
(31, 1544933432, 1, 'model', '删除数据模型——新闻模型', '::1', '59356', ''),
(32, 1544933641, 1, 'addmodel', '添加数据模型——新闻', '::1', '59745', ''),
(33, 1544933684, 1, 'addmodel', '添加数据模型——单页面', '::1', '59830', ''),
(34, 1544934724, 1, 'motifymodel', '修改数据模型——新闻', '::1', '61736', ''),
(35, 1544934737, 1, 'motifymodel', '修改数据模型——单页面', '::1', '61768', ''),
(36, 1544934758, 1, 'motifymodel', '修改数据模型——单页面', '::1', '61810', ''),
(37, 1544934783, 1, 'motifymodel', '修改数据模型——新闻', '::1', '61857', ''),
(38, 1544934798, 1, 'motifymodel', '修改数据模型——新闻', '::1', '61901', ''),
(39, 1544934911, 1, 'motifymodel', '修改数据模型——新闻', '::1', '62126', ''),
(40, 1544934922, 1, 'motifymodel', '修改数据模型——单页面', '::1', '62126', ''),
(41, 1545032933, 1, 'fields', '修改新闻模型内容（English）字段——content_en——yunyecms_m_news', '::1', '56386', ''),
(42, 1545033081, 1, 'fields', '添加字段——content——yunyecms_m_news', '::1', '56386', ''),
(43, 1545144575, 1, 'addcategory', '添加栏目——是大法师父萨范德萨                 阿斯发', '::1', '63029', ''),
(44, 1545146526, 1, 'category', '更新栏目——是大法师父萨范德萨                 阿斯发', '::1', '49672', ''),
(45, 1545146537, 1, 'category', '更新栏目——是大法师父萨范德萨                 阿斯发', '::1', '49672', ''),
(46, 1545205270, 1, 'category', '更新栏目——是大法师父萨范德萨                 阿斯发', '::1', '57677', ''),
(47, 1545206198, 1, 'category', '更新栏目——是大法师父萨范德萨                 阿斯发', '::1', '59869', ''),
(48, 1545206281, 1, 'category', '更新栏目——是大法师父萨范德萨                 阿斯发', '::1', '60033', ''),
(49, 1545206373, 1, 'addcategory', '添加栏目——测试下', '::1', '60206', ''),
(50, 1545209250, 1, 'addcategory', '添加栏目——一级栏目测测试', '::1', '49246', ''),
(51, 1545209306, 1, 'addcategory', '添加栏目——子栏目测试', '::1', '49246', ''),
(52, 1545214482, 1, 'addcategory', '添加栏目——三级栏目测试', '::1', '59089', ''),
(53, 1545217089, 1, 'category', '更新栏目——栏目二', '::1', '63773', ''),
(54, 1545217119, 1, 'category', '更新栏目——栏目一', '::1', '63773', ''),
(55, 1545222415, 1, 'fields', '修改新闻模型图片字段——pic——yunyecms_m_news', '::1', '57742', ''),
(56, 1545280507, 1, 'addmodel', '添加数据模型——产品', '::1', '54326', ''),
(57, 1545280892, 1, 'addmodel', '添加数据模型——测试下', '::1', '55016', ''),
(58, 1545280936, 1, 'addmodel', '添加数据模型——表单', '::1', '55016', ''),
(59, 1545281029, 1, 'fields', '修改产品模型内容字段——content——yunyecms_m_products', '::1', '55016', ''),
(64, 1545281744, 1, 'model', '删除数据模型——测试下', '::1', '55942', ''),
(61, 1545281106, 1, 'fields', '删除测试下模型字段————yunyecms_m_test', '::1', '55016', ''),
(62, 1545281394, 1, 'fields', '添加表单模型asdsdfsdf字段——test——yunyecms_m_from', '::1', '55942', ''),
(63, 1545281406, 1, 'fields', '删除表单模型asdsdfsdf字段——test——yunyecms_m_from', '::1', '55942', ''),
(65, 1545281792, 1, 'model', '删除数据模型——单页面', '::1', '55942', ''),
(66, 1545282088, 1, 'model', '删除数据模型——新闻', '::1', '55942', ''),
(67, 1545282097, 1, 'model', '删除数据模型——产品', '::1', '55942', ''),
(68, 1545282123, 1, 'model', '删除数据模型——表单', '::1', '55942', ''),
(69, 1545282160, 1, 'addmodel', '添加数据模型——单页面', '::1', '55942', ''),
(70, 1545282198, 1, 'model', '删除数据模型——单页面', '::1', '55942', ''),
(71, 1545282351, 1, 'addmodel', '添加数据模型——单页面', '::1', '55942', ''),
(72, 1545282371, 1, 'addmodel', '添加数据模型——新闻', '::1', '55942', ''),
(73, 1545282395, 1, 'addmodel', '添加数据模型——产品', '::1', '55942', ''),
(74, 1545282422, 1, 'addmodel', '添加数据模型——通用表单', '::1', '55942', ''),
(75, 1545282463, 1, 'motifymodel', '修改数据模型——案例展示', '::1', '55942', ''),
(76, 1545282512, 1, 'model', '删除数据模型——案例展示', '::1', '55942', ''),
(77, 1545282572, 1, 'addmodel', '添加数据模型——通用表单', '::1', '55942', ''),
(78, 1545282689, 1, 'addcategory', '添加栏目——公司简介', '::1', '58282', ''),
(79, 1545282712, 1, 'addcategory', '添加栏目——关于我们', '::1', '58282', ''),
(80, 1545282739, 1, 'addcategory', '添加栏目——新闻资讯', '::1', '58282', ''),
(81, 1545282762, 1, 'addcategory', '添加栏目——公司动态', '::1', '58282', ''),
(82, 1545282787, 1, 'addcategory', '添加栏目——行业资讯', '::1', '58282', ''),
(83, 1545282815, 1, 'addcategory', '添加栏目——产品展示', '::1', '58282', ''),
(84, 1545282868, 1, 'addcategory', '添加栏目——产品二级栏目一', '::1', '58282', ''),
(85, 1545282894, 1, 'addcategory', '添加栏目——产品二级栏目二', '::1', '58282', ''),
(86, 1545282928, 1, 'addcategory', '添加栏目——产品三级栏目一', '::1', '58282', ''),
(87, 1545282952, 1, 'category', '更新栏目——产品一级栏目一', '::1', '58282', ''),
(88, 1545282976, 1, 'category', '更新栏目——产品一级栏目二', '::1', '58282', ''),
(89, 1545282997, 1, 'category', '更新栏目——产品二级栏目一', '::1', '58282', ''),
(90, 1545283023, 1, 'addcategory', '添加栏目——产品二级栏目二', '::1', '58282', ''),
(91, 1545287901, 1, 'addinfolist', '添加新闻信息——sdfsdf', '::1', '50935', ''),
(92, 1545300958, 1, 'infolist', '更新新闻信息——sdfsdf', '::1', '51422', ''),
(93, 1545301040, 1, 'addinfolist', '添加新闻信息——信息测试下', '::1', '51499', ''),
(94, 1545303182, 1, 'infolistdel', '删除公司动态信息： ', '::1', '54775', 'a:3:{s:9:"tablename";s:4:"news";s:6:"action";s:11:"infolistdel";s:3:"ids";s:23:"a:1:{s:2:"id";s:1:"1";}";}'),
(95, 1545303344, 1, 'infolistdel', '删除公司动态信息： ', '::1', '55077', 'a:3:{s:9:"tablename";s:4:"news";s:6:"action";s:11:"infolistdel";s:3:"ids";s:23:"a:1:{s:2:"id";s:1:"2";}";}'),
(96, 1545305817, 1, 'addinfolist', '添加新闻信息——测试下', '::1', '59610', ''),
(97, 1545323119, 1, 'infolistdel', '删除新闻资讯信息： ', '::1', '51372', 'a:3:{s:9:"tablename";s:4:"news";s:6:"action";s:11:"infolistdel";s:3:"ids";s:18:"a:1:{i:0;s:1:"3";}";}'),
(98, 1545323221, 1, 'addinfolist', '添加新闻信息——资料测试下', '::1', '51569', ''),
(99, 1545323231, 1, 'infolistdel', '删除公司动态信息： ', '::1', '51569', 'a:3:{s:9:"tablename";s:4:"news";s:6:"action";s:11:"infolistdel";s:3:"ids";s:18:"a:1:{i:0;s:1:"4";}";}'),
(100, 1545323366, 1, 'addinfolist', '添加新闻信息——测试下', '::1', '51569', ''),
(101, 1545323376, 1, 'infolistdel', '删除公司动态信息：5 ', '::1', '51569', 'a:3:{s:9:"tablename";s:4:"news";s:6:"action";s:11:"infolistdel";s:3:"ids";s:18:"a:1:{i:0;s:1:"5";}";}'),
(102, 1545323431, 1, 'addinfolist', '添加新闻信息——sdfsdfsdfsdf', '::1', '51569', ''),
(103, 1545323443, 1, 'infolistdel', '删除公司动态信息：6 ', '::1', '51569', 'a:3:{s:9:"tablename";s:4:"news";s:6:"action";s:11:"infolistdel";s:3:"ids";s:23:"a:1:{s:2:"id";s:1:"6";}";}'),
(104, 1545323471, 1, 'addinfolist', '添加新闻信息——信息测试下', '::1', '51663', ''),
(105, 1545323480, 1, 'infolistdel', '删除公司动态信息：7 ', '::1', '51663', 'a:3:{s:9:"tablename";s:4:"news";s:6:"action";s:11:"infolistdel";s:3:"ids";s:18:"a:1:{i:0;s:1:"7";}";}'),
(106, 1545472107, 1, 'addinfolist', '添加新闻信息——公司动态测试', '::1', '56240', ''),
(107, 1545483861, 1, 'singlepage', '更新单页面信息——关于我们', '::1', '61542', ''),
(108, 1545483904, 1, 'singlepage', '更新单页面信息——关于我们', '::1', '61618', ''),
(109, 1545484234, 1, 'singlepage', '更新单页面信息——关于我们', '::1', '62261', ''),
(110, 1545484267, 1, 'singlepage', '更新单页面信息——关于我们', '::1', '62318', ''),
(111, 1545484279, 1, 'singlepage', '更新单页面信息——关于我们', '::1', '62349', ''),
(112, 1545484317, 1, 'singlepage', '更新单页面信息——关于我们', '::1', '62427', ''),
(113, 1545486432, 1, 'singlepage', '更新单页面信息——关于我们', '::1', '49819', ''),
(114, 1545486488, 1, 'addcategory', '添加栏目——在线留言', '::1', '49936', ''),
(115, 1545486509, 1, 'addcategory', '添加栏目——在线留言', '::1', '49979', ''),
(116, 1545488569, 1, 'addcustomform', '添加通用表单信息——sdfsdf', '::1', '53670', ''),
(117, 1545489296, 1, 'customformdel', '删除在线留言信息：1 ', '::1', '55222', 'a:3:{s:9:"tablename";s:4:"form";s:6:"action";s:13:"customformdel";s:3:"ids";s:23:"a:1:{s:2:"id";s:1:"1";}";}'),
(118, 1545489307, 1, 'addcustomform', '添加通用表单信息——sdfsdfsdf', '::1', '55230', ''),
(119, 1545489379, 1, 'addcustomform', '添加在线留言信息——aaaaa', '::1', '55368', ''),
(120, 1545489403, 1, 'customform', '更新在线留言信息——', '::1', '55424', ''),
(121, 1545489458, 1, 'customform', '更新在线留言信息——测试下', '::1', '55533', ''),
(122, 1545489593, 1, 'customformdel', '删除在线留言信息：2 ', '::1', '55781', 'a:3:{s:9:"tablename";s:4:"form";s:6:"action";s:13:"customformdel";s:3:"ids";s:18:"a:1:{i:0;s:1:"2";}";}'),
(123, 1545491303, 1, 'addcategory', '添加栏目——企业文化', '::1', '58770', ''),
(124, 1545883823, 1, 'singlepage', '更新单页面信息—企业文化', '::1', '52899', ''),
(125, 1546575792, 1, 'singlepage', '更新单页面信息—关于我们', '::1', '52539', ''),
(126, 1546575811, 1, 'infolist', '更新新闻信息—公司动态测试', '::1', '52523', ''),
(127, 1547443337, 1, 'infolist', '更新新闻信息—公司动态测试', '::1', '52052', ''),
(128, 1547648133, 1, 'addlang', '添加语言版—日文', '::1', '49644', ''),
(129, 1547648267, 1, 'lang', '更新语言版—中文版', '::1', '49642', ''),
(130, 1547648347, 1, 'lang', '更新语言版—中文版', '::1', '49642', ''),
(131, 1547648363, 1, 'lang', '更新语言版—中文版', '::1', '49642', ''),
(132, 1547648460, 1, 'lang', '更新语言版—中文版', '::1', '49642', ''),
(133, 1547648771, 1, 'lang', '更新语言版—中文版', '::1', '49952', ''),
(134, 1547648909, 1, 'lang', '更新语言版—中文版', '::1', '49952', ''),
(135, 1547648964, 1, 'lang', '更新语言版—中文版', '::1', '49952', ''),
(136, 1547648975, 1, 'lang', '更新语言版—中文版', '::1', '49952', ''),
(137, 1547808685, 1, 'UpdateConfig', '更新系统配置', '::1', '52361', ''),
(138, 1547808817, 1, 'UpdateConfig', '更新系统配置', '::1', '52431', ''),
(139, 1547808922, 1, 'UpdateConfig', '更新系统配置', '::1', '52472', ''),
(140, 1547808946, 1, 'UpdateConfig', '更新系统配置', '::1', '52488', ''),
(141, 1547972560, 1, 'lang', '更新语言版—中文版', '::1', '58400', ''),
(142, 1548216966, 1, 'infolist', '更新新闻信息—公司动态测试', '::1', '51731', ''),
(143, 1548217031, 1, 'infolist', '更新新闻信息—公司动态测试', '::1', '51850', ''),
(144, 1548217198, 1, 'infolist', '更新新闻信息—公司动态测试', '::1', '52147', ''),
(145, 1548217209, 1, 'infolist', '更新新闻信息—公司动态测试', '::1', '52166', ''),
(146, 1548217336, 1, 'infolist', '更新新闻信息—公司动态测试', '::1', '52372', ''),
(147, 1548217347, 1, 'infolist', '更新新闻信息—公司动态测试', '::1', '52393', ''),
(148, 1548217366, 1, 'infolist', '更新新闻信息—公司动态测试', '::1', '52440', ''),
(149, 1548217377, 1, 'infolist', '更新新闻信息—公司动态测试', '::1', '52457', ''),
(150, 1548217405, 1, 'infolist', '更新新闻信息—公司动态测试', '::1', '52527', ''),
(151, 1548603242, 1, 'infolist', '更新新闻信息—公司动态测试', '::1', '49347', ''),
(152, 1548603258, 1, 'infolist', '更新新闻信息—公司动态测试', '::1', '49365', ''),
(153, 1548603328, 1, 'infolist', '更新新闻信息—公司动态测试', '::1', '49400', ''),
(154, 1549192270, 1, 'lang', '更新语言版—中文版', '::1', '64802', ''),
(155, 1549193984, 1, 'category', '更新栏目—铝窗五金', '::1', '49534', ''),
(156, 1549194019, 1, 'category', '更新栏目—执手系列', '::1', '49534', ''),
(157, 1549194053, 1, 'addcategory', '添加栏目—七字执手系列', '::1', '49534', ''),
(158, 1549194082, 1, 'addcategory', '添加栏目—月牙锁系列', '::1', '49534', ''),
(159, 1549194106, 1, 'addcategory', '添加栏目—滑轮系列', '::1', '49534', ''),
(160, 1549194133, 1, 'addcategory', '添加栏目—铰链、限位撑', '::1', '49534', ''),
(161, 1549194151, 1, 'addcategory', '添加栏目—其它配件', '::1', '49534', ''),
(162, 1549194188, 1, 'category', '更新栏目—铝门五金', '::1', '49534', ''),
(163, 1549194207, 1, 'addcategory', '添加栏目—执手系列', '::1', '49534', ''),
(164, 1549194226, 1, 'addcategory', '添加栏目—锁体、锁芯系列', '::1', '49534', ''),
(165, 1549194247, 1, 'addcategory', '添加栏目—插销系列', '::1', '49534', ''),
(166, 1549194264, 1, 'addcategory', '添加栏目—合页系列', '::1', '49534', ''),
(167, 1549194371, 1, 'addcategory', '添加栏目—勾锁、拉手系列', '::1', '49814', ''),
(168, 1549194408, 1, 'addcategory', '添加栏目—幕墙五金', '::1', '49853', ''),
(169, 1549194427, 1, 'addcategory', '添加栏目—幕墙执手', '::1', '49868', ''),
(170, 1549194495, 1, 'addcategory', '添加栏目—铰链、限位撑', '::1', '49932', ''),
(171, 1549194513, 1, 'addcategory', '添加栏目—传动杆、锁点、锁块', '::1', '49941', ''),
(172, 1549194540, 1, 'addcategory', '添加栏目—门控系统', '::1', '49941', ''),
(173, 1549194558, 1, 'addcategory', '添加栏目—粘胶系列', '::1', '49941', ''),
(174, 1549194578, 1, 'addcategory', '添加栏目—连接角码系列', '::1', '49941', ''),
(175, 1549194597, 1, 'addcategory', '添加栏目—胶条系列', '::1', '49941', ''),
(176, 1549195142, 1, 'addcategory', '添加栏目—工程案例', '::1', '50537', ''),
(177, 1549195181, 1, 'motifymodel', '修改数据模型——文章', '::1', '50568', ''),
(178, 1549533560, 1, 'singlepage', '更新单页面信息—关于我们', '::1', '63986', ''),
(179, 1549533571, 1, 'singlepage', '更新单页面信息—企业文化', '::1', '64024', ''),
(180, 1549554601, 1, 'category', '更新栏目—公司简介', '::1', '53324', ''),
(181, 1549556215, 1, 'addcategory', '添加栏目—下载中心', '::1', '56185', ''),
(182, 1549556521, 1, 'addcategory', '添加栏目—销售网络', '::1', '56854', ''),
(183, 1549556552, 1, 'addcategory', '添加栏目—下载中心', '::1', '56914', ''),
(184, 1549556573, 1, 'addcategory', '添加栏目—销售网络', '::1', '56958', ''),
(185, 1549556682, 1, 'addcategory', '添加栏目—联系我们', '::1', '57152', ''),
(186, 1549556702, 1, 'addcategory', '添加栏目—联系我们', '::1', '57194', ''),
(187, 1549600536, 1, 'category', '更新栏目—新闻资讯', '::1', '50391', ''),
(188, 1549601518, 1, 'infolist', '更新文章信息—公司动态测试', '::1', '51510', ''),
(189, 1549601548, 1, 'infolist', '更新文章信息—门窗五金选购注意事项有哪些？', '::1', '51398', ''),
(190, 1549602028, 1, 'infolist', '更新文章信息—门窗五金选购注意事项有哪些？', '::1', '51803', ''),
(191, 1549602339, 1, 'infolist', '更新文章信息—门窗五金选购注意事项有哪些？', '::1', '51949', ''),
(192, 1549602416, 1, 'infolist', '更新文章信息—门窗五金选购注意事项有哪些？', '::1', '52002', ''),
(193, 1549604048, 1, 'infolist', '更新文章信息—门窗五金选购注意事项有哪些？', '::1', '52870', ''),
(194, 1549605881, 1, 'infolist', '更新文章信息—门窗五金选购注意事项有哪些？', '::1', '53937', ''),
(195, 1549609782, 1, 'infolist', '更新文章信息—门窗五金选购注意事项有哪些？', '::1', '55657', ''),
(196, 1549609949, 1, 'infolist', '更新文章信息—门窗五金选购注意事项有哪些？', '::1', '55911', ''),
(197, 1549641976, 1, 'addinfolist', '添加文章信息—门窗寿命看五金，这样保养始终如新！', '::1', '53634', ''),
(198, 1549648200, 1, 'infolist', '更新文章信息—门窗寿命看五金，这样保养始终如新！', '::1', '56677', ''),
(199, 1549687797, 1, 'motifymodel', '修改数据模型——文章', '::1', '58027', ''),
(200, 1549687861, 1, 'motifymodel', '修改数据模型——产品', '::1', '58074', ''),
(201, 1549687881, 1, 'motifymodel', '修改数据模型——文章', '::1', '58091', ''),
(202, 1549687908, 1, 'motifymodel', '修改数据模型——单页面', '::1', '58121', ''),
(203, 1549687950, 1, 'motifymodel', '修改数据模型——通用表单', '::1', '58152', ''),
(204, 1549688515, 1, 'category', '更新栏目—关于我们', '::1', '58533', ''),
(205, 1549688552, 1, 'category', '更新栏目—关于我们', '::1', '58565', ''),
(206, 1549698678, 1, 'category', '更新栏目—产品展示', '::1', '64223', ''),
(207, 1549699531, 1, 'category', '更新栏目—联系我们', '::1', '64799', ''),
(208, 1549699662, 1, 'category', '更新栏目—销售网络', '::1', '64799', ''),
(209, 1549699715, 1, 'category', '更新栏目—工程案例', '::1', '64793', ''),
(210, 1549699740, 1, 'addcategory', '添加栏目—工程案例', '::1', '64853', ''),
(211, 1549699826, 1, 'category', '更新栏目—下载中心', '::1', '64853', ''),
(212, 1549699977, 1, 'category', '更新栏目—在线留言', '::1', '64937', ''),
(213, 1549700935, 1, 'fields', '添加产品模型功能字段——gongneng——yunyecms_m_products', '::1', '65342', ''),
(214, 1549700970, 1, 'fields', '添加产品模型材料字段——cailiao——yunyecms_m_products', '::1', '65342', ''),
(215, 1549701140, 1, 'addinfolist', '添加产品信息—V-FZ06F  A', '::1', '65464', ''),
(216, 1549777466, 1, 'fields', '添加产品模型更多图片字段——morepic——yunyecms_m_products', '::1', '58138', ''),
(217, 1549777525, 1, 'fields', '修改产品模型更多图片字段——morepic——yunyecms_m_products', '::1', '58257', ''),
(218, 1549777642, 1, 'fields', '添加文章模型更多图片字段——morepic——yunyecms_m_news', '::1', '58479', ''),
(219, 1549778266, 1, 'infolist', '更新产品信息—V-FZ06F  A', '::1', '59626', ''),
(220, 1549778759, 1, 'infolist', '更新产品信息—V-FZ06F  A', '::1', '60534', ''),
(221, 1549778778, 1, 'infolist', '更新产品信息—V-FZ06F  A', '::1', '60576', ''),
(222, 1549778796, 1, 'infolist', '更新产品信息—V-FZ06F  A', '::1', '60613', ''),
(223, 1549779611, 1, 'fields', '添加产品模型价格字段——price——yunyecms_m_products', '::1', '62098', ''),
(224, 1549779657, 1, 'fields', '添加产品模型市场价字段——mprice——yunyecms_m_products', '::1', '62107', ''),
(225, 1549779691, 1, 'fields', '修改产品模型内容（English）字段——content_en——yunyecms_m_products', '::1', '62107', ''),
(226, 1549779786, 1, 'fields', '修改产品模型内容字段——content——yunyecms_m_products', '::1', '62275', ''),
(227, 1549783168, 1, 'category', '更新栏目—工程案例', '::1', '51951', ''),
(228, 1549783214, 1, 'category', '更新栏目—下载中心', '::1', '51951', ''),
(229, 1549783230, 1, 'category', '更新栏目—下载中心', '::1', '51951', ''),
(230, 1549783250, 1, 'category', '更新栏目—工程案例', '::1', '51951', ''),
(231, 1549783284, 1, 'category', '更新栏目—工程案例', '::1', '51951', ''),
(232, 1549783976, 1, 'category', '更新栏目—工程案例', '::1', '53685', ''),
(233, 1549784125, 1, 'addinfolist', '添加文章信息—工程案例测试', '::1', '54018', ''),
(234, 1549784612, 1, 'category', '更新栏目—下载中心', '::1', '55015', ''),
(235, 1549785303, 1, 'addinfolist', '添加文章信息—下载中心测试', '::1', '56281', ''),
(236, 1549785783, 1, 'category', '更新栏目—联系我们', '::1', '57261', ''),
(237, 1549786043, 1, 'singlepage', '更新单页面信息—联系我们', '::1', '57788', ''),
(238, 1549786307, 1, 'singlepage', '更新单页面信息—联系我们', '::1', '58295', ''),
(239, 1549812707, 1, 'fields', '修改通用表单模型标题字段——title——yunyecms_m_form', '::1', '57592', ''),
(240, 1549812751, 1, 'fields', '修改通用表单模型姓名字段——name——yunyecms_m_form', '::1', '57665', ''),
(241, 1549812789, 1, 'fields', '修改通用表单模型手机字段——mobile——yunyecms_m_form', '::1', '57758', ''),
(242, 1549812813, 1, 'fields', '修改通用表单模型电话字段——phone——yunyecms_m_form', '::1', '57814', ''),
(243, 1549812838, 1, 'fields', '修改通用表单模型性别字段——sex——yunyecms_m_form', '::1', '57869', ''),
(244, 1549812880, 1, 'fields', '修改通用表单模型传真字段——fax——yunyecms_m_form', '::1', '57960', ''),
(245, 1549812893, 1, 'fields', '修改通用表单模型地址字段——address——yunyecms_m_form', '::1', '57980', ''),
(246, 1549812905, 1, 'fields', '修改通用表单模型网址字段——website——yunyecms_m_form', '::1', '58004', ''),
(247, 1549812918, 1, 'fields', '修改通用表单模型邮编字段——zipcode——yunyecms_m_form', '::1', '58059', ''),
(248, 1549812930, 1, 'fields', '修改通用表单模型年龄字段——age——yunyecms_m_form', '::1', '58059', ''),
(249, 1549812943, 1, 'fields', '修改通用表单模型QQ字段——qq——yunyecms_m_form', '::1', '58110', ''),
(250, 1549812958, 1, 'fields', '修改通用表单模型微信字段——weixin——yunyecms_m_form', '::1', '58156', ''),
(251, 1549820275, 1, 'customformdel', '删除在线留言信息：3 ', '::1', '55542', 'a:3:{s:9:"tablename";s:4:"form";s:6:"action";s:13:"customformdel";s:3:"ids";s:18:"a:1:{i:0;s:1:"3";}";}'),
(252, 1549820369, 1, 'UpdateConfig', '更新系统配置', '::1', '55714', ''),
(253, 1549821158, 1, 'UpdateConfig', '更新系统配置', '::1', '57547', ''),
(254, 1549821179, 1, 'UpdateConfig', '更新系统配置', '::1', '57589', ''),
(255, 1549821223, 1, 'UpdateConfig', '更新系统配置', '::1', '57693', ''),
(256, 1549856341, 1, 'fields', '修改通用表单模型电话字段——phone——yunyecms_m_form', '::1', '49502', ''),
(257, 1549857940, 1, 'singlepage', '更新单页面信息—联系我们', '::1', '52399', ''),
(258, 1549858092, 1, 'singlepage', '更新单页面信息—联系我们', '::1', '52682', ''),
(259, 1549962933, 1, 'addmodel', '添加数据模型——链接', '::1', '51508', ''),
(260, 1549963121, 1, 'fields', '修改链接模型来源字段——source——yunyecms_m_link', '::1', '51595', ''),
(261, 1549963164, 1, 'fields', '修改链接模型来源（English）字段——source——yunyecms_m_link', '::1', '51616', ''),
(262, 1549963206, 1, 'addcategory', '添加栏目—其他', '::1', '51630', ''),
(263, 1549963224, 1, 'category', '更新栏目—其他', '::1', '51644', ''),
(264, 1549963379, 1, 'addcategory', '添加栏目—首页幻灯', '::1', '51914', ''),
(265, 1549963409, 1, 'addcategory', '添加栏目—会员中心banner', '::1', '51971', ''),
(266, 1549963455, 1, 'addcategory', '添加栏目—首页公司简介', '::1', '52052', ''),
(267, 1549963630, 1, 'addcategory', '添加栏目—页尾联系方式', '::1', '52347', ''),
(268, 1549963684, 1, 'addcategory', '添加栏目—友情链接', '::1', '52444', ''),
(269, 1549963753, 1, 'fields', '修改链接模型内容字段——content——yunyecms_m_link', '::1', '52572', ''),
(270, 1549963773, 1, 'fields', '修改链接模型内容（English）字段——content_en——yunyecms_m_link', '::1', '52602', ''),
(271, 1549964102, 1, 'addinfolist', '添加链接信息—百度', '::1', '53173', ''),
(272, 1549964335, 1, 'addinfolist', '添加链接信息—会员中心', '::1', '53842', ''),
(273, 1550038006, 1, 'infolist', '更新产品信息—V-FZ06F  A', '::1', '49427', ''),
(274, 1550038023, 1, 'infolist', '更新产品信息—V-FZ06F  A', '::1', '49428', ''),
(275, 1550128898, 1, 'addinfolist', '添加产品信息—V-FZ07F  BY', '::1', '53380', ''),
(276, 1550128954, 1, 'infolist', '更新产品信息—V-FZ07F  BY', '::1', '53380', ''),
(277, 1550160311, 1, 'addinfolist', '添加产品信息—sdfsdf', '::1', '58963', ''),
(278, 1550160360, 1, 'infolist', '更新产品信息—sdfsdf', '::1', '59055', ''),
(279, 1550160430, 1, 'infolistdel', '删除执手系列信息：3 ', '::1', '59191', 'a:3:{s:9:"tablename";s:8:"products";s:6:"action";s:11:"infolistdel";s:3:"ids";s:18:"a:1:{i:0;s:1:"3";}";}'),
(280, 1550160450, 1, 'addinfolist', '添加产品信息—sdfsfd', '::1', '59229', ''),
(281, 1550205274, 1, 'singlepage', '更新单页面信息—页尾联系方式', '::1', '57007', ''),
(282, 1550206075, 1, 'lang', '更新语言版—中文版', '::1', '58560', ''),
(283, 1550206493, 1, 'lang', '更新语言版—中文版', '::1', '59342', ''),
(284, 1550206570, 1, 'lang', '更新语言版—中文版', '::1', '59499', ''),
(285, 1550206606, 1, 'lang', '更新语言版—中文版', '::1', '59575', ''),
(286, 1550206715, 1, 'lang', '更新语言版—中文版', '::1', '59785', ''),
(287, 1550206779, 1, 'lang', '更新语言版—中文版', '::1', '59939', ''),
(288, 1550206809, 1, 'lang', '更新语言版—中文版', '::1', '59996', ''),
(289, 1550207180, 1, 'lang', '更新语言版—中文版', '::1', '60666', ''),
(290, 1550207563, 1, 'lang', '更新语言版—中文版', '::1', '61352', ''),
(291, 1550208926, 1, 'lang', '更新语言版—中文版', '::1', '63988', ''),
(292, 1550209409, 1, 'lang', '更新语言版—中文版', '::1', '64841', ''),
(293, 1550209652, 1, 'singlepage', '更新单页面信息—联系我们', '::1', '65327', ''),
(294, 1550210185, 1, 'singlepage', '更新单页面信息—联系我们', '::1', '49974', ''),
(295, 1550210280, 1, 'singlepage', '更新单页面信息—联系我们', '::1', '50170', ''),
(296, 1550210651, 1, 'singlepage', '更新单页面信息—页尾联系方式', '::1', '50870', ''),
(297, 1550210952, 1, 'singlepage', '更新单页面信息—联系我们', '::1', '51452', ''),
(298, 1550211012, 1, 'lang', '更新语言版—中文版', '::1', '51571', ''),
(299, 1550215234, 1, 'singlepage', '更新单页面信息—联系我们', '::1', '58937', ''),
(300, 1550215553, 1, 'singlepage', '更新单页面信息—联系我们', '::1', '59626', ''),
(301, 1550215938, 1, 'singlepage', '更新单页面信息—页尾联系方式', '::1', '60482', ''),
(302, 1550215963, 1, 'singlepage', '更新单页面信息—联系我们', '::1', '60534', ''),
(303, 1550216035, 1, 'singlepage', '更新单页面信息—联系我们', '::1', '60655', ''),
(304, 1550216144, 1, 'lang', '更新语言版—中文版', '::1', '60906', ''),
(305, 1550216824, 1, 'lang', '更新语言版—中文版', '::1', '62121', ''),
(306, 1550225717, 1, 'Update_Orders', '修改订单—V-FZ06F  A', '::1', '62794', ''),
(307, 1550225760, 1, 'Update_Orders', '修改订单—V-FZ06F  A', '::1', '62877', ''),
(308, 1550225780, 1, 'Update_Orders', '修改订单—V-FZ06F  A', '::1', '62919', ''),
(309, 1550225904, 1, 'Update_Orders', '修改订单—V-FZ07F  BY', '::1', '62919', ''),
(310, 1550234748, 1, 'Add_Notice', '添加通知消息—通知消息测试', '::1', '64024', ''),
(311, 1550378314, 1, 'AddMember', '添加会员—', '::1', '51238', ''),
(312, 1550378554, 1, 'AddMember', '添加会员—13800000002', '::1', '51238', ''),
(313, 1550378794, 1, 'UpdateMember', '更新会员—', '::1', '51736', ''),
(314, 1550378843, 1, 'UpdateMember', '更新会员—', '::1', '51736', ''),
(315, 1550378966, 1, 'UpdateMember', '更新会员—', '::1', '51736', ''),
(316, 1550378995, 1, 'UpdateMember', '更新会员—13800000002', '::1', '51736', ''),
(317, 1550381504, 1, 'Add_MemberGroup', '添加会员组—普通会员', '::1', '55500', ''),
(318, 1550381825, 1, 'Add_MemberGroup', '添加会员组—VIP会员', '::1', '55500', ''),
(319, 1550382564, 1, 'UpdateMember', '更新会员—15937957328', '::1', '56943', ''),
(320, 1550493339, 1, 'UpdateConfig', '更新系统配置', '::1', '65480', ''),
(321, 1550500336, 1, 'UpdateConfig', '更新系统配置', '::1', '51384', ''),
(322, 1550500348, 1, 'UpdateConfig', '更新系统配置', '::1', '51392', ''),
(323, 1550500364, 1, 'UpdateConfig', '更新系统配置', '::1', '51424', ''),
(324, 1550505508, 1, 'singlepage', '更新单页面信息—关于我们', '::1', '57962', ''),
(325, 1550505527, 1, 'singlepage', '更新单页面信息—企业文化', '::1', '57958', ''),
(326, 1550638071, 1, 'UpdateConfig', '更新系统配置', '::1', '56410', ''),
(327, 1550638519, 1, 'UpdateConfig', '更新系统配置', '::1', '56962', ''),
(328, 1550638584, 1, 'UpdateConfig', '更新系统配置', '::1', '57036', ''),
(329, 1550655991, 1, 'addinfolist', '添加文章信息—测试下哦', '::1', '62801', ''),
(330, 1550663097, 1, 'addinfolist', '添加文章信息—信息测试下', '::1', '56282', ''),
(331, 1550663175, 1, 'infolist', '更新产品信息—sdfsfd', '::1', '56405', ''),
(332, 1550663461, 1, 'infolistdel', '删除执手系列信息：4 ', '::1', '56767', 'a:3:{s:9:"tablename";s:8:"products";s:6:"action";s:11:"infolistdel";s:3:"ids";s:18:"a:1:{i:0;s:1:"4";}";}'),
(333, 1550669401, 1, 'infolist', '更新产品信息—V-FZ07F  BY', '::1', '49608', ''),
(334, 1550669485, 1, 'infolistdel', '删除行业资讯信息：12 ', '::1', '49608', 'a:3:{s:9:"tablename";s:4:"news";s:6:"action";s:11:"infolistdel";s:3:"ids";s:24:"a:1:{s:2:"id";s:2:"12";}";}'),
(335, 1550670781, 1, 'customform', '更新在线留言信息——sdf', '::1', '50570', ''),
(336, 1550670831, 1, 'customformdel', '删除在线留言信息：8 ', '::1', '50570', 'a:3:{s:9:"tablename";s:4:"form";s:6:"action";s:13:"customformdel";s:3:"ids";s:23:"a:1:{s:2:"id";s:1:"8";}";}'),
(337, 1550670977, 1, 'customformdel', '删除在线留言信息：7 ', '::1', '50570', 'a:3:{s:9:"tablename";s:4:"form";s:6:"action";s:13:"customformdel";s:3:"ids";s:23:"a:1:{s:2:"id";s:1:"7";}";}'),
(338, 1550673253, 1, 'category', '更新栏目—在线留言', '::1', '52093', ''),
(339, 1550673720, 1, 'addinfolist', '添加文章信息—行业资讯测试下', '::1', '52550', ''),
(340, 1550674527, 1, 'infolist', '更新产品信息—V-FZ06F  A', '::1', '53491', ''),
(341, 1550837429, 1, 'lang', '更新语言版—中文版', '::1', '59846', ''),
(342, 1550842583, 1, 'singlepage', '更新单页面信息—关于我们', '::1', '49838', ''),
(343, 1550848098, 1, 'addlang', '添加语言版—英文版', '::1', '57119', ''),
(344, 1550848558, 1, 'lang', '更新语言版—英文版', '::1', '57631', ''),
(345, 1550848821, 1, 'lang', '更新语言版—英文版', '::1', '58062', ''),
(346, 1550852861, 1, 'category', '更新栏目—公司简介', '::1', '63981', ''),
(347, 1550852877, 1, 'category', '更新栏目—关于我们', '::1', '64010', ''),
(348, 1550852922, 1, 'category', '更新栏目—企业文化', '::1', '64103', ''),
(349, 1550852946, 1, 'category', '更新栏目—新闻资讯', '::1', '64139', ''),
(350, 1550852983, 1, 'category', '更新栏目—公司动态', '::1', '64197', ''),
(351, 1550855971, 1, 'category', '更新栏目—公司简介', '::1', '51599', ''),
(352, 1550856000, 1, 'category', '更新栏目—企业文化', '::1', '51652', ''),
(353, 1550856012, 1, 'category', '更新栏目—关于我们', '::1', '51666', ''),
(354, 1550856033, 1, 'category', '更新栏目—新闻资讯', '::1', '51708', ''),
(355, 1550856047, 1, 'category', '更新栏目—公司动态', '::1', '51727', ''),
(356, 1550856080, 1, 'category', '更新栏目—产品展示', '::1', '51800', ''),
(357, 1550857217, 1, 'infolist', '更新文章信息—信息测试下', '::1', '53160', ''),
(358, 1550857268, 1, 'infolist', '更新文章信息—门窗寿命看五金，这样保养始终如新！', '::1', '53229', ''),
(359, 1550858331, 1, 'infolist', '更新文章信息—门窗五金选购注意事项有哪些？', '::1', '54682', ''),
(360, 1550858779, 1, 'singlepage', '更新单页面信息—关于我们', '::1', '55194', ''),
(361, 1550909083, 1, 'infolist', '更新文章信息—门窗五金选购注意事项有哪些？', '::1', '63763', ''),
(362, 1550909916, 1, 'infolist', '更新文章信息—门窗五金选购注意事项有哪些？', '::1', '64967', ''),
(363, 1550910465, 1, 'category', '更新栏目—在线留言', '::1', '49294', ''),
(364, 1550913984, 1, 'category', '更新栏目—在线留言', '::1', '54074', ''),
(365, 1550914406, 1, 'fields', '修改通用表单模型标题字段——title——yunyecms_m_form', '::1', '54558', ''),
(366, 1550914430, 1, 'fields', '修改通用表单模型姓名字段——name——yunyecms_m_form', '::1', '54558', ''),
(367, 1550914445, 1, 'fields', '修改通用表单模型性别字段——sex——yunyecms_m_form', '::1', '54558', ''),
(368, 1550914461, 1, 'fields', '修改通用表单模型手机字段——mobile——yunyecms_m_form', '::1', '54558', ''),
(369, 1550914480, 1, 'fields', '修改通用表单模型电话字段——phone——yunyecms_m_form', '::1', '54558', ''),
(370, 1550914497, 1, 'fields', '修改通用表单模型E-mail字段——email——yunyecms_m_form', '::1', '54558', ''),
(371, 1550914516, 1, 'fields', '修改通用表单模型公司字段——company——yunyecms_m_form', '::1', '54558', ''),
(372, 1550914533, 1, 'fields', '修改通用表单模型传真字段——fax——yunyecms_m_form', '::1', '54558', ''),
(373, 1550914549, 1, 'fields', '修改通用表单模型地址字段——address——yunyecms_m_form', '::1', '54558', ''),
(374, 1550914567, 1, 'fields', '修改通用表单模型网址字段——website——yunyecms_m_form', '::1', '54558', ''),
(375, 1550914585, 1, 'fields', '修改通用表单模型邮编字段——zipcode——yunyecms_m_form', '::1', '54558', ''),
(376, 1550914603, 1, 'fields', '修改通用表单模型年龄字段——age——yunyecms_m_form', '::1', '54558', ''),
(377, 1550914619, 1, 'fields', '修改通用表单模型QQ字段——qq——yunyecms_m_form', '::1', '54558', ''),
(378, 1550914647, 1, 'fields', '修改通用表单模型微信字段——weixin——yunyecms_m_form', '::1', '54558', ''),
(379, 1550914670, 1, 'fields', '修改通用表单模型内容字段——remark——yunyecms_m_form', '::1', '54558', ''),
(380, 1550989367, 1, 'UpdateConfig', '更新系统配置', '::1', '59176', ''),
(381, 1550993862, 1, 'UpdateConfig', '更新系统配置', '::1', '64838', ''),
(382, 1550995251, 1, 'UpdateConfig', '更新系统配置', '::1', '50328', ''),
(383, 1550995327, 1, 'UpdateConfig', '更新系统配置', '::1', '50422', ''),
(384, 1550995384, 1, 'UpdateConfig', '更新系统配置', '::1', '50494', ''),
(385, 1550995448, 1, 'UpdateConfig', '更新系统配置', '::1', '50587', ''),
(386, 1550995461, 1, 'UpdateConfig', '更新系统配置', '::1', '50605', ''),
(387, 1550996318, 1, 'UpdateConfig', '更新系统配置', '::1', '51738', ''),
(388, 1550996627, 1, 'UpdateConfig', '更新系统配置', '::1', '52134', ''),
(389, 1550998708, 1, 'lang', '更新语言版—中文版', '::1', '54707', ''),
(390, 1550998779, 1, 'lang', '更新语言版—中文版', '::1', '54798', ''),
(391, 1550998900, 1, 'lang', '更新语言版—中文版', '::1', '54959', ''),
(392, 1551000703, 1, 'lang', '更新语言版—中文版', '::1', '57059', ''),
(393, 1551002600, 1, 'lang', '更新语言版—中文版', '::1', '59425', ''),
(394, 1551006166, 1, 'infolist', '更新文章信息—工程案例测试', '::1', '64691', ''),
(395, 1551006179, 1, 'infolist', '更新文章信息—工程案例测试', '::1', '64704', ''),
(396, 1551006191, 1, 'infolist', '更新文章信息—工程案例测试', '::1', '64722', ''),
(397, 1551011072, 1, 'lang', '更新语言版—English', '::1', '50987', ''),
(398, 1551090844, 1, 'singlepage', '更新单页面信息—关于我们', '::1', '51303', ''),
(399, 1551090867, 1, 'singlepage', '更新单页面信息—企业文化', '::1', '51343', ''),
(400, 1551090913, 1, 'addcategory', '添加栏目—我们的优势', '::1', '51303', ''),
(401, 1551091711, 1, 'singlepage', '更新单页面信息—我们的优势', '::1', '52401', ''),
(402, 1551091890, 1, 'infolist', '更新文章信息—门窗五金选购注意事项有哪些？', '::1', '52422', ''),
(403, 1551092092, 1, 'infolist', '更新文章信息—断桥铝门窗五金配件有哪些 断桥铝门窗怎么选购', '::1', '52753', ''),
(404, 1551092159, 1, 'infolist', '更新文章信息—彩铝门窗好不好？彩铝门窗选购注意事项！', '::1', '53012', ''),
(405, 1551092283, 1, 'infolist', '更新文章信息—门窗五金配件知多少？你知道什么样的五金是好的吗？', '::1', '53349', ''),
(406, 1551092330, 1, 'addinfolist', '添加文章信息—建材材料都有哪些种类 建材选购注意事项', '::1', '53433', ''),
(407, 1551092358, 1, 'infolist', '更新文章信息—建材材料都有哪些种类 建材选购注意事项', '::1', '53494', ''),
(408, 1551092427, 1, 'addinfolist', '添加文章信息—门窗材质有几种 门窗的选购技巧', '::1', '53623', ''),
(409, 1551092878, 1, 'singlepage', '更新单页面信息—关于我们', '::1', '54578', ''),
(410, 1551092905, 1, 'singlepage', '更新单页面信息—关于我们', '::1', '54578', ''),
(411, 1551093135, 1, 'infolist', '更新产品信息—V-FZ06F  A', '::1', '54975', ''),
(412, 1551093222, 1, 'infolist', '更新产品信息—V-FZ07F  BY', '::1', '55115', ''),
(413, 1551093460, 1, 'addinfolist', '添加产品信息—V-QZ02', '::1', '55550', ''),
(414, 1551093618, 1, 'addinfolist', '添加产品信息—拔叉执手', '::1', '55795', ''),
(415, 1551093877, 1, 'addinfolist', '添加产品信息—月牙锁', '::1', '56081', ''),
(416, 1551093922, 1, 'infolist', '更新产品信息—月牙锁', '::1', '56257', ''),
(417, 1551093953, 1, 'infolist', '更新产品信息—V-FZ07F  BY', '::1', '56303', ''),
(418, 1551094144, 1, 'addinfolist', '添加产品信息—窗用活动双轮测试', '::1', '56624', ''),
(419, 1551094402, 1, 'addinfolist', '添加产品信息—限位窗撑测试', '::1', '57055', ''),
(420, 1551094451, 1, 'infolist', '更新产品信息—V-FZ07F  BY', '::1', '57153', ''),
(421, 1551094623, 1, 'addinfolist', '添加产品信息—连接角码测试', '::1', '57463', ''),
(422, 1551094816, 1, 'addinfolist', '添加产品信息—无油美标合页', '::1', '57487', ''),
(423, 1551095115, 1, 'addinfolist', '添加产品信息—锁体、锁芯系列', '::1', '58234', ''),
(424, 1551095346, 1, 'addinfolist', '添加产品信息—幕墙执手', '::1', '58608', ''),
(425, 1551095533, 1, 'addinfolist', '添加产品信息—地弹簧', '::1', '58881', ''),
(426, 1551095692, 1, 'addcategory', '添加栏目—闭门器', '::1', '59132', ''),
(427, 1551095713, 1, 'addcategory', '添加栏目—地弹簧', '::1', '59132', ''),
(428, 1551095752, 1, 'addcategory', '添加栏目—门夹系列', '::1', '59225', ''),
(429, 1551095956, 1, 'category', '更新栏目—塑料门窗五金', '::1', '59556', ''),
(430, 1551095999, 1, 'addcategory', '添加栏目—平开门锁系列', '::1', '59637', ''),
(431, 1551096019, 1, 'addcategory', '添加栏目—月牙锁系列', '::1', '59671', ''),
(432, 1551096047, 1, 'addcategory', '添加栏目—配件系列', '::1', '59709', ''),
(433, 1551096070, 1, 'addcategory', '添加栏目—滑轮系列', '::1', '59760', ''),
(434, 1551096100, 1, 'addcategory', '添加栏目—其他', '::1', '59812', ''),
(435, 1551096149, 1, 'addcategory', '添加栏目—复合密封条', '::1', '59892', ''),
(436, 1551096168, 1, 'addcategory', '添加栏目—硅胶-玻璃夹条类', '::1', '59918', ''),
(437, 1551096189, 1, 'addcategory', '添加栏目—硅胶-玻外胶条类', '::1', '59964', ''),
(438, 1551096222, 1, 'addcategory', '添加栏目—硅胶-幕墙胶条类', '::1', '60015', ''),
(439, 1551096442, 1, 'addinfolist', '添加产品信息—复合密封条', '::1', '60349', ''),
(440, 1551096595, 1, 'addinfolist', '添加产品信息—平开门多点锁', '::1', '60611', ''),
(441, 1551096677, 1, 'infolist', '更新产品信息—平开门多点锁', '::1', '60736', ''),
(442, 1551100895, 1, 'fields', '添加产品模型型号字段——xinghao——yunyecms_m_products', '::1', '65408', ''),
(443, 1551100931, 1, 'fields', '修改产品模型型号字段——xinghao——yunyecms_m_products', '::1', '65408', ''),
(444, 1551101271, 1, 'infolist', '更新产品信息—执手', '::1', '49935', ''),
(445, 1551101292, 1, 'infolist', '更新产品信息—V-FZ07F  BY', '::1', '49975', ''),
(446, 1551101351, 1, 'infolist', '更新产品信息—平开门多点锁', '::1', '50079', ''),
(447, 1551101405, 1, 'infolist', '更新产品信息—复合密封条', '::1', '50170', ''),
(448, 1551101690, 1, 'infolist', '更新产品信息—地弹簧', '::1', '50631', ''),
(449, 1551101741, 1, 'infolist', '更新产品信息—幕墙执手', '::1', '50708', ''),
(450, 1551101877, 1, 'infolist', '更新产品信息—月牙锁', '::1', '50937', ''),
(451, 1551101915, 1, 'infolist', '更新产品信息—拔叉执手', '::1', '51007', ''),
(452, 1551101950, 1, 'infolist', '更新产品信息—执手', '::1', '51063', ''),
(453, 1551102058, 1, 'infolist', '更新产品信息—锁体、锁芯系列', '::1', '51216', ''),
(454, 1551102524, 1, 'infolist', '更新产品信息—无油美标合页', '::1', '51840', ''),
(455, 1551102775, 1, 'infolist', '更新产品信息—窗用活动双轮测试', '::1', '52184', ''),
(456, 1551102813, 1, 'infolist', '更新产品信息—限位窗撑测试', '::1', '52257', ''),
(457, 1551102855, 1, 'infolist', '更新产品信息—连接角码测试', '::1', '52319', ''),
(458, 1551103292, 1, 'addinfolist', '添加产品信息—明装闭门器', '::1', '52956', ''),
(459, 1551105314, 1, 'addinfolist', '添加文章信息—恒生阳光城', '::1', '55965', ''),
(460, 1551105369, 1, 'addinfolist', '添加文章信息—恒大海上威尼斯', '::1', '55965', ''),
(461, 1551105427, 1, 'addinfolist', '添加文章信息—福建太恒星港国际广场', '::1', '55957', ''),
(462, 1551105493, 1, 'addinfolist', '添加文章信息—马鞍山恒大御景湾', '::1', '55957', ''),
(463, 1551105543, 1, 'addinfolist', '添加文章信息—石家庄恒大御景半岛', '::1', '55965', ''),
(464, 1551105687, 1, 'addinfolist', '添加文章信息—中海国际社区', '::1', '55957', ''),
(465, 1551105757, 1, 'addinfolist', '添加文章信息—惠州棕榈岛渡假村', '::1', '55957', ''),
(466, 1551105808, 1, 'addinfolist', '添加文章信息—恒大海上威尼斯', '::1', '55965', ''),
(467, 1551105854, 1, 'infolist', '更新文章信息—工程案例测试', '::1', '56657', ''),
(468, 1551105987, 1, 'infolist', '更新文章信息—下载中心测试', '::1', '56657', ''),
(469, 1551106054, 1, 'singlepage', '更新单页面信息—销售网络', '::1', '56970', ''),
(470, 1551106077, 1, 'singlepage', '更新单页面信息—销售网络', '::1', '56657', ''),
(471, 1551106259, 1, 'singlepage', '更新销售网络信息—销售网络', '::1', '57239', ''),
(472, 1551106276, 1, 'infolist', '更新执手系列信息—执手', '::1', '57254', ''),
(473, 1551109824, 1, 'category', '更新栏目—产品展示', '::1', '50614', ''),
(474, 1551111152, 1, 'logout', '管理员退出系统', '::1', '52423', ''),
(475, 1551112426, 1, 'singlepage', '更新首页公司简介信息—首页公司简介', '::1', '54180', ''),
(476, 1551112645, 1, 'singlepage', '更新首页公司简介信息—首页公司简介', '::1', '54519', ''),
(477, 1551112670, 1, 'singlepage', '更新首页公司简介信息—首页公司简介', '::1', '54180', ''),
(478, 1551112766, 1, 'singlepage', '更新首页公司简介信息—首页公司简介', '::1', '54180', ''),
(479, 1551113795, 1, 'infolist', '更新执手系列信息—执手', '::1', '56361', ''),
(480, 1551113810, 1, 'infolist', '更新执手系列信息—拔叉执手', '::1', '56363', ''),
(481, 1551151311, 1, 'category', '更新栏目—行业资讯', '::1', '53625', ''),
(482, 1551151337, 1, 'category', '更新栏目—铝窗五金', '::1', '53673', ''),
(483, 1551151359, 1, 'category', '更新栏目—产品展示', '::1', '53673', ''),
(484, 1551151384, 1, 'category', '更新栏目—执手系列', '::1', '53673', ''),
(485, 1551151823, 1, 'category', '更新栏目—七字执手系列', '::1', '54504', ''),
(486, 1551151850, 1, 'category', '更新栏目—月牙锁系列', '::1', '54504', ''),
(487, 1551151869, 1, 'category', '更新栏目—滑轮系列', '::1', '54504', ''),
(488, 1551151896, 1, 'category', '更新栏目—滑轮系列', '::1', '54504', ''),
(489, 1551151920, 1, 'category', '更新栏目—铰链、限位撑', '::1', '54504', ''),
(490, 1551151944, 1, 'category', '更新栏目—其它配件', '::1', '54504', ''),
(491, 1551151972, 1, 'category', '更新栏目—铝门五金', '::1', '54504', ''),
(492, 1551151997, 1, 'category', '更新栏目—执手系列', '::1', '54504', ''),
(493, 1551152027, 1, 'category', '更新栏目—锁体、锁芯系列', '::1', '54504', ''),
(494, 1551152050, 1, 'category', '更新栏目—插销系列', '::1', '54504', ''),
(495, 1551152074, 1, 'category', '更新栏目—合页系列', '::1', '54504', ''),
(496, 1551152099, 1, 'category', '更新栏目—勾锁、拉手系列', '::1', '54504', ''),
(497, 1551152124, 1, 'category', '更新栏目—幕墙五金', '::1', '54504', ''),
(498, 1551152149, 1, 'category', '更新栏目—幕墙执手', '::1', '54504', ''),
(499, 1551152175, 1, 'category', '更新栏目—铰链、限位撑', '::1', '54504', ''),
(500, 1551152201, 1, 'category', '更新栏目—传动杆、锁点、锁块', '::1', '54504', ''),
(501, 1551152236, 1, 'category', '更新栏目—门控系统', '::1', '54544', ''),
(502, 1551152272, 1, 'category', '更新栏目—其它配件', '::1', '54504', ''),
(503, 1551152297, 1, 'category', '更新栏目—锁体、锁芯系列', '::1', '54504', ''),
(504, 1551152328, 1, 'category', '更新栏目—闭门器', '::1', '54504', ''),
(505, 1551152350, 1, 'category', '更新栏目—地弹簧', '::1', '54504', ''),
(506, 1551152389, 1, 'category', '更新栏目—门夹系列', '::1', '55218', ''),
(507, 1551152474, 1, 'category', '更新栏目—塑料门窗五金', '::1', '55215', ''),
(508, 1551152494, 1, 'category', '更新栏目—平开门锁系列', '::1', '55215', ''),
(509, 1551152526, 1, 'category', '更新栏目—月牙锁系列', '::1', '55215', ''),
(510, 1551152562, 1, 'category', '更新栏目—平开门锁系列', '::1', '55215', ''),
(511, 1551152632, 1, 'category', '更新栏目—配件系列', '::1', '55217', ''),
(512, 1551152658, 1, 'category', '更新栏目—滑轮系列', '::1', '55217', ''),
(513, 1551152684, 1, 'category', '更新栏目—其他', '::1', '55217', ''),
(514, 1551152714, 1, 'category', '更新栏目—胶条系列', '::1', '55217', ''),
(515, 1551152747, 1, 'category', '更新栏目—复合密封条', '::1', '55215', ''),
(516, 1551152828, 1, 'category', '更新栏目—硅胶-玻璃夹条类', '::1', '55215', ''),
(517, 1551152876, 1, 'category', '更新栏目—硅胶-玻外胶条类', '::1', '55215', ''),
(518, 1551152897, 1, 'category', '更新栏目—硅胶-幕墙胶条类', '::1', '56157', ''),
(519, 1551152927, 1, 'category', '更新栏目—工程案例', '::1', '56157', ''),
(520, 1551152966, 1, 'category', '更新栏目—工程案例', '::1', '56201', ''),
(521, 1551152993, 1, 'category', '更新栏目—下载中心', '::1', '56201', ''),
(522, 1551153027, 1, 'category', '更新栏目—下载中心', '::1', '56201', ''),
(523, 1551153057, 1, 'category', '更新栏目—销售网络', '::1', '56202', '');
INSERT INTO `yunyehui_adminlogs` (`logid`, `addtime`, `userid`, `yyact`, `doing`, `logip`, `ipport`, `content`) VALUES
(524, 1551153125, 1, 'category', '更新栏目—销售网络', '::1', '56202', ''),
(525, 1551153148, 1, 'category', '更新栏目—销售网络', '::1', '56202', ''),
(526, 1551153181, 1, 'category', '更新栏目—联系我们', '::1', '56203', ''),
(527, 1551153200, 1, 'category', '更新栏目—联系我们', '::1', '56203', ''),
(528, 1551153309, 1, 'singlepage', '更新关于我们信息—关于我们', '::1', '55215', ''),
(529, 1551153394, 1, 'singlepage', '更新企业文化信息—企业文化', '::1', '56920', ''),
(530, 1551153438, 1, 'singlepage', '更新我们的优势信息—我们的优势', '::1', '56991', ''),
(531, 1551153573, 1, 'category', '更新栏目—工程案例', '::1', '57207', ''),
(532, 1551153619, 1, 'category', '更新栏目—我们的优势', '::1', '57279', ''),
(533, 1551154338, 1, 'infolist', '更新公司动态信息—彩铝门窗好不好？彩铝门窗选购注意事项！', '::1', '58202', ''),
(534, 1551154388, 1, 'infolist', '更新公司动态信息—断桥铝门窗五金配件有哪些 断桥铝门窗怎么选购', '::1', '58202', ''),
(535, 1551154434, 1, 'infolist', '更新公司动态信息—门窗五金选购注意事项有哪些？', '::1', '58412', ''),
(536, 1551154474, 1, 'infolist', '更新行业资讯信息—门窗材质有几种 门窗的选购技巧', '::1', '58412', ''),
(537, 1551154515, 1, 'infolist', '更新行业资讯信息—建材材料都有哪些种类 建材选购注意事项', '::1', '58412', ''),
(538, 1551154574, 1, 'infolist', '更新行业资讯信息—门窗五金配件知多少？你知道什么样的五金是好的吗？', '::1', '58202', ''),
(539, 1551154704, 1, 'infolist', '更新执手系列信息—执手', '::1', '58894', ''),
(540, 1551154769, 1, 'fields', '添加产品模型material字段——cailiao_en——yunyecms_m_products', '::1', '58918', ''),
(541, 1551154804, 1, 'fields', '添加产品模型Features字段——gongneng_en——yunyecms_m_products', '::1', '58918', ''),
(542, 1551154834, 1, 'fields', '修改产品模型内容（English）字段——content_en——yunyecms_m_products', '::1', '58918', ''),
(543, 1551154885, 1, 'infolist', '更新执手系列信息—执手', '::1', '59104', ''),
(544, 1551155901, 1, 'singlepage', '更新联系我们信息—联系我们', '::1', '60745', ''),
(545, 1551156194, 1, 'lang', '更新语言版—中文版', '::1', '61294', ''),
(546, 1551156432, 1, 'infolist', '更新友情链接信息—百度', '::1', '61290', ''),
(547, 1551158618, 1, 'lang', '更新语言版—English', '::1', '65422', ''),
(548, 1551162396, 1, 'infolist', '更新执手系列信息—拔叉执手', '::1', '54104', ''),
(549, 1551162415, 1, 'infolist', '更新执手系列信息—执手', '::1', '54103', ''),
(550, 1551162551, 1, 'infolist', '更新执手系列信息—执手', '::1', '54103', ''),
(551, 1551162590, 1, 'infolist', '更新执手系列信息—拔叉执手', '::1', '54104', ''),
(552, 1551162636, 1, 'infolist', '更新执手系列信息—月牙锁', '::1', '54103', ''),
(553, 1551162660, 1, 'infolist', '更新执手系列信息—V-FZ07F  BY', '::1', '54104', ''),
(554, 1551162709, 1, 'infolist', '更新七字执手系列信息—V-QZ02', '::1', '54104', ''),
(555, 1551162750, 1, 'infolist', '更新滑轮系列信息—窗用活动双轮测试', '::1', '54783', ''),
(556, 1551162788, 1, 'infolist', '更新铰链、限位撑信息—限位窗撑测试', '::1', '54783', ''),
(557, 1551162828, 1, 'infolist', '更新其它配件信息—连接角码测试', '::1', '54783', ''),
(558, 1551162863, 1, 'infolist', '更新执手系列信息—锁体、锁芯系列', '::1', '54104', ''),
(559, 1551162944, 1, 'infolist', '更新合页系列信息—无油美标合页', '::1', '54783', ''),
(560, 1551162993, 1, 'infolist', '更新幕墙执手信息—幕墙执手', '::1', '54104', ''),
(561, 1551163038, 1, 'infolist', '更新闭门器信息—明装闭门器', '::1', '54104', ''),
(562, 1551163083, 1, 'infolist', '更新平开门锁系列信息—平开门多点锁', '::1', '54783', ''),
(563, 1551163124, 1, 'infolist', '更新复合密封条信息—复合密封条', '::1', '54104', ''),
(564, 1551163180, 1, 'infolist', '更新门控系统信息—地弹簧', '::1', '54104', ''),
(565, 1551163414, 1, 'infolist', '更新工程案例信息—恒大海上威尼斯', '::1', '55972', ''),
(566, 1551163485, 1, 'infolist', '更新工程案例信息—惠州棕榈岛渡假村', '::1', '56080', ''),
(567, 1551163513, 1, 'infolist', '更新工程案例信息—中海国际社区', '::1', '56080', ''),
(568, 1551163543, 1, 'infolist', '更新工程案例信息—石家庄恒大御景半岛', '::1', '56080', ''),
(569, 1551163572, 1, 'infolist', '更新工程案例信息—马鞍山恒大御景湾', '::1', '56199', ''),
(570, 1551163593, 1, 'infolist', '更新工程案例信息—福建太恒星港国际广场', '::1', '56199', ''),
(571, 1551163617, 1, 'infolist', '更新工程案例信息—恒大海上威尼斯', '::1', '56199', ''),
(572, 1551163644, 1, 'infolist', '更新工程案例信息—恒生阳光城', '::1', '56200', ''),
(573, 1551163691, 1, 'infolist', '更新工程案例信息—工程案例测试', '::1', '56200', ''),
(574, 1551163714, 1, 'infolist', '更新下载中心信息—下载中心测试', '::1', '56199', ''),
(575, 1551163751, 1, 'infolist', '更新会员中心banner信息—会员中心', '::1', '56199', ''),
(576, 1551163781, 1, 'singlepage', '更新首页公司简介信息—首页公司简介', '::1', '56199', ''),
(577, 1551163813, 1, 'singlepage', '更新首页公司简介信息—首页公司简介', '::1', '56608', ''),
(578, 1551163852, 1, 'singlepage', '更新首页公司简介信息—首页公司简介', '::1', '56663', ''),
(579, 1551163885, 1, 'singlepage', '更新首页公司简介信息—首页公司简介', '::1', '56711', ''),
(580, 1551165037, 1, 'lang', '更新语言版—English', '::1', '58089', ''),
(581, 1551184542, 1, 'logout', '管理员退出系统', '::1', '53494', ''),
(582, 1551201952, 1, 'logout', '管理员退出系统', '::1', '59391', ''),
(583, 1572753243, 1, 'UpdateConfig', '更新系统配置', '::1', '53965', ''),
(584, 1572753329, 1, 'lang', '更新语言版—中文版', '::1', '54019', ''),
(585, 1572753352, 1, 'lang', '更新语言版—中文版', '::1', '54030', ''),
(586, 1572753386, 1, 'UpdateConfig', '更新系统配置', '::1', '54049', ''),
(587, 1572753548, 1, 'UpdateConfig', '更新系统配置', '::1', '54082', ''),
(588, 1573364300, 1, 'singlepage', '更新关于我们信息—关于我们', '::1', '53399', ''),
(589, 1573364354, 1, 'singlepage', '更新首页公司简介信息—首页公司简介', '::1', '53405', ''),
(590, 1574312606, 1, 'singlepage', '更新我们的优势信息—我们的优势', '::1', '58698', ''),
(591, 1574472645, 1, 'infolist', '更新行业资讯信息—门窗材质有几种 门窗的选购技巧', '::1', '51352', ''),
(592, 1574476072, 1, 'infolist', '更新行业资讯信息—门窗材质有几种 门窗的选购技巧', '::1', '51919', ''),
(593, 1574476124, 1, 'infolist', '更新执手系列信息—执手', '::1', '51919', ''),
(594, 1574476135, 1, 'infolist', '更新执手系列信息—拔叉执手', '::1', '51962', ''),
(595, 1574476149, 1, 'infolist', '更新七字执手系列信息—V-QZ02', '::1', '51962', ''),
(596, 1574476226, 1, 'addcategory', '添加栏目—sdfsdf', '::1', '51967', ''),
(597, 1574516267, 1, '_MemberGroup', '更新会员组—普通会员', '::1', '61066', ''),
(598, 1574516279, 1, '_MemberGroup', '更新会员组—普通会员', '::1', '61066', ''),
(599, 1574517542, 1, 'Add_MemberGroup', '添加会员组—test', '::1', '61170', ''),
(600, 1574517592, 1, '_MemberGroup', '更新会员组—普通会员', '::1', '61170', ''),
(601, 1574517690, 1, 'Notice_Del', '删除会员组：3 ', '::1', '61170', 'a:3:{s:9:"tablename";s:11:"membergroup";s:6:"action";s:10:"Notice_Del";s:3:"ids";s:18:"a:1:{i:0;s:1:"3";}";}'),
(602, 1574553804, 1, 'category', '更新栏目—新闻资讯', '::1', '62174', ''),
(603, 1574553817, 1, 'category', '更新栏目—公司动态', '::1', '62174', ''),
(604, 1574553830, 1, 'category', '更新栏目—行业资讯', '::1', '62174', ''),
(605, 1574562858, 1, 'infolist', '更新公司动态信息—彩铝门窗好不好？彩铝门窗选购注意事项！', '::1', '63220', ''),
(606, 1574682618, 1, 'Config', '更新系统配置', '::1', '51886', ''),
(607, 1574683469, 1, 'Config', '更新系统配置', '::1', '51965', ''),
(608, 1574683491, 1, 'Config', '更新系统配置', '::1', '51961', ''),
(609, 1574684142, 1, 'Config', '更新系统配置', '::1', '52093', ''),
(610, 1574684164, 1, 'Config', '更新系统配置', '::1', '52097', ''),
(611, 1574685378, 1, 'addmodel', '添加数据模型——下载', '::1', '52783', ''),
(612, 1574685871, 1, 'fields', '添加下载模型文件大小字段——filesize——yunyehui_m_download', '::1', '53400', ''),
(613, 1574685936, 1, 'fields', '添加下载模型界面语言字段——yuyan——yunyehui_m_download', '::1', '53400', ''),
(614, 1574685981, 1, 'fields', '添加下载模型文件类型字段——filetype——yunyehui_m_download', '::1', '53400', ''),
(615, 1574686031, 1, 'fields', '添加下载模型授权方式字段——shouquan——yunyehui_m_download', '::1', '53400', ''),
(616, 1574686088, 1, 'fields', '添加下载模型软件类型字段——softtype——yunyehui_m_download', '::1', '53400', ''),
(617, 1574686139, 1, 'fields', '添加下载模型运行环境字段——huanjing——yunyehui_m_download', '::1', '53400', ''),
(618, 1574686186, 1, 'fields', '添加下载模型软件等级字段——dengji——yunyehui_m_download', '::1', '53400', ''),
(619, 1574686221, 1, 'fields', '添加下载模型安全检测字段——anquan——yunyehui_m_download', '::1', '53400', ''),
(620, 1574686259, 1, 'fields', '修改下载模型内容字段——content——yunyehui_m_download', '::1', '53400', ''),
(621, 1574686294, 1, 'category', '更新栏目—下载中心', '::1', '53839', ''),
(622, 1574686312, 1, 'category', '更新栏目—下载中心', '::1', '53839', ''),
(623, 1574686389, 1, 'fields', '修改下载模型更多图片字段——morepic——yunyehui_m_download', '::1', '53400', ''),
(624, 1574686415, 1, 'fields', '修改下载模型安全检测字段——anquan——yunyehui_m_download', '::1', '53400', ''),
(625, 1574686748, 1, 'addinfolist', '添加下载中心信息—深度技术 GHOST WIN10 X86 极速优化版 V2019.10 (32位)', '::1', '54653', ''),
(626, 1574687576, 1, 'infolist', '更新下载中心信息—深度技术 GHOST WIN10 X86 极速优化版 V2019.10 (32位)', '::1', '55283', ''),
(627, 1574687638, 1, 'infolist', '更新下载中心信息—深度技术 GHOST WIN10 X86 极速优化版 V2019.10 (32位)', '::1', '55283', ''),
(628, 1574689790, 1, 'Config', '更新系统配置', '::1', '57053', ''),
(629, 1574689806, 1, 'Config', '更新系统配置', '::1', '57053', ''),
(630, 1574689881, 1, 'Config', '更新系统配置', '::1', '57053', ''),
(631, 1574689890, 1, 'Config', '更新系统配置', '::1', '57054', ''),
(632, 1574690580, 1, 'infolist', '更新下载中心信息—深度技术 GHOST WIN10 X86 极速优化版 V2019.10 (32位)', '::1', '57595', ''),
(633, 1574690604, 1, 'infolist', '更新下载中心信息—深度技术 GHOST WIN10 X86 极速优化版 V2019.10 (32位)', '::1', '57611', ''),
(634, 1576049586, 1, 'infolist', '更新执手系列信息—执手', '::1', '64996', ''),
(635, 1576049640, 1, 'infolist', '更新执手系列信息—执手', '::1', '64979', ''),
(636, 1576307418, 1, 'singlepage', '更新关于我们信息—关于我们', '::1', '54927', ''),
(637, 1576307469, 1, 'singlepage', '更新企业文化信息—企业文化', '::1', '54927', ''),
(638, 1576307710, 1, 'singlepage', '更新联系我们信息—联系我们', '::1', '55064', ''),
(639, 1576307797, 1, 'singlepage', '更新联系我们信息—联系我们', '::1', '55070', ''),
(640, 1576308346, 1, 'lang', '更新语言版—中文版', '::1', '55184', ''),
(641, 1576308460, 1, 'Config', '更新系统配置', '::1', '55197', ''),
(642, 1576308768, 1, 'lang', '更新语言版—中文版', '::1', '55331', ''),
(643, 1576309229, 1, 'lang', '更新语言版—中文版', '::1', '55679', ''),
(644, 1576309942, 1, 'lang', '更新语言版—中文版', '::1', '56045', ''),
(645, 1576310239, 1, 'lang', '更新语言版—English', '::1', '56168', ''),
(646, 1576312370, 1, 'addinfolist', '添加首页幻灯信息—首页幻灯1', '::1', '57174', ''),
(647, 1576312408, 1, 'addinfolist', '添加首页幻灯信息—首页幻灯2', '::1', '57190', ''),
(648, 1576312439, 1, 'addinfolist', '添加首页幻灯信息—首页幻灯3', '::1', '57188', ''),
(649, 1576313028, 1, 'infolist', '更新执手系列信息—执手', '::1', '57680', ''),
(650, 1576313137, 1, 'singlepage', '更新首页公司简介信息—首页公司简介', '::1', '57809', ''),
(651, 1576313174, 1, 'singlepage', '更新首页公司简介信息—首页公司简介', '::1', '57832', ''),
(652, 1576313214, 1, 'singlepage', '更新首页公司简介信息—首页公司简介', '::1', '57853', ''),
(653, 1576313311, 1, 'singlepage', '更新首页公司简介信息—首页公司简介', '::1', '57889', ''),
(654, 1576313357, 1, 'singlepage', '更新首页公司简介信息—首页公司简介', '::1', '57938', ''),
(655, 1576313629, 1, 'singlepage', '更新关于我们信息—关于我们', '::1', '58073', ''),
(656, 1576313742, 1, 'singlepage', '更新企业文化信息—企业文化', '::1', '58073', ''),
(657, 1576313762, 1, 'singlepage', '更新我们的优势信息—我们的优势', '::1', '58077', ''),
(658, 1576313886, 1, 'singlepage', '更新联系我们信息—联系我们', '::1', '58077', ''),
(659, 1578896364, 1, 'Config', '更新系统配置', '::1', '58058', ''),
(660, 1578906152, 1, 'Config', '更新系统配置', '::1', '58324', ''),
(661, 1578907157, 1, 'Config', '更新系统配置', '::1', '60133', ''),
(662, 1578907471, 1, 'Config', '更新系统配置', '::1', '61124', ''),
(663, 1578916118, 1, '&amp;nbsp;Config', '更新系统配置', '::1', '57597', ''),
(664, 1578917522, 1, '&amp;nbsp;infolist', '更新公司动态信息—彩铝门窗好不好？彩铝门窗选购注意事项！', '::1', '58145', ''),
(665, 1578917554, 1, '&amp;nbsp;singlepage', '更新关于我们信息—关于我们', '::1', '58137', ''),
(666, 1578917579, 1, '&amp;nbsp;infolist', '更新友情链接信息—百度', '::1', '58137', '');

-- --------------------------------------------------------

--
-- 表的结构 `yunyehui_admin_role`
--

DROP TABLE IF EXISTS `yunyehui_admin_role`;
CREATE TABLE IF NOT EXISTS `yunyehui_admin_role` (
  `roleid` int(10) unsigned NOT NULL AUTO_INCREMENT,
  `rolename` varchar(255) NOT NULL,
  `powers` text,
  `salt` varchar(20) NOT NULL,
  `range` varchar(500) NOT NULL,
  `powercat` text,
  PRIMARY KEY (`roleid`) USING BTREE
) ENGINE=MyISAM  DEFAULT CHARSET=utf8 ROW_FORMAT=DYNAMIC AUTO_INCREMENT=7 ;

--
-- 转存表中的数据 `yunyehui_admin_role`
--

INSERT INTO `yunyehui_admin_role` (`roleid`, `rolename`, `powers`, `salt`, `range`, `powercat`) VALUES
(1, '超级管理员', 'OGE4NDlmODEyNDJlMTdmMjk0YTUzZXlKemVYTjBaVzBpT25zaWMyVjBkR2x1WnlJNklqRWlMQ0prWVhSaElqb2lNU0lzSW5Wd1pHRjBaU0k2SWpFaUxDSnpZV1psSWpvaU1TSXNJbTF6WjNacFpYY2lPaUl4SWl3aWJYTm5aR1ZzSWpvaU1TSjlMQ0pzWVc1bklqcDdJblpwWlhjaU9pSXhJaXdpWVdSa0lqb2lNU0lzSW1Wa2FYUWlPaUl4SWl3aVpHVnNJam9pTVNKOUxDSnBibVp2SWpwN0ltRnNiQ0k2SWpFaUxDSjJhV1YzSWpvaU1TSXNJbUZrWkNJNklqRWlMQ0psWkdsMElqb2lNU0lzSW1SbGJDSTZJakVpTENKeVpXTjVZMnhsSWpvaU1TSXNJbWx6Y25Sb0lqb2lNU0lzSW5abGNtbG1lU0k2SWpFaUxDSnRiM1psWTI5d2VTSTZJakVpZlN3aVkyOXNkVzF1SWpwN0luWnBaWGNpT2lJeElpd2lZV1JrSWpvaU1TSXNJbVZrYVhRaU9pSXhJaXdpWkdWc0lqb2lNU0lzSW5KbFkzbGpiR1VpT2lJeElpd2ljbVZqYjIxdFpXNWtJam9pTVNJc0ltTnZkVzUwSWpvaU1TSXNJbVp2Y20xeklqb2lNU0lzSW1acFpXeGtJam9pTVNJc0luTndaV05wWVd3aU9pSXhJaXdpWTJocGNDSTZJakVpZlN3aWRYTmxjbk1pT25zaVlXUnRhVzRpT2lJeElpd2ljbTlzWlNJNklqRWlMQ0pzYjJkeklqb2lNU0lzSW1SdmJHOW5jeUk2SWpFaUxDSmtaWEJoY25SdFpXNTBJam9pTVNKOUxDSnRaVzFpWlhJaU9uc2lkbWxsZHlJNklqRWlMQ0poWkdRaU9pSXhJaXdpWldScGRDSTZJakVpTENKa1pXd2lPaUl4SWl3aWJXVnRZbVZ5WjNKdmRYQWlPaUl4SWl3aWJtOTBhV05sSWpvaU1TSXNJbTFsYldacFpXeGtJam9pTVNJc0ltRndhU0k2SWpFaUxDSnlaV041WTJ4bElqb2lNU0o5TENKMGNHd2lPbnNpZEhCc1ptbHNaWE1pT2lJeElpd2liR0ZpWld3aU9pSXhJaXdpYkdGaVpXeHpkSGxzWlNJNklqRWlMQ0owY0d4MllYSWlPaUl4SWl3aWRIQnNjM1I1YkdVaU9pSXhJbjBzSW0xdlpHVnNJanA3SW0xdlpHVnNkbWxsZHlJNklqRWlMQ0p0YjJSbGJHRmtaQ0k2SWpFaUxDSnRiMlJsYkdWa2FYUWlPaUl4SWl3aWJXOWtaV3hrWld3aU9pSXhJaXdpWm1sbGJHUnpkbWxsZHlJNklqRWlMQ0ptYVdWc1pITmhaR1FpT2lJeElpd2labWxsYkdSelpXUnBkQ0k2SWpFaUxDSm1hV1ZzWkhOa1pXd2lPaUl4SW4wc0ltOTBhR1Z5SWpwN0luZGxhWGhwYmlJNklqRWlMQ0pzYVc1cmN5STZJakVpTENKaFpDSTZJakVpTENKdmJteHBibVVpT2lJeElpd2ljR0Y1SWpvaU1TSXNJbVpwYkdWeklqb2lNU0o5TENKemFHOXdJanA3SW05eVpHVnljM1pwWlhjaU9pSXhJaXdpYjNKa1pYSnpaV1JwZENJNklqRWlMQ0p2Y21SbGNuTmtaV3dpT2lJeEluMTljOWUyNmM2MzM3ZWJjZDIz', 'fgjostDJMPVW16%&-_}?', 'eyJtZDUiOnsibWluIjowLCJtYXgiOjIxfSwic2hhMSI6eyJtaW4iOjAsIm1heCI6MTZ9fQ==', 'YmM0OWM5ZWY1ODk5ZGRkNzM0WVRvMU5UcDdhVG94TzJFNk5EcDdjem8wT2lKMmFXVjNJanR6T2pFNklqRWlPM002TXpvaVlXUmtJanR6T2pFNklqRWlPM002TkRvaVpXUnBkQ0k3Y3pveE9pSXhJanR6T2pNNkltUmxiQ0k3Y3pveE9pSXhJanQ5YVRveU8yRTZORHA3Y3pvME9pSjJhV1YzSWp0ek9qRTZJakVpTzNNNk16b2lZV1JrSWp0ek9qRTZJakVpTzNNNk5Eb2laV1JwZENJN2N6b3hPaUl4SWp0ek9qTTZJbVJsYkNJN2N6b3hPaUl4SWp0OWFUb3hNenRoT2pRNmUzTTZORG9pZG1sbGR5STdjem94T2lJeElqdHpPak02SW1Ga1pDSTdjem94T2lJeElqdHpPalE2SW1Wa2FYUWlPM002TVRvaU1TSTdjem96T2lKa1pXd2lPM002TVRvaU1TSTdmV2s2TkRZN1lUbzBPbnR6T2pRNkluWnBaWGNpTzNNNk1Ub2lNU0k3Y3pvek9pSmhaR1FpTzNNNk1Ub2lNU0k3Y3pvME9pSmxaR2wwSWp0ek9qRTZJakVpTzNNNk16b2laR1ZzSWp0ek9qRTZJakVpTzMxcE9qTTdZVG8wT250ek9qUTZJblpwWlhjaU8zTTZNVG9pTVNJN2N6b3pPaUpoWkdRaU8zTTZNVG9pTVNJN2N6bzBPaUpsWkdsMElqdHpPakU2SWpFaU8zTTZNem9pWkdWc0lqdHpPakU2SWpFaU8zMXBPalE3WVRvME9udHpPalE2SW5acFpYY2lPM002TVRvaU1TSTdjem96T2lKaFpHUWlPM002TVRvaU1TSTdjem8wT2lKbFpHbDBJanR6T2pFNklqRWlPM002TXpvaVpHVnNJanR6T2pFNklqRWlPMzFwT2pVN1lUbzBPbnR6T2pRNkluWnBaWGNpTzNNNk1Ub2lNU0k3Y3pvek9pSmhaR1FpTzNNNk1Ub2lNU0k3Y3pvME9pSmxaR2wwSWp0ek9qRTZJakVpTzNNNk16b2laR1ZzSWp0ek9qRTZJakVpTzMxcE9qWTdZVG8wT250ek9qUTZJblpwWlhjaU8zTTZNVG9pTVNJN2N6b3pPaUpoWkdRaU8zTTZNVG9pTVNJN2N6bzBPaUpsWkdsMElqdHpPakU2SWpFaU8zTTZNem9pWkdWc0lqdHpPakU2SWpFaU8zMXBPamM3WVRvME9udHpPalE2SW5acFpYY2lPM002TVRvaU1TSTdjem96T2lKaFpHUWlPM002TVRvaU1TSTdjem8wT2lKbFpHbDBJanR6T2pFNklqRWlPM002TXpvaVpHVnNJanR6T2pFNklqRWlPMzFwT2prN1lUbzBPbnR6T2pRNkluWnBaWGNpTzNNNk1Ub2lNU0k3Y3pvek9pSmhaR1FpTzNNNk1Ub2lNU0k3Y3pvME9pSmxaR2wwSWp0ek9qRTZJakVpTzNNNk16b2laR1ZzSWp0ek9qRTZJakVpTzMxcE9qRTBPMkU2TkRwN2N6bzBPaUoyYVdWM0lqdHpPakU2SWpFaU8zTTZNem9pWVdSa0lqdHpPakU2SWpFaU8zTTZORG9pWldScGRDSTdjem94T2lJeElqdHpPak02SW1SbGJDSTdjem94T2lJeElqdDlhVG94TlR0aE9qUTZlM002TkRvaWRtbGxkeUk3Y3pveE9pSXhJanR6T2pNNkltRmtaQ0k3Y3pveE9pSXhJanR6T2pRNkltVmthWFFpTzNNNk1Ub2lNU0k3Y3pvek9pSmtaV3dpTzNNNk1Ub2lNU0k3ZldrNk1UWTdZVG8wT250ek9qUTZJblpwWlhjaU8zTTZNVG9pTVNJN2N6b3pPaUpoWkdRaU8zTTZNVG9pTVNJN2N6bzBPaUpsWkdsMElqdHpPakU2SWpFaU8zTTZNem9pWkdWc0lqdHpPakU2SWpFaU8zMXBPakUzTzJFNk5EcDdjem8wT2lKMmFXVjNJanR6T2pFNklqRWlPM002TXpvaVlXUmtJanR6T2pFNklqRWlPM002TkRvaVpXUnBkQ0k3Y3pveE9pSXhJanR6T2pNNkltUmxiQ0k3Y3pveE9pSXhJanQ5YVRveE9EdGhPalE2ZTNNNk5Eb2lkbWxsZHlJN2N6b3hPaUl4SWp0ek9qTTZJbUZrWkNJN2N6b3hPaUl4SWp0ek9qUTZJbVZrYVhRaU8zTTZNVG9pTVNJN2N6b3pPaUprWld3aU8zTTZNVG9pTVNJN2ZXazZPRHRoT2pRNmUzTTZORG9pZG1sbGR5STdjem94T2lJeElqdHpPak02SW1Ga1pDSTdjem94T2lJeElqdHpPalE2SW1Wa2FYUWlPM002TVRvaU1TSTdjem96T2lKa1pXd2lPM002TVRvaU1TSTdmV2s2TVRrN1lUbzBPbnR6T2pRNkluWnBaWGNpTzNNNk1Ub2lNU0k3Y3pvek9pSmhaR1FpTzNNNk1Ub2lNU0k3Y3pvME9pSmxaR2wwSWp0ek9qRTZJakVpTzNNNk16b2laR1ZzSWp0ek9qRTZJakVpTzMxcE9qSXdPMkU2TkRwN2N6bzBPaUoyYVdWM0lqdHpPakU2SWpFaU8zTTZNem9pWVdSa0lqdHpPakU2SWpFaU8zTTZORG9pWldScGRDSTdjem94T2lJeElqdHpPak02SW1SbGJDSTdjem94T2lJeElqdDlhVG95TVR0aE9qUTZlM002TkRvaWRtbGxkeUk3Y3pveE9pSXhJanR6T2pNNkltRmtaQ0k3Y3pveE9pSXhJanR6T2pRNkltVmthWFFpTzNNNk1Ub2lNU0k3Y3pvek9pSmtaV3dpTzNNNk1Ub2lNU0k3ZldrNk1qSTdZVG8wT250ek9qUTZJblpwWlhjaU8zTTZNVG9pTVNJN2N6b3pPaUpoWkdRaU8zTTZNVG9pTVNJN2N6bzBPaUpsWkdsMElqdHpPakU2SWpFaU8zTTZNem9pWkdWc0lqdHpPakU2SWpFaU8zMXBPakl6TzJFNk5EcDdjem8wT2lKMmFXVjNJanR6T2pFNklqRWlPM002TXpvaVlXUmtJanR6T2pFNklqRWlPM002TkRvaVpXUnBkQ0k3Y3pveE9pSXhJanR6T2pNNkltUmxiQ0k3Y3pveE9pSXhJanQ5YVRveU5EdGhPalE2ZTNNNk5Eb2lkbWxsZHlJN2N6b3hPaUl4SWp0ek9qTTZJbUZrWkNJN2N6b3hPaUl4SWp0ek9qUTZJbVZrYVhRaU8zTTZNVG9pTVNJN2N6b3pPaUprWld3aU8zTTZNVG9pTVNJN2ZXazZNalU3WVRvME9udHpPalE2SW5acFpYY2lPM002TVRvaU1TSTdjem96T2lKaFpHUWlPM002TVRvaU1TSTdjem8wT2lKbFpHbDBJanR6T2pFNklqRWlPM002TXpvaVpHVnNJanR6T2pFNklqRWlPMzFwT2pJMk8yRTZORHA3Y3pvME9pSjJhV1YzSWp0ek9qRTZJakVpTzNNNk16b2lZV1JrSWp0ek9qRTZJakVpTzNNNk5Eb2laV1JwZENJN2N6b3hPaUl4SWp0ek9qTTZJbVJsYkNJN2N6b3hPaUl4SWp0OWFUb3lOenRoT2pRNmUzTTZORG9pZG1sbGR5STdjem94T2lJeElqdHpPak02SW1Ga1pDSTdjem94T2lJeElqdHpPalE2SW1Wa2FYUWlPM002TVRvaU1TSTdjem96T2lKa1pXd2lPM002TVRvaU1TSTdmV2s2TWpnN1lUbzBPbnR6T2pRNkluWnBaWGNpTzNNNk1Ub2lNU0k3Y3pvek9pSmhaR1FpTzNNNk1Ub2lNU0k3Y3pvME9pSmxaR2wwSWp0ek9qRTZJakVpTzNNNk16b2laR1ZzSWp0ek9qRTZJakVpTzMxcE9qUTNPMkU2TkRwN2N6bzBPaUoyYVdWM0lqdHpPakU2SWpFaU8zTTZNem9pWVdSa0lqdHpPakU2SWpFaU8zTTZORG9pWldScGRDSTdjem94T2lJeElqdHpPak02SW1SbGJDSTdjem94T2lJeElqdDlhVG8wT0R0aE9qUTZlM002TkRvaWRtbGxkeUk3Y3pveE9pSXhJanR6T2pNNkltRmtaQ0k3Y3pveE9pSXhJanR6T2pRNkltVmthWFFpTzNNNk1Ub2lNU0k3Y3pvek9pSmtaV3dpTzNNNk1Ub2lNU0k3ZldrNk5EazdZVG8wT250ek9qUTZJblpwWlhjaU8zTTZNVG9pTVNJN2N6b3pPaUpoWkdRaU8zTTZNVG9pTVNJN2N6bzBPaUpsWkdsMElqdHpPakU2SWpFaU8zTTZNem9pWkdWc0lqdHpPakU2SWpFaU8zMXBPak13TzJFNk5EcDdjem8wT2lKMmFXVjNJanR6T2pFNklqRWlPM002TXpvaVlXUmtJanR6T2pFNklqRWlPM002TkRvaVpXUnBkQ0k3Y3pveE9pSXhJanR6T2pNNkltUmxiQ0k3Y3pveE9pSXhJanQ5YVRvMU1EdGhPalE2ZTNNNk5Eb2lkbWxsZHlJN2N6b3hPaUl4SWp0ek9qTTZJbUZrWkNJN2N6b3hPaUl4SWp0ek9qUTZJbVZrYVhRaU8zTTZNVG9pTVNJN2N6b3pPaUprWld3aU8zTTZNVG9pTVNJN2ZXazZOVEU3WVRvME9udHpPalE2SW5acFpYY2lPM002TVRvaU1TSTdjem96T2lKaFpHUWlPM002TVRvaU1TSTdjem8wT2lKbFpHbDBJanR6T2pFNklqRWlPM002TXpvaVpHVnNJanR6T2pFNklqRWlPMzFwT2pVeU8yRTZORHA3Y3pvME9pSjJhV1YzSWp0ek9qRTZJakVpTzNNNk16b2lZV1JrSWp0ek9qRTZJakVpTzNNNk5Eb2laV1JwZENJN2N6b3hPaUl4SWp0ek9qTTZJbVJsYkNJN2N6b3hPaUl4SWp0OWFUbzFNenRoT2pRNmUzTTZORG9pZG1sbGR5STdjem94T2lJeElqdHpPak02SW1Ga1pDSTdjem94T2lJeElqdHpPalE2SW1Wa2FYUWlPM002TVRvaU1TSTdjem96T2lKa1pXd2lPM002TVRvaU1TSTdmV2s2TlRRN1lUbzBPbnR6T2pRNkluWnBaWGNpTzNNNk1Ub2lNU0k3Y3pvek9pSmhaR1FpTzNNNk1Ub2lNU0k3Y3pvME9pSmxaR2wwSWp0ek9qRTZJakVpTzNNNk16b2laR1ZzSWp0ek9qRTZJakVpTzMxcE9qTXhPMkU2TkRwN2N6bzBPaUoyYVdWM0lqdHpPakU2SWpFaU8zTTZNem9pWVdSa0lqdHpPakU2SWpFaU8zTTZORG9pWldScGRDSTdjem94T2lJeElqdHpPak02SW1SbGJDSTdjem94T2lJeElqdDlhVG8xTlR0aE9qUTZlM002TkRvaWRtbGxkeUk3Y3pveE9pSXhJanR6T2pNNkltRmtaQ0k3Y3pveE9pSXhJanR6T2pRNkltVmthWFFpTzNNNk1Ub2lNU0k3Y3pvek9pSmtaV3dpTzNNNk1Ub2lNU0k3ZldrNk5UWTdZVG8wT250ek9qUTZJblpwWlhjaU8zTTZNVG9pTVNJN2N6b3pPaUpoWkdRaU8zTTZNVG9pTVNJN2N6bzBPaUpsWkdsMElqdHpPakU2SWpFaU8zTTZNem9pWkdWc0lqdHpPakU2SWpFaU8zMXBPalUzTzJFNk5EcDdjem8wT2lKMmFXVjNJanR6T2pFNklqRWlPM002TXpvaVlXUmtJanR6T2pFNklqRWlPM002TkRvaVpXUnBkQ0k3Y3pveE9pSXhJanR6T2pNNkltUmxiQ0k3Y3pveE9pSXhJanQ5YVRvMU9EdGhPalE2ZTNNNk5Eb2lkbWxsZHlJN2N6b3hPaUl4SWp0ek9qTTZJbUZrWkNJN2N6b3hPaUl4SWp0ek9qUTZJbVZrYVhRaU8zTTZNVG9pTVNJN2N6b3pPaUprWld3aU8zTTZNVG9pTVNJN2ZXazZNVEU3WVRvME9udHpPalE2SW5acFpYY2lPM002TVRvaU1TSTdjem96T2lKaFpHUWlPM002TVRvaU1TSTdjem8wT2lKbFpHbDBJanR6T2pFNklqRWlPM002TXpvaVpHVnNJanR6T2pFNklqRWlPMzFwT2pFeU8yRTZORHA3Y3pvME9pSjJhV1YzSWp0ek9qRTZJakVpTzNNNk16b2lZV1JrSWp0ek9qRTZJakVpTzNNNk5Eb2laV1JwZENJN2N6b3hPaUl4SWp0ek9qTTZJbVJsYkNJN2N6b3hPaUl4SWp0OWFUb3pNanRoT2pRNmUzTTZORG9pZG1sbGR5STdjem94T2lJeElqdHpPak02SW1Ga1pDSTdjem94T2lJeElqdHpPalE2SW1Wa2FYUWlPM002TVRvaU1TSTdjem96T2lKa1pXd2lPM002TVRvaU1TSTdmV2s2TXprN1lUbzBPbnR6T2pRNkluWnBaWGNpTzNNNk1Ub2lNU0k3Y3pvek9pSmhaR1FpTzNNNk1Ub2lNU0k3Y3pvME9pSmxaR2wwSWp0ek9qRTZJakVpTzNNNk16b2laR1ZzSWp0ek9qRTZJakVpTzMxcE9qTXpPMkU2TkRwN2N6bzBPaUoyYVdWM0lqdHpPakU2SWpFaU8zTTZNem9pWVdSa0lqdHpPakU2SWpFaU8zTTZORG9pWldScGRDSTdjem94T2lJeElqdHpPak02SW1SbGJDSTdjem94T2lJeElqdDlhVG96TlR0aE9qUTZlM002TkRvaWRtbGxkeUk3Y3pveE9pSXhJanR6T2pNNkltRmtaQ0k3Y3pveE9pSXhJanR6T2pRNkltVmthWFFpTzNNNk1Ub2lNU0k3Y3pvek9pSmtaV3dpTzNNNk1Ub2lNU0k3ZldrNk16UTdZVG8wT250ek9qUTZJblpwWlhjaU8zTTZNVG9pTVNJN2N6b3pPaUpoWkdRaU8zTTZNVG9pTVNJN2N6bzBPaUpsWkdsMElqdHpPakU2SWpFaU8zTTZNem9pWkdWc0lqdHpPakU2SWpFaU8zMXBPak0yTzJFNk5EcDdjem8wT2lKMmFXVjNJanR6T2pFNklqRWlPM002TXpvaVlXUmtJanR6T2pFNklqRWlPM002TkRvaVpXUnBkQ0k3Y3pveE9pSXhJanR6T2pNNkltUmxiQ0k3Y3pveE9pSXhJanQ5YVRvek56dGhPalE2ZTNNNk5Eb2lkbWxsZHlJN2N6b3hPaUl4SWp0ek9qTTZJbUZrWkNJN2N6b3hPaUl4SWp0ek9qUTZJbVZrYVhRaU8zTTZNVG9pTVNJN2N6b3pPaUprWld3aU8zTTZNVG9pTVNJN2ZXazZNemc3WVRvME9udHpPalE2SW5acFpYY2lPM002TVRvaU1TSTdjem96T2lKaFpHUWlPM002TVRvaU1TSTdjem8wT2lKbFpHbDBJanR6T2pFNklqRWlPM002TXpvaVpHVnNJanR6T2pFNklqRWlPMzFwT2pRd08yRTZORHA3Y3pvME9pSjJhV1YzSWp0ek9qRTZJakVpTzNNNk16b2lZV1JrSWp0ek9qRTZJakVpTzNNNk5Eb2laV1JwZENJN2N6b3hPaUl4SWp0ek9qTTZJbVJsYkNJN2N6b3hPaUl4SWp0OWFUbzBNVHRoT2pRNmUzTTZORG9pZG1sbGR5STdjem94T2lJeElqdHpPak02SW1Ga1pDSTdjem94T2lJeElqdHpPalE2SW1Wa2FYUWlPM002TVRvaU1TSTdjem96T2lKa1pXd2lPM002TVRvaU1TSTdmV2s2TkRJN1lUbzBPbnR6T2pRNkluWnBaWGNpTzNNNk1Ub2lNU0k3Y3pvek9pSmhaR1FpTzNNNk1Ub2lNU0k3Y3pvME9pSmxaR2wwSWp0ek9qRTZJakVpTzNNNk16b2laR1ZzSWp0ek9qRTZJakVpTzMxcE9qUXpPMkU2TkRwN2N6bzBPaUoyYVdWM0lqdHpPakU2SWpFaU8zTTZNem9pWVdSa0lqdHpPakU2SWpFaU8zTTZORG9pWldScGRDSTdjem94T2lJeElqdHpPak02SW1SbGJDSTdjem94T2lJeElqdDlhVG8wTlR0aE9qUTZlM002TkRvaWRtbGxkeUk3Y3pveE9pSXhJanR6T2pNNkltRmtaQ0k3Y3pveE9pSXhJanR6T2pRNkltVmthWFFpTzNNNk1Ub2lNU0k3Y3pvek9pSmtaV3dpTzNNNk1Ub2lNU0k3ZlgwPThkN2U3OTk1OWI0NDJhMjVkMTRlZTM4NmZkMjgzNjk5MzRh'),
(2, '网站维护人员', 'OGMxNGY0ZTEyZTFkYzE3MzhhY2Q3ZXlKemVYTjBaVzBpT25zaWMyVjBkR2x1WnlJNklqRWlMQ0prWVhSaElqb2lNU0lzSW5Wd1pHRjBaU0k2SWpFaUxDSnpZV1psSWpvaU1TSjlMQ0pwYm1adklqcDdJbUZzYkNJNklqRWlMQ0ppY205M2MyVWlPaUl4SWl3aVlXUmtJam9pTVNJc0ltVmthWFFpT2lJeElpd2laR1ZzSWpvaU1TSXNJbkpsWTNsamJHVWlPaUl4SWl3aWFYTnlkR2dpT2lJeElpd2lkbVZ5YVdaNUlqb2lNU0lzSW0xdmRtVmpiM0I1SWpvaU1TSjlMQ0pqYjJ4MWJXNGlPbnNpWW5KdmQzTmxJam9pTVNJc0ltRmtaQ0k2SWpFaUxDSmxaR2wwSWpvaU1TSXNJbVJsYkNJNklqRWlMQ0p5WldONVkyeGxJam9pTVNJc0luSmxZMjl0YldWdVpDSTZJakVpTENKamIzVnVkQ0k2SWpFaUxDSm1iM0p0Y3lJNklqRWlMQ0ptYVdWc1pDSTZJakVpTENKemNHVmphV0ZzSWpvaU1TSXNJbU5vYVhBaU9pSXhJbjBzSW0xbGJXSmxjaUk2ZXlKdFpXMWlaWElpT2lJeElpd2liV1Z0Wm1sbGJHUWlPaUl4SWl3aVlYQnBJam9pTVNJc0luSmxZM2xqYkdVaU9pSXhJbjBzSW5Sd2JDSTZleUowY0d4bWFXeGxjeUk2SWpFaUxDSnNZV0psYkNJNklqRWlMQ0pzWVdKbGJITjBlV3hsSWpvaU1TSXNJblJ3YkhaaGNpSTZJakVpTENKMGNHeHpkSGxzWlNJNklqRWlmU3dpYlc5a1pXd2lPbnNpYlc5a1pXeHBibVp2SWpvaU1TSXNJbTF2WkdWc1ptOXliU0k2SWpFaUxDSm1iM0p0YVc1bWJ5STZJakVpZlN3aWIzUm9aWElpT25zaWQyVnBlR2x1SWpvaU1TSXNJbXhwYm10eklqb2lNU0lzSW1Ga0lqb2lNU0lzSW05dWJHbHVaU0k2SWpFaUxDSndZWGtpT2lJeElpd2labWxzWlhNaU9pSXhJbjE5NjQyM2U2MjU=', 'ekmprwyFGPTVX27}<=;/', 'eyJtZDUiOnsibWluIjowLCJtYXgiOjIxfSwic2hhMSI6eyJtaW4iOjEzLCJtYXgiOjh9fQ==', NULL),
(3, '网站录入员', 'MDA5MDNjY2JiZXlKcGJtWnZJanA3SW1Gc2JDSTZJakVpTENKaWNtOTNjMlVpT2lJeElpd2lZV1JrSWpvaU1TSXNJbVZrYVhRaU9pSXhJaXdpWkdWc0lqb2lNU0lzSW5KbFkzbGpiR1VpT2lJeElpd2lhWE55ZEdnaU9pSXhJaXdpZG1WeWFXWjVJam9pTVNJc0ltMXZkbVZqYjNCNUlqb2lNU0lzSW01bFpXUjJaWEpwWm5raU9pSXhJaXdpWVhWa2FYUmxaRzV2ZEdWa2FYUWlPaUl4SW4wc0ltTnZiSFZ0YmlJNmV5SmljbTkzYzJVaU9pSXhJbjE5NmZlZjg4OWRlY2ZkNDUxY2MxYTZjNWM=', 'hqtyDGHOX4#)-]{}`+,?', 'eyJtZDUiOnsibWluIjo4LCJtYXgiOjl9LCJzaGExIjp7Im1pbiI6MTAsIm1heCI6MjN9fQ==', 'YmM0OWM5ZWY1ODk5ZGRkNzM0WVRvek9udHBPakk3WVRvME9udHpPalE2SW5acFpYY2lPM002TVRvaU1TSTdjem96T2lKaFpHUWlPM002TVRvaU1TSTdjem8wT2lKbFpHbDBJanR6T2pFNklqRWlPM002TmpvaVpHVnNaWFJsSWp0ek9qRTZJakVpTzMxcE9qWTdZVG8wT250ek9qUTZJblpwWlhjaU8zTTZNVG9pTVNJN2N6b3pPaUpoWkdRaU8zTTZNVG9pTVNJN2N6bzBPaUpsWkdsMElqdHpPakU2SWpFaU8zTTZOam9pWkdWc1pYUmxJanR6T2pFNklqRWlPMzFwT2prN1lUbzBPbnR6T2pRNkluWnBaWGNpTzNNNk1Ub2lNU0k3Y3pvek9pSmhaR1FpTzNNNk1Ub2lNU0k3Y3pvME9pSmxaR2wwSWp0ek9qRTZJakVpTzNNNk5qb2laR1ZzWlhSbElqdHpPakU2SWpFaU8zMTk4ZDdlNzk5NTliNDQyYTI1ZDE0ZWUzODZmZDI4MzY5OTM0YQ=='),
(4, '业务人员', 'Zjg3MzE3NzRmZmY1Yjc1YmJiZmFkY2V5SnplWE4wWlcwaU9uc2lkWEJrWVhSbElqb2lNU0o5TENKcGJtWnZJanA3SW1Gc2JDSTZJakVpTENKaWNtOTNjMlVpT2lJeElpd2libVZsWkhabGNtbG1lU0k2SWpFaUxDSmhkV1JwZEdWa2JtOTBaV1JwZENJNklqRWlmU3dpWTI5c2RXMXVJanA3SW1KeWIzZHpaU0k2SWpFaUxDSmpiM1Z1ZENJNklqRWlmU3dpYldWdFltVnlJanA3SW0xbGJXSmxjaUk2SWpFaUxDSnRaVzFtYVdWc1pDSTZJakVpTENKeVpXTjVZMnhsSWpvaU1TSjlMQ0p2ZEdobGNpSTZleUozWldsNGFXNGlPaUl4SW4xOTg5ZDNhNjRkMzVlOGU1YzI3NWJjOTA=', 'bfnpqBEGQRVY68%&-`.;', 'eyJtZDUiOnsibWluIjowLCJtYXgiOjIyfSwic2hhMSI6eyJtaW4iOjEzLCJtYXgiOjIyfX0=', 'YmM0OWM5ZWY1ODk5ZGRkNzM0WVRvME9udHBPakU3WVRveE9udHpPalE2SW5acFpYY2lPM002TVRvaU1TSTdmV2s2TWp0aE9qRTZlM002TkRvaWRtbGxkeUk3Y3pveE9pSXhJanQ5YVRveE16dGhPakU2ZTNNNk5Eb2lkbWxsZHlJN2N6b3hPaUl4SWp0OWFUb3pPMkU2TVRwN2N6bzBPaUoyYVdWM0lqdHpPakU2SWpFaU8zMTk4ZDdlNzk5NTliNDQyYTI1ZDE0ZWUzODZmZDI4MzY5OTM0YQ=='),
(5, '客服人员', 'YjdiMDMzYjliOTNleUp0WlcxaVpYSWlPbnNpYldWdFltVnlJam9pTVNJc0ltMWxiV1pwWld4a0lqb2lNU0lzSW1Gd2FTSTZJakVpTENKeVpXTjVZMnhsSWpvaU1TSjlMQ0p2ZEdobGNpSTZleUpoWkNJNklqRWlmWDA9MjA0ZmI5ZmI2OGZmNQ==', 'cnosuAEIKW59$)_>~.;:', 'eyJtZDUiOnsibWluIjowLCJtYXgiOjExfSwic2hhMSI6eyJtaW4iOjEyLCJtYXgiOjEzfX0=', NULL),
(6, '测试下', 'YmNleUpwYm1adklqcDdJbUZzYkNJNklqRWlMQ0ppY205M2MyVWlPaUl4SWl3aVpHVnNJam9pTVNJc0luSmxZM2xqYkdVaU9pSXhJaXdpYVhOeWRHZ2lPaUl4SWl3aWRtVnlhV1o1SWpvaU1TSjlMQ0pqYjJ4MWJXNGlPbnNpWW5KdmQzTmxJam9pTVNJc0ltRmtaQ0k2SWpFaUxDSmxaR2wwSWpvaU1TSXNJbVJsYkNJNklqRWlMQ0p5WldONVkyeGxJam9pTVNJc0luSmxZMjl0YldWdVpDSTZJakVpTENKamIzVnVkQ0k2SWpFaUxDSm1iM0p0Y3lJNklqRWlMQ0ptYVdWc1pDSTZJakVpTENKemNHVmphV0ZzSWpvaU1TSXNJbU5vYVhBaU9pSXhJbjBzSW5WelpYSnpJanA3SW1Ga2JXbHVJam9pTVNJc0luSnZiR1VpT2lJeElpd2liRzluY3lJNklqRWlMQ0prWlhCaGNuUnRaVzUwSWpvaU1TSjlMQ0p0WlcxaVpYSWlPbnNpYldWdFltVnlJam9pTVNJc0ltMWxiV1pwWld4a0lqb2lNU0lzSW1Gd2FTSTZJakVpTENKeVpXTjVZMnhsSWpvaU1TSjlMQ0owY0d3aU9uc2lkSEJzWm1sc1pYTWlPaUl4SWl3aWJHRmlaV3h6ZEhsc1pTSTZJakVpTENKMGNHeDJZWElpT2lJeElpd2lkSEJzYzNSNWJHVWlPaUl4SW4wc0ltMXZaR1ZzSWpwN0ltMXZaR1ZzYVc1bWJ5STZJakVpTENKbWIzSnRhVzVtYnlJNklqRWlmU3dpYjNSb1pYSWlPbnNpYjI1c2FXNWxJam9pTVNJc0luQmhlU0k2SWpFaUxDSm1hV3hsY3lJNklqRWlmWDA9NjQzMWY=', 'afjotwKVWY349)]`=:/|', 'eyJtZDUiOnsibWluIjoxMCwibWF4IjoyfSwic2hhMSI6eyJtaW4iOjgsIm1heCI6NX19', NULL);

-- --------------------------------------------------------

--
-- 表的结构 `yunyehui_cart`
--

DROP TABLE IF EXISTS `yunyehui_cart`;
CREATE TABLE IF NOT EXISTS `yunyehui_cart` (
  `id` int(11) NOT NULL AUTO_INCREMENT,
  `userid` int(11) unsigned DEFAULT '0',
  `price` float(10,2) DEFAULT '0.00',
  `gid` int(11) unsigned DEFAULT '0',
  `num` int(11) unsigned DEFAULT '0',
  `title` varchar(50) DEFAULT NULL,
  `remark` text,
  `addtime` int(11) DEFAULT NULL,
  `updatetime` int(11) unsigned DEFAULT NULL,
  `catid` int(11) unsigned DEFAULT NULL,
  PRIMARY KEY (`id`)
) ENGINE=MyISAM  DEFAULT CHARSET=utf8 ROW_FORMAT=DYNAMIC AUTO_INCREMENT=29 ;

--
-- 转存表中的数据 `yunyehui_cart`
--

INSERT INTO `yunyehui_cart` (`id`, `userid`, `price`, `gid`, `num`, `title`, `remark`, `addtime`, `updatetime`, `catid`) VALUES
(27, 1, 99.00, 6, 4, '拔叉执手', NULL, 1578832644, 1578917628, 9);

-- --------------------------------------------------------

--
-- 表的结构 `yunyehui_category`
--

DROP TABLE IF EXISTS `yunyehui_category`;
CREATE TABLE IF NOT EXISTS `yunyehui_category` (
  `id` int(11) NOT NULL AUTO_INCREMENT,
  `pid` int(11) DEFAULT NULL,
  `modelid` int(11) DEFAULT NULL,
  `title` varchar(100) DEFAULT NULL,
  `ftitle` varchar(255) DEFAULT NULL,
  `exlink` varchar(255) DEFAULT NULL,
  `keywords` varchar(250) DEFAULT NULL,
  `description` varchar(800) DEFAULT NULL,
  `tplhome` varchar(255) DEFAULT NULL,
  `tpllist` varchar(100) DEFAULT NULL,
  `tplcontent` varchar(255) DEFAULT NULL,
  `content` text,
  `pic` varchar(255) DEFAULT NULL,
  `title_en` varchar(500) DEFAULT NULL,
  `keywords_en` varchar(255) DEFAULT NULL,
  `description_en` varchar(800) DEFAULT NULL,
  `content_en` text,
  `seotitle` varchar(500) DEFAULT NULL,
  `seotitle_en` varchar(500) DEFAULT NULL,
  `exlink_en` varchar(255) DEFAULT NULL,
  `pages` tinyint(3) unsigned DEFAULT '20',
  `isgood` tinyint(1) unsigned DEFAULT NULL,
  `isdisplay` int(11) unsigned DEFAULT NULL,
  `status` tinyint(4) DEFAULT NULL,
  `ordernum` int(11) DEFAULT NULL,
  `addtime` int(11) unsigned DEFAULT NULL,
  `ftitle_en` varchar(255) DEFAULT NULL,
  `updatetime` int(11) unsigned DEFAULT '0',
  `ispower` tinyint(1) unsigned DEFAULT '0',
  PRIMARY KEY (`id`)
) ENGINE=MyISAM  DEFAULT CHARSET=utf8 ROW_FORMAT=DYNAMIC AUTO_INCREMENT=60 ;

--
-- 转存表中的数据 `yunyehui_category`
--

INSERT INTO `yunyehui_category` (`id`, `pid`, `modelid`, `title`, `ftitle`, `exlink`, `keywords`, `description`, `tplhome`, `tpllist`, `tplcontent`, `content`, `pic`, `title_en`, `keywords_en`, `description_en`, `content_en`, `seotitle`, `seotitle_en`, `exlink_en`, `pages`, `isgood`, `isdisplay`, `status`, `ordernum`, `addtime`, `ftitle_en`, `updatetime`, `ispower`) VALUES
(1, 0, 1, '公司简介', '公司简介', '', '公司简介', '公司简介', '', '', '', NULL, '/uploads/image/20190207/1549554593630415.jpg', 'About us', 'About us', 'About us', NULL, '公司简介', 'About us', '', 20, 1, 1, 1, 1, NULL, 'About us', 1550855971, 0),
(2, 1, 1, '关于我们', '', '', '关于我们', '关于我们', '', '', '', NULL, '', 'About us', 'About us', 'About us', NULL, '关于我们', 'About us', '', 20, 1, 1, 1, 1, NULL, 'About us', 1550856012, 0),
(3, 0, 2, '新闻资讯', '', '', '新闻资讯', '新闻资讯', '', '', '', NULL, '/uploads/image/20190208/1549600522287323.jpg', 'News', 'News', 'News', NULL, '新闻资讯', 'News', '', 20, 1, 1, 1, 1, NULL, 'News', 1574553804, 1),
(4, 3, 2, '公司动态', '', '', '公司动态', '公司动态', '', '', '', NULL, '', 'Company News', 'Company News', 'Company News', NULL, '公司动态', 'Company News', '', 20, 1, 1, 1, 1, NULL, 'Company News', 1574553817, 1),
(5, 3, 2, '行业资讯', '行业资讯', '', '行业资讯', '行业资讯', '', '', '', NULL, '', 'Industry news', 'Industry news', 'Industry news', NULL, '行业资讯', 'Industry news', '', 20, 1, 1, 1, 1, NULL, 'Industry news', 1574553830, 1),
(6, 0, 3, '产品展示', '', '', '产品展示', '产品展示', '', '', '', NULL, '/uploads/image/20190209/1549698672314605.jpg', 'Products', 'Products', 'Products', NULL, '产品展示', 'Products', '', 9, 1, 1, 1, 1, NULL, '', 1551151359, 0),
(7, 6, 3, '铝窗五金', '', '', '铝窗五金', '铝窗五金', '', '', '', NULL, '', 'Aluminum window hardware', 'Aluminum window hardware', 'Aluminum window hardware', NULL, '铝窗五金', 'Aluminum window hardware', '', 20, 1, 1, 1, 1, NULL, '', 1551151337, 0),
(8, 6, 3, '铝门五金', '', '', '铝门五金', '', '', '', '', NULL, '', 'Aluminum door hardware', 'Aluminum door hardware', 'Aluminum door hardware', NULL, '铝门五金', 'Aluminum door hardware', '', 20, 1, 1, 1, 1, NULL, '', 1551151972, 0),
(9, 7, 3, '执手系列', '执手系列', '', '执手系列', '执手系列', '', '', '', NULL, '', 'Series of hands', 'Series of hands', 'Series of hands', NULL, '执手系列', 'Series of hands', '', 20, 1, 1, 1, 1, NULL, '', 1551151384, 0),
(14, 7, 3, '七字执手系列', '', '', '七字执手系列', '七字执手系列', '', '', '', NULL, '', 'Seven-character Handle', 'Seven-character Handle', 'Seven-character Handle', NULL, '七字执手系列', 'Seven-character Handle', '', 20, 1, 1, 1, 1, NULL, '', 1551151823, 0),
(11, 0, 4, '在线留言', '', '', '在线留言', '在线留言', '', '', '', NULL, '/uploads/image/20190209/1549699972421496.jpg', 'Feedback', 'Feedback', 'Feedback', NULL, '在线留言', 'Feedback', '', 20, 1, 1, 1, 1, NULL, '', 1550910464, 0),
(12, 11, 4, '在线留言', '', '', '在线留言', '在线留言', '', '', '', NULL, '', 'Feedback', '', '', NULL, '在线留言', '', '', 20, 1, 1, 1, 1, NULL, '', 1550913984, 0),
(13, 1, 1, '企业文化', '', '', '', '', '', '', '', NULL, '', 'corporate culture', 'corporate culture', 'corporate culture', NULL, '', 'corporate culture', '', 20, 1, 1, 1, 1, NULL, 'corporate culture', 1550856000, 0),
(15, 7, 3, '月牙锁系列', '', '', '月牙锁系列', '月牙锁系列', '', '', '', NULL, '', 'Crescent Lock', 'Crescent Lock', 'Crescent Lock', NULL, '月牙锁系列', 'Crescent Lock', '', 20, 1, 1, 1, 1, NULL, '', 1551151850, 0),
(16, 7, 3, '滑轮系列', '', '', '滑轮系列', '滑轮系列', '', '', '', NULL, '', 'pulley', 'pulley', 'pulley', NULL, '滑轮系列', 'pulley', '', 20, 1, 1, 1, 1, NULL, '', 1551151896, 0),
(17, 7, 3, '铰链、限位撑', '', '', '铰链、限位撑', '铰链、限位撑', '', '', '', NULL, '', 'Hinges, Limited Braces', 'Hinges, Limited Braces', 'Hinges, Limited Braces', NULL, '铰链、限位撑', 'Hinges, Limited Braces', '', 20, 1, 1, 1, 1, NULL, '', 1551151920, 0),
(18, 7, 3, '其它配件', '', '', '其它配件', '其它配件', '', '', '', NULL, '', 'Other accessories', 'Other accessories', 'Other accessories', NULL, '其它配件', 'Other accessories', '', 20, 1, 1, 1, 1, NULL, '', 1551152272, 0),
(19, 8, 3, '执手系列', '', '', '执手系列', '执手系列', '', '', '', NULL, '', 'Hold hands', 'Hold hands', 'Hold hands', NULL, '执手系列', 'Hold hands', '', 20, 1, 1, 1, 1, NULL, '', 1551151997, 0),
(20, 8, 3, '锁体、锁芯系列', '', '', '锁体、锁芯系列', '锁体、锁芯系列', '', '', '', NULL, '', 'Lock body and core', 'Lock body and core', 'Lock body and core', NULL, '锁体、锁芯系列', 'Lock body and core', '', 20, 1, 1, 1, 1, NULL, '', 1551152297, 0),
(21, 8, 3, '插销系列', '', '', '插销系列', '插销系列', '', '', '', NULL, '', 'Bolt', 'Bolt', 'Bolt', NULL, '插销系列', 'Bolt', '', 20, 1, 1, 1, 1, NULL, '', 1551152050, 0),
(22, 8, 3, '合页系列', '', '', '合页系列', '合页系列', '', '', '', NULL, '', 'Hinge Series', 'Hinge Series', 'Hinge Series', NULL, '合页系列', 'Hinge Series', '', 20, 1, 1, 1, 1, NULL, '', 1551152074, 0),
(23, 8, 3, '勾锁、拉手系列', '', '', '勾锁、拉手系列', '勾锁、拉手系列', '', '', '', NULL, '', 'Lock and Handle Series', 'Lock and Handle Series', 'Lock and Handle Series', NULL, '勾锁、拉手系列', 'Lock and Handle Series', '', 20, 1, 1, 1, 1, NULL, '', 1551152099, 0),
(24, 6, 3, '幕墙五金', '', '', '幕墙五金', '幕墙五金', '', '', '', NULL, '', 'Curtain wall hardware', 'Curtain wall hardware', 'Curtain wall hardware', NULL, '幕墙五金', 'Curtain wall hardware', '', 20, 1, 1, 1, 1, NULL, '', 1551152124, 0),
(25, 24, 3, '幕墙执手', '', '', '幕墙执手', '幕墙执手', '', '', '', NULL, '', 'Curtain wall handles', 'Curtain wall handles', 'Curtain wall handles', NULL, '幕墙执手', 'Curtain wall handles', '', 20, 1, 1, 1, 1, NULL, '', 1551152149, 0),
(26, 24, 3, '铰链、限位撑', '', '', '铰链、限位撑', '铰链、限位撑', '', '', '', NULL, '', 'Hinges, Limited Braces', 'Hinges, Limited Braces', 'Hinges, Limited Braces', NULL, '铰链、限位撑', 'Hinges, Limited Braces', '', 20, 1, 1, 1, 1, NULL, '', 1551152175, 0),
(27, 24, 3, '传动杆、锁点、锁块', '', '', '传动杆、锁点、锁块', '传动杆、锁点、锁块', '', '', '', NULL, '', 'Drive rod, lock point, lock block', 'Drive rod, lock point, lock block', 'Drive rod, lock point, lock block', NULL, '传动杆、锁点、锁块', 'Drive rod, lock point, lock block', '', 20, 1, 1, 1, 1, NULL, '', 1551152201, 0),
(28, 6, 3, '门控系统', '', '', '门控系统', '门控系统', '', '', '', NULL, '', 'Gating system', 'Gating system', 'Gating system', NULL, '门控系统', 'Gating system', '', 20, 1, 1, 1, 1, NULL, '', 1551152236, 0),
(50, 30, 3, '平开门锁系列', '', '', '平开门锁系列', '平开门锁系列', '', '', '', NULL, '', 'Flat door lock', 'Flat door lock', 'Flat door lock', NULL, '平开门锁系列', 'Flat door lock', '', 20, 1, 1, 1, 1, 1551095999, '', 1551152562, 0),
(30, 6, 3, '塑料门窗五金', '', '', '塑料门窗五金', '塑料门窗五金', '', '', '', NULL, '', 'Plastic door and window hardware', 'Plastic door and window hardware', 'Plastic door and window hardware', NULL, '塑料门窗五金', 'Plastic door and window hardware', '', 20, 1, 1, 1, 1, NULL, '', 1551152474, 0),
(31, 6, 3, '胶条系列', '', '', '胶条系列', '胶条系列', '', '', '', NULL, '', 'Adhesive tape series', 'Adhesive tape series', 'Adhesive tape series', NULL, '胶条系列', 'Adhesive tape series', '', 20, 1, 1, 1, 1, NULL, '', 1551152714, 0),
(32, 0, 2, '工程案例', '', '', '工程案例', '工程案例', '', 'piclist', 'piclist_show', NULL, '/uploads/image/20190209/1549699711911843.jpg', 'Case', 'Case', 'Case', NULL, '工程案例', 'Case', '', 20, 1, 1, 1, 2, NULL, '', 1551153573, 0),
(33, 0, 6, '下载中心', '', '', '下载中心', '下载中心', '', 'downlist', 'down_show', NULL, '/uploads/image/20190209/1549699820122718.jpg', 'Download', 'Download', 'Download', NULL, '下载中心', 'Download', '', 20, 1, 1, 1, 3, NULL, '', 1574686294, 0),
(34, 0, 1, '销售网络', '', '', '销售网络', '销售网络', '', '', '', NULL, '/uploads/image/20190209/1549699658602186.jpg', 'Service', 'Service', 'Service', NULL, '销售网络', 'Service', '', 20, 1, 1, 1, 4, NULL, '', 1551153148, 0),
(35, 33, 6, '下载中心', '', '', '下载中心', '下载中心', '', '', '', NULL, '', 'Download', 'Download', 'Download', NULL, '下载中心', 'Download', '', 20, 1, 1, 1, 1, NULL, '', 1574686312, 0),
(36, 34, 1, '销售网络', '', '', '销售网络', '销售网络', '', '', '', NULL, '', 'Service', 'Service', 'Service', NULL, '销售网络', 'Service', '', 20, 1, 1, 1, 1, NULL, '', 1551153125, 0),
(37, 0, 1, '联系我们', '', '', '联系我们', '联系我们', '', '', 'contact', NULL, '/uploads/image/20190209/1549699527694834.jpg', 'Contact', 'Contact', 'Contact', NULL, '联系我们', 'Contact', '', 20, 1, 1, 1, 5, NULL, '', 1551153181, 0),
(38, 37, 1, '联系我们', '', '', '联系我们', '联系我们', '', '', '', NULL, '', 'Contact us', 'Contact us', 'Contact us', NULL, '联系我们', 'Contact us', '', 20, 1, 1, 1, 1, NULL, '', 1551153200, 0),
(39, 32, 2, '工程案例', '', '', '工程案例', '工程案例', '', '', '', NULL, '', 'Case', 'Case', 'Case', NULL, '工程案例', 'Case', '', 20, 1, 1, 1, 1, NULL, '', 1551152966, 0),
(40, 0, 5, '其他', '', '', '其他', '其他', '', '', '', NULL, '', '', '', '', NULL, '其他', '', '', 20, 1, 0, 1, 6, NULL, '', 0, 0),
(41, 40, 5, '首页幻灯', '', '', '首页幻灯', '首页幻灯', '', '', '', NULL, '', '', '', '', NULL, '首页幻灯', '', '', 20, 1, 1, 1, 1, NULL, '', 0, 0),
(42, 40, 5, '会员中心banner', '', '', '会员中心banner', '会员中心banner', '', '', '', NULL, '', '', '', '', NULL, '会员中心banner', '', '', 20, 1, 1, 1, 2, NULL, '', 0, 0),
(43, 40, 1, '首页公司简介', '', '', '首页公司简介', '首页公司简介', '', '', '', NULL, '', '', '', '', NULL, '首页公司简介', '', '', 20, 1, 1, 1, 3, NULL, '', 0, 0),
(46, 1, 1, '我们的优势', '', '', '', '', '', '', '', NULL, '', 'Our advantage', 'Our advantage', 'Our advantage', NULL, '我们的优势', 'Our advantage', '', 20, 1, 1, 1, 2, 1551090913, '', 1551153619, 0),
(45, 40, 5, '友情链接', '', '', '友情链接', '友情链接', '', '', '', NULL, '', '', '', '', NULL, '友情链接', '', '', 20, 1, 1, 1, 5, NULL, '', 0, 0),
(47, 28, 3, '闭门器', '', '', '闭门器', '闭门器', '', '', '', NULL, '', 'Door closer', 'Door closer', 'Door closer', NULL, '闭门器', 'Door closer', '', 20, 1, 1, 1, 1, 1551095692, 'Door closer', 1551152328, 0),
(48, 28, 3, '地弹簧', '', '', '地弹簧', '地弹簧', '', '', '', NULL, '', 'Floor spring', 'Floor spring', 'Floor spring', NULL, '地弹簧', 'Floor spring', '', 20, 1, 1, 1, 2, 1551095713, '', 1551152350, 0),
(49, 28, 3, '门夹系列', '', '', '门夹系列', '门夹系列', '', '', '', NULL, '', 'Door clamp series', 'Door clamp series', 'Door clamp series', NULL, '门夹系列', 'Door clamp series', '', 20, 1, 1, 1, 3, 1551095752, '', 1551152389, 0),
(51, 30, 3, '月牙锁系列', '', '', '月牙锁系列', '月牙锁系列', '', '', '', NULL, '', 'Crescent Lock', 'Crescent Lock', 'Crescent Lock', NULL, '月牙锁系列', 'Crescent Lock', '', 20, 1, 1, 1, 2, 1551096019, '', 1551152526, 0),
(52, 30, 3, '配件系列', '', '', '配件系列', '配件系列', '', '', '', NULL, '', 'Accessory', 'Accessory', 'Accessory', NULL, '配件系列', 'Accessory', '', 20, 1, 1, 1, 3, 1551096047, '', 1551152632, 0),
(53, 30, 3, '滑轮系列', '', '', '滑轮系列', '滑轮系列', '', '', '', NULL, '', 'Roller', 'Roller', 'Roller', NULL, '滑轮系列', 'Roller', '', 20, 1, 1, 1, 4, 1551096070, '', 1551152658, 0),
(54, 30, 3, '其他', '', '', '其他', '其他', '', '', '', NULL, '', 'Other', 'Other', 'Other', NULL, '其他', 'Other', '', 20, 1, 1, 1, 5, 1551096100, '', 1551152684, 0),
(55, 31, 3, '复合密封条', '', '', '复合密封条', '复合密封条', '', '', '', NULL, '', 'Composite sealing strip', 'Composite sealing strip', 'Composite sealing strip', NULL, '复合密封条', 'Composite sealing strip', '', 20, 1, 1, 1, 1, 1551096149, '', 1551152747, 0),
(56, 31, 3, '硅胶-玻璃夹条类', '', '', '硅胶-玻璃夹条类', '硅胶-玻璃夹条类', '', '', '', NULL, '', 'Silica Gel-Glass Clamps', 'Silica Gel-Glass Clamps', 'Silica Gel-Glass Clamps', NULL, '硅胶-玻璃夹条类', 'Silica Gel-Glass Clamps', '', 20, 1, 1, 1, 2, 1551096168, '', 1551152828, 0),
(57, 31, 3, '硅胶-玻外胶条类', '', '', '硅胶-玻外胶条类', '硅胶-玻外胶条类', '', '', '', NULL, '', 'Silica Gel-Extra-Glass Tape', 'Silica Gel-Extra-Glass Tape', 'Silica Gel-Extra-Glass Tape', NULL, '硅胶-玻外胶条类', 'Silica Gel-Extra-Glass Tape', '', 20, 1, 1, 1, 3, 1551096189, '', 1551152876, 0),
(58, 31, 3, '硅胶-幕墙胶条类', '', '', '硅胶-幕墙胶条类', '硅胶-幕墙胶条类', '', '', '', NULL, '', 'Silica gel-curtain wall tape', 'Silica gel-curtain wall tape', 'Silica gel-curtain wall tape', NULL, '硅胶-幕墙胶条类', 'Silica gel-curtain wall tape', '', 20, 1, 1, 1, 4, 1551096222, '', 1551152897, 0);

-- --------------------------------------------------------

--
-- 表的结构 `yunyehui_config`
--

DROP TABLE IF EXISTS `yunyehui_config`;
CREATE TABLE IF NOT EXISTS `yunyehui_config` (
  `id` int(11) NOT NULL AUTO_INCREMENT,
  `isclose` tinyint(1) unsigned DEFAULT '1',
  `iskefu` tinyint(1) unsigned DEFAULT '0',
  `isquicknav` tinyint(1) unsigned DEFAULT '0',
  `isfeedbackmail` tinyint(1) unsigned DEFAULT '0',
  `ismailsub` tinyint(1) unsigned DEFAULT '0',
  `ismailreg` tinyint(1) unsigned DEFAULT '0',
  `ishtml` tinyint(1) unsigned DEFAULT '0',
  `iswatermark` tinyint(1) unsigned DEFAULT '0',
  `email` varchar(2000) DEFAULT '',
  `pay` varchar(2000) DEFAULT '',
  `watermark` varchar(2000) DEFAULT '',
  `upload` varchar(2000) DEFAULT '',
  `weixin` varchar(2000) DEFAULT '',
  `ismall` tinyint(1) unsigned DEFAULT '0',
  `sms` varchar(2000) DEFAULT '0',
  `verifymode` tinyint(1) unsigned DEFAULT '1',
  `alipay` varchar(2000) DEFAULT NULL,
  `tel` varchar(45) DEFAULT NULL,
  `mobile` varchar(45) DEFAULT NULL,
  `mail` varchar(45) DEFAULT NULL,
  `qq` varchar(45) DEFAULT NULL,
  `logo` varchar(255) DEFAULT NULL,
  `qrcode` varchar(255) DEFAULT NULL,
  `sitename` varchar(255) DEFAULT NULL,
  `seotitle` varchar(500) DEFAULT NULL,
  `seokey` varchar(500) DEFAULT NULL,
  `seodesc` varchar(500) DEFAULT NULL,
  `mobilecfg` varchar(2000) DEFAULT NULL,
  `content` varchar(2000) DEFAULT NULL,
  `grantcode` text,
  PRIMARY KEY (`id`)
) ENGINE=MyISAM  DEFAULT CHARSET=utf8 ROW_FORMAT=DYNAMIC AUTO_INCREMENT=2 ;

--
-- 转存表中的数据 `yunyehui_config`
--

INSERT INTO `yunyehui_config` (`id`, `isclose`, `iskefu`, `isquicknav`, `isfeedbackmail`, `ismailsub`, `ismailreg`, `ishtml`, `iswatermark`, `email`, `pay`, `watermark`, `upload`, `weixin`, `ismall`, `sms`, `verifymode`, `alipay`, `tel`, `mobile`, `mail`, `qq`, `logo`, `qrcode`, `sitename`, `seotitle`, `seokey`, `seodesc`, `mobilecfg`, `content`, `grantcode`) VALUES
(1, 2, 1, 1, 2, 1, 1, 1, 0, 'a:8:{s:3:"ssl";s:1:"1";s:4:"host";s:11:"smtp.qq.com";s:4:"port";s:3:"465";s:4:"user";s:8:"15003219";s:3:"pwd";s:104:"NDE2YTI0NzE3Nzk5MDBiYzIxZUdWcFpXSjFlWEJzYzNGMlltZG5hZz09Mjk0MzAyMmRjZjczYjg3MTE3ZmE3MTM3OGE3YmQ4YTQ0ZGU=";s:9:"fromemail";s:17:"kefu@yunyecms.com";s:8:"fromname";s:9:"云业CMS";s:7:"toemail";s:17:"kefu@yunyecms.com";}', '', '', 'a:4:{s:7:"maxsize";s:1:"2";s:7:"isthumb";s:1:"2";s:5:"width";s:3:"300";s:6:"height";s:3:"300";}', 'a:6:{s:5:"title";s:12:"sdfsdfsdfsdf";s:5:"orgid";s:8:"sdsdffsd";s:5:"appid";s:0:"";s:9:"appsecret";s:0:"";s:5:"token";s:0:"";s:17:"oauth_redirecturi";s:0:"";}', 1, 'a:3:{s:4:"user";s:0:"";s:3:"pwd";s:0:"";s:6:"mobile";s:0:"";}', 1, 'a:5:{s:5:"title";s:9:"支付宝";s:4:"desc";s:9:"支付宝";s:6:"acount";s:16:"358003113@qq.com";s:7:"partner";s:16:"2088631051123983";s:3:"key";s:32:"zd4i96ihdyso938b2h2n9suncfsnpv73";}', '0379-xxxxxxxx', '138xxxxxxxx', 'kefu@xxx.com', '123456789', '/uploads/image/20191214/1576309937109447.png', '/uploads/image/20191214/1576309222563974.png', '某某建筑五金制品有限公司', '某某建筑五金制品有限公司', '五金、建筑、门窗五金、执手、滑撑、条锁、合页、拉手', '某某建筑五金制品有限公司，创建于1981年，三十多年来致力于铝合金门窗五金系统产品的研发、生产及销售，是现时中国最大的铝塑门窗配件生产企业，也是国内唯一一家同时拥有门窗五金配件及密封配件双重研发生产和大型制造能力的企业，是门窗配件领域最具影响力品牌，同时也是行业标准的起草参编企业之一。', 'a:1:{s:11:"displaymode";s:1:"0";}', 'a:3:{s:4:"list";s:1:"0";s:4:"show";s:1:"0";s:4:"copy";s:1:"0";}', 'YmM0OWM5ZWY1ODk5ZGRkNzM0VkZkd1RrNUZNVlZhZWtwYVlXMVNjbGRzWkU5aFZUbFlVbFJTV21KV1JqUlVWM0JXVFdzMVdGVllaRTVsYTFZMFZHMHhUazVGTlZoWGJXaFBVakZWTVZSclVtcE9WbkJXVFZWb1dHSlhhRkZXYTFaTFkwWlNkR05HU214U1ZFWkpWbGN4TUZkdFJuUlVhbFpWVmpOQ2VsbFdWVFZXVmtaVlZHeENWMUpXY0U5V2JHaDNVbTFPYzFwRmFFOVhSWEJ2V1d4YVMxWldXblJPVm1SVVRWVTFTVnBWWkRSWFIwcEdUbFJPV2xZelVqTldNRlY0VjBaYWRHTkZOVmRTYkZvMVZtcEpNV014VVhsV2JGcHFVbTFvVkZacVRsTmpSbXh5Vld4a2FrMVZNVFZVYkZwUFdWWlplR05FUmxWaE1VWTBXV3hWTVdOV1dsVlRiRUpYVFVaWk1GWkVSbXRUYlZaSFlraEdXR0pZUWs5VmEyUk9aV3hTVmxwR1drNVdia0o0VmpGU1ExZHNXWGRqU0VKWVlsaENSRmxXVlhoVmJFSlZUVWhzV21KVk5XOVVWV1JPVGxVeFdGSnRlR0ZXUm5CMFYyeFNhbVZWT1ZWWmVrWlBVakZLZEZSc1VrOWhhemxWVTFoc1QxSkZiRFZYYkZWNFUwWmtkR0ZHUWxkU1ZYQjNWa2N4ZDFWdFZrWk5WV2hXWWxoU1lWbFhNVTlPVmxKWVkwaE9hRlpVYkZaVlZsSlBWVVphUmxkck5WZFhTRUpIV1RKNGExTkZOVmxUYldocFZtdHdWbFp0TURGV01VMTRWR3RvYkZJemFGbFphMVV4VFRGc1dHUklaRmhTVkVaWlZtMHhkMVJzV2tkV2JteFhUV3BXZWxaRVNsZFdiVTVIWVVaT1YwMHhTbmRYVjNSVFZqSk5lRlJZYkU5V2F6Vm9WbXBHZDAxV1VuSlZXR2hwVmxSV2VGWnNVa3RW');

-- --------------------------------------------------------

--
-- 表的结构 `yunyehui_department`
--

DROP TABLE IF EXISTS `yunyehui_department`;
CREATE TABLE IF NOT EXISTS `yunyehui_department` (
  `departmentid` int(10) unsigned NOT NULL AUTO_INCREMENT,
  `departmentname` varchar(255) NOT NULL,
  `status` smallint(5) unsigned NOT NULL DEFAULT '0',
  PRIMARY KEY (`departmentid`) USING BTREE
) ENGINE=MyISAM  DEFAULT CHARSET=utf8 ROW_FORMAT=DYNAMIC AUTO_INCREMENT=5 ;

--
-- 转存表中的数据 `yunyehui_department`
--

INSERT INTO `yunyehui_department` (`departmentid`, `departmentname`, `status`) VALUES
(1, '技术部', 1),
(3, '业务部', 1),
(4, '运营部', 1);

-- --------------------------------------------------------

--
-- 表的结构 `yunyehui_feedback`
--

DROP TABLE IF EXISTS `yunyehui_feedback`;
CREATE TABLE IF NOT EXISTS `yunyehui_feedback` (
  `id` int(11) NOT NULL AUTO_INCREMENT,
  `uid` int(10) unsigned DEFAULT '0',
  `title` varchar(50) DEFAULT NULL,
  `name` varchar(200) DEFAULT NULL,
  `sex` varchar(200) DEFAULT '',
  `age` varchar(45) DEFAULT NULL,
  `mobile` varchar(200) DEFAULT '',
  `phone` varchar(50) DEFAULT NULL,
  `email` varchar(50) DEFAULT NULL,
  `zipcode` varchar(200) DEFAULT '',
  `address` varchar(200) DEFAULT '',
  `company` varchar(200) DEFAULT '',
  `contact` varchar(200) DEFAULT '',
  `fax` varchar(200) DEFAULT '',
  `qq` varchar(255) DEFAULT NULL,
  `weixin` varchar(255) DEFAULT NULL,
  `website` varchar(200) DEFAULT '',
  `addtime` int(11) DEFAULT NULL,
  `updatetime` int(11) DEFAULT NULL,
  `status` int(11) DEFAULT NULL,
  `ip` varchar(255) DEFAULT NULL,
  `istj` int(10) unsigned DEFAULT '0',
  `isview` tinyint(1) unsigned DEFAULT '0',
  `remark` text,
  PRIMARY KEY (`id`)
) ENGINE=MyISAM  DEFAULT CHARSET=utf8 ROW_FORMAT=DYNAMIC AUTO_INCREMENT=9 ;

-- --------------------------------------------------------

--
-- 表的结构 `yunyehui_lang`
--

DROP TABLE IF EXISTS `yunyehui_lang`;
CREATE TABLE IF NOT EXISTS `yunyehui_lang` (
  `id` int(11) NOT NULL AUTO_INCREMENT,
  `title` varchar(100) DEFAULT NULL,
  `seotitle` varchar(250) DEFAULT NULL,
  `seokey` varchar(500) DEFAULT NULL,
  `seodesc` varchar(500) DEFAULT NULL,
  `status` tinyint(4) unsigned DEFAULT NULL,
  `logo` varchar(255) DEFAULT NULL,
  `ordernum` tinyint(4) unsigned DEFAULT '0',
  `sitename` varchar(200) DEFAULT NULL,
  `theme` varchar(45) DEFAULT NULL,
  `copyright` varchar(1000) DEFAULT NULL,
  `isdefault` tinyint(4) unsigned DEFAULT '0',
  `addtime` int(11) unsigned DEFAULT NULL,
  `landir` varchar(45) DEFAULT NULL,
  `updatetime` int(11) unsigned DEFAULT '0',
  `qrcode` varchar(255) DEFAULT NULL,
  `address` varchar(255) DEFAULT NULL,
  `tel` varchar(45) DEFAULT NULL,
  `mobile` varchar(45) DEFAULT NULL,
  `mail` varchar(45) DEFAULT NULL,
  `qq` varchar(45) DEFAULT NULL,
  `title_en` varchar(45) DEFAULT NULL,
  PRIMARY KEY (`id`)
) ENGINE=MyISAM  DEFAULT CHARSET=utf8 ROW_FORMAT=DYNAMIC AUTO_INCREMENT=5 ;

--
-- 转存表中的数据 `yunyehui_lang`
--

INSERT INTO `yunyehui_lang` (`id`, `title`, `seotitle`, `seokey`, `seodesc`, `status`, `logo`, `ordernum`, `sitename`, `theme`, `copyright`, `isdefault`, `addtime`, `landir`, `updatetime`, `qrcode`, `address`, `tel`, `mobile`, `mail`, `qq`, `title_en`) VALUES
(1, '中文版', '某某建筑五金制品有限公司', '五金、建筑、门窗五金、执手、滑撑、条锁、合页、拉手', '某某建筑五金制品有限公司，创建于1981年，三十多年来致力于铝合金门窗五金系统产品的研发、生产及销售，是现时中国最大的铝塑门窗配件生产企业，也是国内唯一一家同时拥有门窗五金配件及密封配件双重研发生产和大型制造能力的企业，是门窗配件领域最具影响力品牌，同时也是行业标准的起草参编企业之一。', 1, '/uploads/image/20191214/1576309937109447.png', 1, '某某建筑五金制品有限公司', 'default', '© &nbsp;2018&nbsp; 某某建筑五金制品有限公司 &nbsp; &nbsp;Powered by &lt;a target=&quot;_blank&quot; href=&quot;http://www.yunyecms.com&quot;&gt;云业CMS V2.0&lt;/a&gt;&nbsp; &nbsp;&lt;br/&gt;&lt;p&gt;&lt;a target=&quot;_blank&quot; href=&quot;http://www.miibeian.gov.cn&quot;&gt;豫ICP备xxxxxxxx号-1&lt;/a&gt;&lt;/p&gt;', 1, 1516421722, 'cn', 1576309942, '/uploads/image/20191214/1576309222563974.png', '某某省某某市某某区xxxx号xxx室', '0379-xxxxxxxx', '138xxxxxxxx', 'kefu@xxx.com', '123456789', 'Chinese'),
(2, 'English', 'XX construction hardware Co., Ltd', 'Hardware, architecture, door and window hardware, handle, sliding support, bar lock, hinge, handle', 'A construction hardware Co., Ltd., founded in 1981, has been committed to the R &amp; D, production and sales of aluminum alloy door and window hardware system products for more than 30 years. It is the largest manufacturer of aluminum plastic door and window accessories in China, the only one in China that has the dual R &amp; D, production and large-scale manufacturing capacity of door and window hardware and sealing accessories, and the most powerful one in the field of door and window access', 1, '/uploads/image/20191214/1576309965513498.png', 2, 'XX construction hardware Co., Ltd', 'default', '© &nbsp;2017 &nbsp;XX construction hardware Co., Ltd &nbsp; &nbsp;Powered by &lt;a target=&quot;_blank&quot; href=&quot;http://www.yunyecms.com&quot;&gt;YUNYECMS V2.0&lt;/a&gt; &nbsp; This website is made by YUNYECMS V2.0 &lt;br/&gt;&lt;a target=&quot;_blank&quot; href=&quot;http://www.miibeian.gov.cn&quot;&gt;ICP xxxxxxxxx-1&lt;/a&gt;', 0, 1550848821, 'en', 1576310238, '', 'Room XXX, No. XXXX, District, city, province', '0379-xxxxxxxx', '138xxxxxxxx', 'kefu@xxx.com', '123456789', '');

-- --------------------------------------------------------

--
-- 表的结构 `yunyehui_mail`
--

DROP TABLE IF EXISTS `yunyehui_mail`;
CREATE TABLE IF NOT EXISTS `yunyehui_mail` (
  `id` int(11) NOT NULL AUTO_INCREMENT,
  `email` varchar(150) DEFAULT '',
  `addtime` int(11) unsigned DEFAULT NULL,
  `status` int(11) unsigned DEFAULT '0',
  PRIMARY KEY (`id`)
) ENGINE=MyISAM  DEFAULT CHARSET=utf8 ROW_FORMAT=DYNAMIC AUTO_INCREMENT=4 ;

--
-- 转存表中的数据 `yunyehui_mail`
--

INSERT INTO `yunyehui_mail` (`id`, `email`, `addtime`, `status`) VALUES
(3, '303079380@qq.com', 1513234747, 1),
(2, '15003219@qq.com', 1513089974, 1);

-- --------------------------------------------------------

--
-- 表的结构 `yunyehui_member`
--

DROP TABLE IF EXISTS `yunyehui_member`;
CREATE TABLE IF NOT EXISTS `yunyehui_member` (
  `id` int(11) NOT NULL AUTO_INCREMENT,
  `username` varchar(50) DEFAULT NULL,
  `pwd` varchar(250) DEFAULT NULL,
  `name` varchar(200) DEFAULT '',
  `sex` tinyint(3) unsigned DEFAULT '0',
  `mobile` varchar(45) DEFAULT NULL,
  `phone` varchar(50) DEFAULT NULL,
  `fax` varchar(200) DEFAULT '',
  `email` varchar(50) DEFAULT NULL,
  `company` varchar(200) DEFAULT '',
  `contact` varchar(200) DEFAULT '',
  `position` varchar(200) DEFAULT '',
  `website` varchar(200) DEFAULT '',
  `address` varchar(200) DEFAULT '',
  `zipcode` varchar(200) DEFAULT '',
  `age` varchar(45) DEFAULT NULL,
  `istj` int(10) unsigned DEFAULT '0',
  `shenfenzheng` varchar(255) DEFAULT NULL,
  `score` int(10) unsigned DEFAULT '0',
  `qq` varchar(255) DEFAULT NULL,
  `weixin` varchar(255) DEFAULT NULL,
  `addtime` int(11) DEFAULT NULL,
  `updatetime` int(11) DEFAULT NULL,
  `status` int(11) unsigned DEFAULT NULL,
  `remark` text,
  `lastlogintime` int(11) unsigned DEFAULT NULL,
  `pic` varchar(255) DEFAULT NULL,
  `groupid` smallint(5) unsigned DEFAULT '0',
  `department` varchar(45) DEFAULT NULL,
  `rnd` varchar(16) DEFAULT '',
  PRIMARY KEY (`id`)
) ENGINE=MyISAM  DEFAULT CHARSET=utf8 ROW_FORMAT=DYNAMIC AUTO_INCREMENT=9 ;

--
-- 转存表中的数据 `yunyehui_member`
--

INSERT INTO `yunyehui_member` (`id`, `username`, `pwd`, `name`, `sex`, `mobile`, `phone`, `fax`, `email`, `company`, `contact`, `position`, `website`, `address`, `zipcode`, `age`, `istj`, `shenfenzheng`, `score`, `qq`, `weixin`, `addtime`, `updatetime`, `status`, `remark`, `lastlogintime`, `pic`, `groupid`, `department`, `rnd`) VALUES
(1, 'test001', 'f348ed7a6370d9b6389e9380ec3caec4', '刘先生', 1, '15937957328', '15937957328', '', '15003219@qq.com', '廊坊公明进出口贸易有限公司', '', 'sdfsf', '', '深圳市福田区中康路126号卓越城A座1806-1808', '', NULL, 0, NULL, 0, NULL, NULL, 1549884727, 1549960573, 1, NULL, 1578917613, NULL, 0, NULL, 'hpstzABJOTXZ0579'),
(2, '15937957328', 'f348ed7a6370d9b6389e9380ec3caec4', '刘先生', 1, '15937957328', '15937957328', '', '527150978@qq.com', '洛阳云业信息科技有限公司', '', '技术总监', '', '河南省洛阳市洛龙区帝都国际城', '', NULL, 0, NULL, 0, '', NULL, 1549885270, 1550382564, 1, NULL, 1551157194, '', 2, '', '""'),
(3, '13800000000', 'f348ed7a6370d9b6389e9380ec3caec4', '', 1, '13800000000', '13800000000', '', 'kefu@yunyecms.com', '', '', '', '', '', '', NULL, 0, NULL, 0, NULL, NULL, 1549885529, NULL, 1, NULL, 1575185423, NULL, 0, NULL, 'hnsvxzDEFHLPRTW8'),
(6, '13800000001', 'f348ed7a6370d9b6389e9380ec3caec4', '', 0, '13800000001', '13800000001', '', '527150978@qq.com', '', '', '', '', '', '', NULL, 0, NULL, 0, NULL, NULL, 1550400424, NULL, 1, NULL, NULL, NULL, 0, NULL, '""'),
(7, 'test002', 'f348ed7a6370d9b6389e9380ec3caec4', '', 0, NULL, NULL, '', 'aaa@123.com', '', '', '', '', '', '', NULL, 0, NULL, 0, NULL, NULL, 1574518230, NULL, 1, NULL, NULL, NULL, 0, NULL, '""'),
(8, 'test003', 'f348ed7a6370d9b6389e9380ec3caec4', '', 0, NULL, NULL, '', '15003219@qq.com', '', '', '', '', '', '', NULL, 0, NULL, 0, NULL, NULL, 1574518351, NULL, 1, NULL, 1574555155, NULL, 1, NULL, '""');

-- --------------------------------------------------------

--
-- 表的结构 `yunyehui_membergroup`
--

DROP TABLE IF EXISTS `yunyehui_membergroup`;
CREATE TABLE IF NOT EXISTS `yunyehui_membergroup` (
  `id` int(10) unsigned NOT NULL AUTO_INCREMENT,
  `groupname` varchar(255) NOT NULL,
  `status` smallint(5) unsigned DEFAULT '0',
  `remark` text,
  `ordernum` int(10) unsigned DEFAULT '0',
  `groupname_en` varchar(255) DEFAULT NULL,
  `remark_en` text,
  `powers` text,
  `salt` varchar(20) NOT NULL,
  `range` varchar(500) NOT NULL,
  `powercat` text,
  `isdefault` tinyint(3) unsigned DEFAULT '0',
  PRIMARY KEY (`id`) USING BTREE
) ENGINE=MyISAM  DEFAULT CHARSET=utf8 ROW_FORMAT=DYNAMIC AUTO_INCREMENT=4 ;

--
-- 转存表中的数据 `yunyehui_membergroup`
--

INSERT INTO `yunyehui_membergroup` (`id`, `groupname`, `status`, `remark`, `ordernum`, `groupname_en`, `remark_en`, `powers`, `salt`, `range`, `powercat`, `isdefault`) VALUES
(1, '普通会员', 1, '普通会员', 1, '', '', 'YzVmYzJleUpwYm1adklqcDdJblpwWlhjaU9pSXhJaXdpWVdSa0lqb2lNU0lzSW1Wa2FYUWlPaUl4SWl3aVpHVnNJam9pTVNJc0luSmxZM2xqYkdVaU9pSXhJaXdpZG1WeWFXWjVJam9pTVNJc0ltMXZkbVZqYjNCNUlqb2lNU0o5TENKamIyMXRaVzUwSWpwN0luWnBaWGNpT2lJeElpd2lZV1JrSWpvaU1TSXNJbVZrYVhRaU9pSXhJaXdpWkdWc0lqb2lNU0lzSW5KbFkzbGpiR1VpT2lJeElpd2lhWE4wYjNBaU9pSXhJbjBzSW5KbGNHeDVJanA3SW1Ga1pDSTZJakVpTENKbFpHbDBJam9pTVNJc0ltUmxiQ0k2SWpFaWZYMD1iYTY3NGQ3Nw==', 'bcfloqJNT139!#%()[~.', 'eyJtZDUiOnsibWluIjo3LCJtYXgiOjV9LCJzaGExIjp7Im1pbiI6NCwibWF4Ijo4fX0=', 'YmM0OWM5ZWY1ODk5ZGRkNzM0WVRvMU5UcDdhVG94TzJFNk5EcDdjem8wT2lKMmFXVjNJanR6T2pFNklqRWlPM002TXpvaVlXUmtJanR6T2pFNklqRWlPM002TkRvaVpXUnBkQ0k3Y3pveE9pSXhJanR6T2pNNkltUmxiQ0k3Y3pveE9pSXhJanQ5YVRveU8yRTZORHA3Y3pvME9pSjJhV1YzSWp0ek9qRTZJakVpTzNNNk16b2lZV1JrSWp0ek9qRTZJakVpTzNNNk5Eb2laV1JwZENJN2N6b3hPaUl4SWp0ek9qTTZJbVJsYkNJN2N6b3hPaUl4SWp0OWFUb3hNenRoT2pRNmUzTTZORG9pZG1sbGR5STdjem94T2lJeElqdHpPak02SW1Ga1pDSTdjem94T2lJeElqdHpPalE2SW1Wa2FYUWlPM002TVRvaU1TSTdjem96T2lKa1pXd2lPM002TVRvaU1TSTdmV2s2TkRZN1lUbzBPbnR6T2pRNkluWnBaWGNpTzNNNk1Ub2lNU0k3Y3pvek9pSmhaR1FpTzNNNk1Ub2lNU0k3Y3pvME9pSmxaR2wwSWp0ek9qRTZJakVpTzNNNk16b2laR1ZzSWp0ek9qRTZJakVpTzMxcE9qTTdZVG8wT250ek9qUTZJblpwWlhjaU8zTTZNVG9pTVNJN2N6b3pPaUpoWkdRaU8zTTZNVG9pTVNJN2N6bzBPaUpsWkdsMElqdHpPakU2SWpFaU8zTTZNem9pWkdWc0lqdHpPakU2SWpFaU8zMXBPalE3WVRvek9udHpPak02SW1Ga1pDSTdjem94T2lJeElqdHpPalE2SW1Wa2FYUWlPM002TVRvaU1TSTdjem96T2lKa1pXd2lPM002TVRvaU1TSTdmV2s2TlR0aE9qUTZlM002TkRvaWRtbGxkeUk3Y3pveE9pSXhJanR6T2pNNkltRmtaQ0k3Y3pveE9pSXhJanR6T2pRNkltVmthWFFpTzNNNk1Ub2lNU0k3Y3pvek9pSmtaV3dpTzNNNk1Ub2lNU0k3ZldrNk5qdGhPalE2ZTNNNk5Eb2lkbWxsZHlJN2N6b3hPaUl4SWp0ek9qTTZJbUZrWkNJN2N6b3hPaUl4SWp0ek9qUTZJbVZrYVhRaU8zTTZNVG9pTVNJN2N6b3pPaUprWld3aU8zTTZNVG9pTVNJN2ZXazZOenRoT2pRNmUzTTZORG9pZG1sbGR5STdjem94T2lJeElqdHpPak02SW1Ga1pDSTdjem94T2lJeElqdHpPalE2SW1Wa2FYUWlPM002TVRvaU1TSTdjem96T2lKa1pXd2lPM002TVRvaU1TSTdmV2s2T1R0aE9qUTZlM002TkRvaWRtbGxkeUk3Y3pveE9pSXhJanR6T2pNNkltRmtaQ0k3Y3pveE9pSXhJanR6T2pRNkltVmthWFFpTzNNNk1Ub2lNU0k3Y3pvek9pSmtaV3dpTzNNNk1Ub2lNU0k3ZldrNk1UUTdZVG8wT250ek9qUTZJblpwWlhjaU8zTTZNVG9pTVNJN2N6b3pPaUpoWkdRaU8zTTZNVG9pTVNJN2N6bzBPaUpsWkdsMElqdHpPakU2SWpFaU8zTTZNem9pWkdWc0lqdHpPakU2SWpFaU8zMXBPakUxTzJFNk5EcDdjem8wT2lKMmFXVjNJanR6T2pFNklqRWlPM002TXpvaVlXUmtJanR6T2pFNklqRWlPM002TkRvaVpXUnBkQ0k3Y3pveE9pSXhJanR6T2pNNkltUmxiQ0k3Y3pveE9pSXhJanQ5YVRveE5qdGhPalE2ZTNNNk5Eb2lkbWxsZHlJN2N6b3hPaUl4SWp0ek9qTTZJbUZrWkNJN2N6b3hPaUl4SWp0ek9qUTZJbVZrYVhRaU8zTTZNVG9pTVNJN2N6b3pPaUprWld3aU8zTTZNVG9pTVNJN2ZXazZNVGM3WVRvME9udHpPalE2SW5acFpYY2lPM002TVRvaU1TSTdjem96T2lKaFpHUWlPM002TVRvaU1TSTdjem8wT2lKbFpHbDBJanR6T2pFNklqRWlPM002TXpvaVpHVnNJanR6T2pFNklqRWlPMzFwT2pFNE8yRTZORHA3Y3pvME9pSjJhV1YzSWp0ek9qRTZJakVpTzNNNk16b2lZV1JrSWp0ek9qRTZJakVpTzNNNk5Eb2laV1JwZENJN2N6b3hPaUl4SWp0ek9qTTZJbVJsYkNJN2N6b3hPaUl4SWp0OWFUbzRPMkU2TkRwN2N6bzBPaUoyYVdWM0lqdHpPakU2SWpFaU8zTTZNem9pWVdSa0lqdHpPakU2SWpFaU8zTTZORG9pWldScGRDSTdjem94T2lJeElqdHpPak02SW1SbGJDSTdjem94T2lJeElqdDlhVG94T1R0aE9qUTZlM002TkRvaWRtbGxkeUk3Y3pveE9pSXhJanR6T2pNNkltRmtaQ0k3Y3pveE9pSXhJanR6T2pRNkltVmthWFFpTzNNNk1Ub2lNU0k3Y3pvek9pSmtaV3dpTzNNNk1Ub2lNU0k3ZldrNk1qQTdZVG8wT250ek9qUTZJblpwWlhjaU8zTTZNVG9pTVNJN2N6b3pPaUpoWkdRaU8zTTZNVG9pTVNJN2N6bzBPaUpsWkdsMElqdHpPakU2SWpFaU8zTTZNem9pWkdWc0lqdHpPakU2SWpFaU8zMXBPakl4TzJFNk5EcDdjem8wT2lKMmFXVjNJanR6T2pFNklqRWlPM002TXpvaVlXUmtJanR6T2pFNklqRWlPM002TkRvaVpXUnBkQ0k3Y3pveE9pSXhJanR6T2pNNkltUmxiQ0k3Y3pveE9pSXhJanQ5YVRveU1qdGhPalE2ZTNNNk5Eb2lkbWxsZHlJN2N6b3hPaUl4SWp0ek9qTTZJbUZrWkNJN2N6b3hPaUl4SWp0ek9qUTZJbVZrYVhRaU8zTTZNVG9pTVNJN2N6b3pPaUprWld3aU8zTTZNVG9pTVNJN2ZXazZNak03WVRvME9udHpPalE2SW5acFpYY2lPM002TVRvaU1TSTdjem96T2lKaFpHUWlPM002TVRvaU1TSTdjem8wT2lKbFpHbDBJanR6T2pFNklqRWlPM002TXpvaVpHVnNJanR6T2pFNklqRWlPMzFwT2pJME8yRTZORHA3Y3pvME9pSjJhV1YzSWp0ek9qRTZJakVpTzNNNk16b2lZV1JrSWp0ek9qRTZJakVpTzNNNk5Eb2laV1JwZENJN2N6b3hPaUl4SWp0ek9qTTZJbVJsYkNJN2N6b3hPaUl4SWp0OWFUb3lOVHRoT2pRNmUzTTZORG9pZG1sbGR5STdjem94T2lJeElqdHpPak02SW1Ga1pDSTdjem94T2lJeElqdHpPalE2SW1Wa2FYUWlPM002TVRvaU1TSTdjem96T2lKa1pXd2lPM002TVRvaU1TSTdmV2s2TWpZN1lUbzBPbnR6T2pRNkluWnBaWGNpTzNNNk1Ub2lNU0k3Y3pvek9pSmhaR1FpTzNNNk1Ub2lNU0k3Y3pvME9pSmxaR2wwSWp0ek9qRTZJakVpTzNNNk16b2laR1ZzSWp0ek9qRTZJakVpTzMxcE9qSTNPMkU2TkRwN2N6bzBPaUoyYVdWM0lqdHpPakU2SWpFaU8zTTZNem9pWVdSa0lqdHpPakU2SWpFaU8zTTZORG9pWldScGRDSTdjem94T2lJeElqdHpPak02SW1SbGJDSTdjem94T2lJeElqdDlhVG95T0R0aE9qUTZlM002TkRvaWRtbGxkeUk3Y3pveE9pSXhJanR6T2pNNkltRmtaQ0k3Y3pveE9pSXhJanR6T2pRNkltVmthWFFpTzNNNk1Ub2lNU0k3Y3pvek9pSmtaV3dpTzNNNk1Ub2lNU0k3ZldrNk5EYzdZVG8wT250ek9qUTZJblpwWlhjaU8zTTZNVG9pTVNJN2N6b3pPaUpoWkdRaU8zTTZNVG9pTVNJN2N6bzBPaUpsWkdsMElqdHpPakU2SWpFaU8zTTZNem9pWkdWc0lqdHpPakU2SWpFaU8zMXBPalE0TzJFNk5EcDdjem8wT2lKMmFXVjNJanR6T2pFNklqRWlPM002TXpvaVlXUmtJanR6T2pFNklqRWlPM002TkRvaVpXUnBkQ0k3Y3pveE9pSXhJanR6T2pNNkltUmxiQ0k3Y3pveE9pSXhJanQ5YVRvME9UdGhPalE2ZTNNNk5Eb2lkbWxsZHlJN2N6b3hPaUl4SWp0ek9qTTZJbUZrWkNJN2N6b3hPaUl4SWp0ek9qUTZJbVZrYVhRaU8zTTZNVG9pTVNJN2N6b3pPaUprWld3aU8zTTZNVG9pTVNJN2ZXazZNekE3WVRvME9udHpPalE2SW5acFpYY2lPM002TVRvaU1TSTdjem96T2lKaFpHUWlPM002TVRvaU1TSTdjem8wT2lKbFpHbDBJanR6T2pFNklqRWlPM002TXpvaVpHVnNJanR6T2pFNklqRWlPMzFwT2pVd08yRTZORHA3Y3pvME9pSjJhV1YzSWp0ek9qRTZJakVpTzNNNk16b2lZV1JrSWp0ek9qRTZJakVpTzNNNk5Eb2laV1JwZENJN2N6b3hPaUl4SWp0ek9qTTZJbVJsYkNJN2N6b3hPaUl4SWp0OWFUbzFNVHRoT2pRNmUzTTZORG9pZG1sbGR5STdjem94T2lJeElqdHpPak02SW1Ga1pDSTdjem94T2lJeElqdHpPalE2SW1Wa2FYUWlPM002TVRvaU1TSTdjem96T2lKa1pXd2lPM002TVRvaU1TSTdmV2s2TlRJN1lUbzBPbnR6T2pRNkluWnBaWGNpTzNNNk1Ub2lNU0k3Y3pvek9pSmhaR1FpTzNNNk1Ub2lNU0k3Y3pvME9pSmxaR2wwSWp0ek9qRTZJakVpTzNNNk16b2laR1ZzSWp0ek9qRTZJakVpTzMxcE9qVXpPMkU2TkRwN2N6bzBPaUoyYVdWM0lqdHpPakU2SWpFaU8zTTZNem9pWVdSa0lqdHpPakU2SWpFaU8zTTZORG9pWldScGRDSTdjem94T2lJeElqdHpPak02SW1SbGJDSTdjem94T2lJeElqdDlhVG8xTkR0aE9qUTZlM002TkRvaWRtbGxkeUk3Y3pveE9pSXhJanR6T2pNNkltRmtaQ0k3Y3pveE9pSXhJanR6T2pRNkltVmthWFFpTzNNNk1Ub2lNU0k3Y3pvek9pSmtaV3dpTzNNNk1Ub2lNU0k3ZldrNk16RTdZVG8wT250ek9qUTZJblpwWlhjaU8zTTZNVG9pTVNJN2N6b3pPaUpoWkdRaU8zTTZNVG9pTVNJN2N6bzBPaUpsWkdsMElqdHpPakU2SWpFaU8zTTZNem9pWkdWc0lqdHpPakU2SWpFaU8zMXBPalUxTzJFNk5EcDdjem8wT2lKMmFXVjNJanR6T2pFNklqRWlPM002TXpvaVlXUmtJanR6T2pFNklqRWlPM002TkRvaVpXUnBkQ0k3Y3pveE9pSXhJanR6T2pNNkltUmxiQ0k3Y3pveE9pSXhJanQ5YVRvMU5qdGhPalE2ZTNNNk5Eb2lkbWxsZHlJN2N6b3hPaUl4SWp0ek9qTTZJbUZrWkNJN2N6b3hPaUl4SWp0ek9qUTZJbVZrYVhRaU8zTTZNVG9pTVNJN2N6b3pPaUprWld3aU8zTTZNVG9pTVNJN2ZXazZOVGM3WVRvME9udHpPalE2SW5acFpYY2lPM002TVRvaU1TSTdjem96T2lKaFpHUWlPM002TVRvaU1TSTdjem8wT2lKbFpHbDBJanR6T2pFNklqRWlPM002TXpvaVpHVnNJanR6T2pFNklqRWlPMzFwT2pVNE8yRTZORHA3Y3pvME9pSjJhV1YzSWp0ek9qRTZJakVpTzNNNk16b2lZV1JrSWp0ek9qRTZJakVpTzNNNk5Eb2laV1JwZENJN2N6b3hPaUl4SWp0ek9qTTZJbVJsYkNJN2N6b3hPaUl4SWp0OWFUb3hNVHRoT2pRNmUzTTZORG9pZG1sbGR5STdjem94T2lJeElqdHpPak02SW1Ga1pDSTdjem94T2lJeElqdHpPalE2SW1Wa2FYUWlPM002TVRvaU1TSTdjem96T2lKa1pXd2lPM002TVRvaU1TSTdmV2s2TVRJN1lUbzBPbnR6T2pRNkluWnBaWGNpTzNNNk1Ub2lNU0k3Y3pvek9pSmhaR1FpTzNNNk1Ub2lNU0k3Y3pvME9pSmxaR2wwSWp0ek9qRTZJakVpTzNNNk16b2laR1ZzSWp0ek9qRTZJakVpTzMxcE9qTXlPMkU2TkRwN2N6bzBPaUoyYVdWM0lqdHpPakU2SWpFaU8zTTZNem9pWVdSa0lqdHpPakU2SWpFaU8zTTZORG9pWldScGRDSTdjem94T2lJeElqdHpPak02SW1SbGJDSTdjem94T2lJeElqdDlhVG96T1R0aE9qUTZlM002TkRvaWRtbGxkeUk3Y3pveE9pSXhJanR6T2pNNkltRmtaQ0k3Y3pveE9pSXhJanR6T2pRNkltVmthWFFpTzNNNk1Ub2lNU0k3Y3pvek9pSmtaV3dpTzNNNk1Ub2lNU0k3ZldrNk16TTdZVG8wT250ek9qUTZJblpwWlhjaU8zTTZNVG9pTVNJN2N6b3pPaUpoWkdRaU8zTTZNVG9pTVNJN2N6bzBPaUpsWkdsMElqdHpPakU2SWpFaU8zTTZNem9pWkdWc0lqdHpPakU2SWpFaU8zMXBPak0xTzJFNk5EcDdjem8wT2lKMmFXVjNJanR6T2pFNklqRWlPM002TXpvaVlXUmtJanR6T2pFNklqRWlPM002TkRvaVpXUnBkQ0k3Y3pveE9pSXhJanR6T2pNNkltUmxiQ0k3Y3pveE9pSXhJanQ5YVRvek5EdGhPalE2ZTNNNk5Eb2lkbWxsZHlJN2N6b3hPaUl4SWp0ek9qTTZJbUZrWkNJN2N6b3hPaUl4SWp0ek9qUTZJbVZrYVhRaU8zTTZNVG9pTVNJN2N6b3pPaUprWld3aU8zTTZNVG9pTVNJN2ZXazZNelk3WVRvME9udHpPalE2SW5acFpYY2lPM002TVRvaU1TSTdjem96T2lKaFpHUWlPM002TVRvaU1TSTdjem8wT2lKbFpHbDBJanR6T2pFNklqRWlPM002TXpvaVpHVnNJanR6T2pFNklqRWlPMzFwT2pNM08yRTZORHA3Y3pvME9pSjJhV1YzSWp0ek9qRTZJakVpTzNNNk16b2lZV1JrSWp0ek9qRTZJakVpTzNNNk5Eb2laV1JwZENJN2N6b3hPaUl4SWp0ek9qTTZJbVJsYkNJN2N6b3hPaUl4SWp0OWFUb3pPRHRoT2pRNmUzTTZORG9pZG1sbGR5STdjem94T2lJeElqdHpPak02SW1Ga1pDSTdjem94T2lJeElqdHpPalE2SW1Wa2FYUWlPM002TVRvaU1TSTdjem96T2lKa1pXd2lPM002TVRvaU1TSTdmV2s2TkRBN1lUbzBPbnR6T2pRNkluWnBaWGNpTzNNNk1Ub2lNU0k3Y3pvek9pSmhaR1FpTzNNNk1Ub2lNU0k3Y3pvME9pSmxaR2wwSWp0ek9qRTZJakVpTzNNNk16b2laR1ZzSWp0ek9qRTZJakVpTzMxcE9qUXhPMkU2TkRwN2N6bzBPaUoyYVdWM0lqdHpPakU2SWpFaU8zTTZNem9pWVdSa0lqdHpPakU2SWpFaU8zTTZORG9pWldScGRDSTdjem94T2lJeElqdHpPak02SW1SbGJDSTdjem94T2lJeElqdDlhVG8wTWp0aE9qUTZlM002TkRvaWRtbGxkeUk3Y3pveE9pSXhJanR6T2pNNkltRmtaQ0k3Y3pveE9pSXhJanR6T2pRNkltVmthWFFpTzNNNk1Ub2lNU0k3Y3pvek9pSmtaV3dpTzNNNk1Ub2lNU0k3ZldrNk5ETTdZVG8wT250ek9qUTZJblpwWlhjaU8zTTZNVG9pTVNJN2N6b3pPaUpoWkdRaU8zTTZNVG9pTVNJN2N6bzBPaUpsWkdsMElqdHpPakU2SWpFaU8zTTZNem9pWkdWc0lqdHpPakU2SWpFaU8zMXBPalExTzJFNk5EcDdjem8wT2lKMmFXVjNJanR6T2pFNklqRWlPM002TXpvaVlXUmtJanR6T2pFNklqRWlPM002TkRvaVpXUnBkQ0k3Y3pveE9pSXhJanR6T2pNNkltUmxiQ0k3Y3pveE9pSXhJanQ5ZlE9PThkN2U3OTk1OWI0NDJhMjVkMTRlZTM4NmZkMjgzNjk5MzRh', 1),
(2, 'VIP会员', 1, 'VIP会员', 2, '', '', 'Mzg2M2RhM2I3ZTI1Y2JhNGV5SnBibVp2SWpwN0luWnBaWGNpT2lJeElpd2lZV1JrSWpvaU1TSXNJbVZrYVhRaU9pSXhJaXdpWkdWc0lqb2lNU0lzSW5KbFkzbGpiR1VpT2lJeElpd2lkbVZ5YVdaNUlqb2lNU0lzSW0xdmRtVmpiM0I1SWpvaU1TSjlMQ0pqYjIxdFpXNTBJanA3SW5acFpYY2lPaUl4SWl3aVlXUmtJam9pTVNJc0ltVmthWFFpT2lJeElpd2laR1ZzSWpvaU1TSXNJbkpsWTNsamJHVWlPaUl4SWl3aWFYTjBiM0FpT2lJeEluMHNJbkpsY0d4NUlqcDdJbUZrWkNJNklqRWlMQ0psWkdsMElqb2lNU0lzSW1SbGJDSTZJakVpZlgwPTQ2NDIyNjA=', 'bekmnqtuyLMQUZ8^_]}/', 'eyJtZDUiOnsibWluIjo5LCJtYXgiOjE2fSwic2hhMSI6eyJtaW4iOjIsIm1heCI6N319', NULL, 0);

-- --------------------------------------------------------

--
-- 表的结构 `yunyehui_model`
--

DROP TABLE IF EXISTS `yunyehui_model`;
CREATE TABLE IF NOT EXISTS `yunyehui_model` (
  `modelid` int(10) unsigned NOT NULL AUTO_INCREMENT,
  `modelname` varchar(255) NOT NULL,
  `modeltype` tinyint(1) NOT NULL DEFAULT '0',
  `tablename` varchar(100) NOT NULL,
  `remark` varchar(2000) NOT NULL,
  `ordernum` int(10) unsigned NOT NULL,
  `tplhome` varchar(500) DEFAULT NULL,
  `tpllist` varchar(500) DEFAULT NULL,
  `tplcontent` varchar(500) DEFAULT NULL,
  PRIMARY KEY (`modelid`)
) ENGINE=MyISAM  DEFAULT CHARSET=utf8 AUTO_INCREMENT=7 ;

--
-- 转存表中的数据 `yunyehui_model`
--

INSERT INTO `yunyehui_model` (`modelid`, `modelname`, `modeltype`, `tablename`, `remark`, `ordernum`, `tplhome`, `tpllist`, `tplcontent`) VALUES
(1, '单页面', 2, 'singlepage', '', 1, 'home', 'list', 'singlepage'),
(2, '文章', 1, 'news', '', 2, 'home', 'lists', 'show'),
(3, '产品', 1, 'products', '', 3, 'home', 'lists_pro', 'show_pro'),
(4, '通用表单', 3, 'form', '', 4, 'form', 'form', 'form'),
(5, '链接', 1, 'link', '', 5, 'home', 'lists', 'show'),
(6, '下载', 1, 'download', '', 6, 'downlist', 'downlist', 'down_show');

-- --------------------------------------------------------

--
-- 表的结构 `yunyehui_modelfields`
--

DROP TABLE IF EXISTS `yunyehui_modelfields`;
CREATE TABLE IF NOT EXISTS `yunyehui_modelfields` (
  `id` smallint(5) unsigned NOT NULL AUTO_INCREMENT,
  `modelid` smallint(6) NOT NULL DEFAULT '0',
  `fdname` varchar(30) NOT NULL DEFAULT '',
  `fdtitle` varchar(30) NOT NULL DEFAULT '',
  `fdtype` varchar(30) NOT NULL DEFAULT '',
  `fdlen` smallint(6) NOT NULL DEFAULT '0',
  `ismt` tinyint(1) NOT NULL DEFAULT '0',
  `isindex` tinyint(1) NOT NULL DEFAULT '0',
  `isunique` tinyint(1) NOT NULL DEFAULT '0',
  `ispage` tinyint(1) NOT NULL DEFAULT '0',
  `tobr` tinyint(1) NOT NULL DEFAULT '0',
  `showhtml` tinyint(1) NOT NULL DEFAULT '0',
  `ordernum` smallint(6) NOT NULL DEFAULT '0',
  `formctrl` varchar(50) NOT NULL DEFAULT '',
  `formsize` varchar(255) NOT NULL DEFAULT '',
  `editorstyle` tinyint(1) unsigned NOT NULL DEFAULT '0',
  `defaultvalue` varchar(2000) NOT NULL,
  `isrequired` tinyint(1) NOT NULL DEFAULT '0',
  `istougao` tinyint(1) NOT NULL DEFAULT '0',
  `issearch` tinyint(1) NOT NULL DEFAULT '0',
  `issys` tinyint(1) NOT NULL DEFAULT '0',
  `isallowdel` tinyint(1) unsigned NOT NULL DEFAULT '0',
  `remark` text NOT NULL,
  `isdisplay` tinyint(1) unsigned NOT NULL DEFAULT '0',
  `language` tinyint(2) unsigned DEFAULT '1',
  `formwidth` int(10) unsigned DEFAULT NULL,
  `formheight` int(10) unsigned DEFAULT NULL,
  `formvalue` varchar(5000) DEFAULT NULL,
  `isadd` tinyint(1) unsigned DEFAULT '1',
  `fdtitle_en` varchar(45) DEFAULT NULL,
  PRIMARY KEY (`id`),
  KEY `fdtitle` (`fdtitle`)
) ENGINE=MyISAM  DEFAULT CHARSET=utf8 AUTO_INCREMENT=85 ;

--
-- 转存表中的数据 `yunyehui_modelfields`
--

INSERT INTO `yunyehui_modelfields` (`id`, `modelid`, `fdname`, `fdtitle`, `fdtype`, `fdlen`, `ismt`, `isindex`, `isunique`, `ispage`, `tobr`, `showhtml`, `ordernum`, `formctrl`, `formsize`, `editorstyle`, `defaultvalue`, `isrequired`, `istougao`, `issearch`, `issys`, `isallowdel`, `remark`, `isdisplay`, `language`, `formwidth`, `formheight`, `formvalue`, `isadd`, `fdtitle_en`) VALUES
(1, 1, 'title', '标题', 'VARCHAR', 500, 1, 0, 0, 0, 0, 1, 1, 'text', '', 0, '', 0, 0, 0, 1, 0, '', 1, 1, NULL, NULL, NULL, 1, NULL),
(2, 1, 'pic', '图片', 'VARCHAR', 300, 1, 0, 0, 0, 0, 1, 2, 'text', '', 0, '', 0, 0, 0, 1, 0, '', 1, 1, NULL, NULL, NULL, 1, NULL),
(3, 1, 'summary', '简介', 'VARCHAR', 500, 1, 0, 0, 0, 0, 1, 3, 'textarea', '', 0, '', 0, 1, 0, 1, 0, '', 1, 1, NULL, NULL, NULL, 1, NULL),
(4, 1, 'content', '内容', 'TEXT', 8000, 1, 0, 0, 0, 0, 1, 4, 'editor', '', 0, '', 0, 0, 0, 1, 0, '', 1, 1, NULL, NULL, NULL, 1, NULL),
(5, 1, 'title_en', '标题（English）', 'VARCHAR', 500, 1, 0, 0, 0, 0, 1, 5, 'text', '', 0, '', 0, 1, 0, 1, 0, '', 1, 2, NULL, NULL, NULL, 1, NULL),
(6, 1, 'summary_en', '简介（English）', 'VARCHAR', 500, 1, 0, 0, 0, 0, 1, 6, 'textarea', '', 0, '', 0, 1, 0, 1, 0, '', 1, 2, NULL, NULL, NULL, 1, NULL),
(7, 1, 'content_en', '内容（English）', 'TEXT', 8000, 1, 0, 0, 0, 0, 1, 7, 'editor', '', 0, '', 0, 0, 0, 1, 0, '', 1, 2, NULL, NULL, NULL, 1, NULL),
(8, 2, 'title', '标题', 'VARCHAR', 500, 1, 0, 0, 0, 0, 1, 1, 'text', '', 0, '', 0, 0, 0, 1, 0, '', 1, 1, NULL, NULL, NULL, 1, NULL),
(9, 2, 'pic', '图片', 'VARCHAR', 300, 1, 0, 0, 0, 0, 1, 2, 'text', '', 0, '', 0, 0, 0, 1, 0, '', 1, 1, NULL, NULL, NULL, 1, NULL),
(10, 2, 'exlink', '外部链接', 'VARCHAR', 250, 1, 0, 0, 0, 0, 1, 3, 'text', '', 0, '', 0, 1, 0, 1, 0, '', 1, 1, NULL, NULL, NULL, 1, NULL),
(11, 2, 'summary', '简介', 'VARCHAR', 500, 1, 0, 0, 0, 0, 1, 4, 'textarea', '', 0, '', 0, 1, 0, 1, 0, '', 1, 1, NULL, NULL, NULL, 1, NULL),
(12, 2, 'source', '来源', 'VARCHAR', 100, 1, 0, 0, 0, 0, 1, 5, 'text', '', 0, '', 0, 0, 0, 0, 1, '', 1, 1, NULL, NULL, NULL, 1, NULL),
(13, 2, 'content', '内容', 'TEXT', 8000, 1, 0, 0, 0, 0, 1, 6, 'editor', '', 0, '', 0, 0, 0, 0, 1, '', 1, 1, NULL, NULL, NULL, 1, NULL),
(14, 2, 'title_en', '标题（English）', 'VARCHAR', 500, 1, 0, 0, 0, 0, 1, 7, 'text', '', 0, '', 0, 1, 0, 1, 0, '', 1, 2, NULL, NULL, NULL, 1, NULL),
(15, 2, 'exlink_en', '外部链接（English）', 'VARCHAR', 500, 1, 0, 0, 0, 0, 1, 8, 'text', '', 0, '', 0, 1, 0, 1, 0, '', 1, 2, NULL, NULL, NULL, 1, NULL),
(16, 2, 'summary_en', '简介（English）', 'VARCHAR', 500, 1, 0, 0, 0, 0, 1, 9, 'textarea', '', 0, '', 0, 1, 0, 1, 0, '', 1, 2, NULL, NULL, NULL, 1, NULL),
(17, 2, 'content_en', '内容（English）', 'TEXT', 8000, 1, 0, 0, 0, 0, 1, 10, 'editor', '', 0, '', 0, 0, 0, 0, 1, '', 1, 2, NULL, NULL, NULL, 1, NULL),
(18, 3, 'title', '标题', 'VARCHAR', 500, 1, 0, 0, 0, 0, 1, 1, 'text', '', 0, '', 0, 0, 0, 1, 0, '', 1, 1, NULL, NULL, NULL, 1, NULL),
(19, 3, 'pic', '图片', 'VARCHAR', 300, 1, 0, 0, 0, 0, 1, 2, 'text', '', 0, '', 0, 0, 0, 1, 0, '', 1, 1, NULL, NULL, NULL, 1, NULL),
(20, 3, 'exlink', '外部链接', 'VARCHAR', 250, 1, 0, 0, 0, 0, 1, 3, 'text', '', 0, '', 0, 1, 0, 1, 0, '', 1, 1, NULL, NULL, NULL, 1, NULL),
(21, 3, 'summary', '简介', 'VARCHAR', 500, 1, 0, 0, 0, 0, 1, 4, 'textarea', '', 0, '', 0, 1, 0, 1, 0, '', 1, 1, NULL, NULL, NULL, 1, NULL),
(22, 3, 'source', '来源', 'VARCHAR', 100, 1, 0, 0, 0, 0, 1, 5, 'text', '', 0, '', 0, 0, 0, 0, 1, '', 1, 1, NULL, NULL, NULL, 1, NULL),
(23, 3, 'content', '内容', 'TEXT', 8000, 1, 0, 0, 0, 0, 1, 23, 'editor', '', 0, '', 0, 0, 0, 0, 1, '', 1, 1, 0, 0, '', 1, NULL),
(24, 3, 'title_en', '标题（English）', 'VARCHAR', 500, 1, 0, 0, 0, 0, 1, 7, 'text', '', 0, '', 0, 1, 0, 1, 0, '', 1, 2, NULL, NULL, NULL, 1, NULL),
(25, 3, 'exlink_en', '外部链接（English）', 'VARCHAR', 500, 1, 0, 0, 0, 0, 1, 8, 'text', '', 0, '', 0, 1, 0, 1, 0, '', 1, 2, NULL, NULL, NULL, 1, NULL),
(26, 3, 'summary_en', '简介（English）', 'VARCHAR', 500, 1, 0, 0, 0, 0, 1, 9, 'textarea', '', 0, '', 0, 1, 0, 1, 0, '', 1, 2, NULL, NULL, NULL, 1, NULL),
(27, 3, 'content_en', '内容（English）', 'TEXT', 8000, 1, 0, 0, 0, 0, 1, 26, 'editor', '', 0, '', 0, 0, 0, 0, 1, '', 1, 2, 0, 0, '', 1, ''),
(28, 4, 'title', '标题', 'VARCHAR', 500, 1, 0, 0, 0, 0, 1, 1, 'text', '', 0, '', 1, 0, 0, 1, 0, '', 1, 1, 0, 0, '', 1, 'Title'),
(29, 4, 'name', '姓名', 'VARCHAR', 100, 1, 0, 0, 0, 0, 1, 2, 'text', '', 0, '', 1, 0, 0, 1, 0, '', 1, 1, 0, 0, '', 1, 'Name'),
(30, 4, 'sex', '性别', 'VARCHAR', 50, 1, 0, 0, 0, 0, 1, 3, 'text', '', 0, '', 0, 0, 0, 1, 0, '', 0, 1, 0, 0, '', 0, 'Sex'),
(31, 4, 'mobile', '手机', 'VARCHAR', 100, 1, 0, 0, 0, 0, 1, 4, 'text', '', 0, '', 1, 0, 0, 1, 0, '', 1, 1, 0, 0, '', 1, 'Mobile'),
(32, 4, 'phone', '电话', 'VARCHAR', 100, 1, 0, 0, 0, 0, 1, 5, 'text', '', 0, '', 0, 0, 0, 1, 0, '', 1, 1, 0, 0, '', 1, 'Phone'),
(33, 4, 'email', 'E-mail', 'VARCHAR', 100, 1, 0, 0, 0, 0, 1, 6, 'text', '', 0, '', 0, 0, 0, 1, 0, '', 1, 1, 0, 0, '', 1, 'Email'),
(34, 4, 'company', '公司', 'VARCHAR', 200, 1, 0, 0, 0, 0, 1, 7, 'text', '', 0, '', 0, 0, 0, 1, 0, '', 1, 1, 0, 0, '', 1, 'Company'),
(35, 4, 'fax', '传真', 'VARCHAR', 200, 1, 0, 0, 0, 0, 1, 8, 'text', '', 0, '', 0, 0, 0, 1, 0, '', 0, 1, 0, 0, '', 0, 'Fax'),
(36, 4, 'address', '地址', 'VARCHAR', 500, 1, 0, 0, 0, 0, 1, 9, 'textarea', '', 0, '', 0, 0, 0, 1, 0, '', 0, 1, 0, 0, '', 0, 'Address'),
(37, 4, 'website', '网址', 'VARCHAR', 300, 1, 0, 0, 0, 0, 1, 10, 'text', '', 0, '', 0, 0, 0, 1, 0, '', 0, 1, 0, 0, '', 0, 'Website'),
(38, 4, 'zipcode', '邮编', 'VARCHAR', 50, 1, 0, 0, 0, 0, 1, 11, 'text', '', 0, '', 0, 0, 0, 1, 0, '', 0, 1, 0, 0, '', 0, 'Zipcode'),
(39, 4, 'age', '年龄', 'VARCHAR', 50, 1, 0, 0, 0, 0, 1, 12, 'text', '', 0, '', 0, 0, 0, 1, 0, '', 0, 1, 0, 0, '', 0, 'Age'),
(40, 4, 'qq', 'QQ', 'VARCHAR', 50, 1, 0, 0, 0, 0, 1, 13, 'text', '', 0, '', 0, 0, 0, 1, 0, '', 0, 1, 0, 0, '', 0, 'QQ'),
(41, 4, 'weixin', '微信', 'VARCHAR', 50, 1, 0, 0, 0, 0, 1, 14, 'text', '', 0, '', 0, 0, 0, 1, 0, '', 0, 1, 0, 0, '', 0, 'WeChat'),
(42, 4, 'remark', '内容', 'TEXT', 8000, 1, 0, 0, 0, 0, 1, 15, 'textarea', '', 0, '', 0, 0, 0, 1, 0, '', 1, 1, 0, 0, '', 1, 'Content'),
(43, 3, 'gongneng', '功能', 'VARCHAR', 200, 0, 0, 0, 0, 0, 0, 16, 'text', '', 0, '', 0, 0, 0, 0, 1, '', 1, 1, 0, 0, '', 1, NULL),
(44, 3, 'cailiao', '材料', 'VARCHAR', 200, 0, 0, 0, 0, 0, 0, 17, 'text', '', 0, '', 0, 0, 0, 0, 1, '', 1, 1, 0, 0, '', 1, NULL),
(45, 3, 'morepic', '更多图片', 'VARCHAR', 800, 0, 0, 0, 0, 0, 0, 18, 'text', '', 0, '', 0, 0, 0, 1, 1, '', 1, 1, 0, 0, '', 1, NULL),
(46, 2, 'morepic', '更多图片', 'VARCHAR', 800, 0, 0, 0, 0, 0, 0, 19, 'text', '', 0, '', 0, 0, 0, 1, 1, '', 1, 1, 0, 0, '', 2, NULL),
(47, 3, 'price', '价格', 'FLOAT', 10, 0, 0, 0, 0, 0, 0, 20, 'text', '', 0, '', 0, 0, 0, 0, 1, '', 1, 1, 0, 0, '', 1, NULL),
(48, 3, 'mprice', '市场价', 'FLOAT', 10, 0, 0, 0, 0, 0, 0, 21, 'text', '', 0, '', 0, 0, 0, 0, 1, '', 1, 1, 0, 0, '', 1, NULL),
(49, 5, 'title', '标题', 'VARCHAR', 500, 1, 0, 0, 0, 0, 1, 1, 'text', '', 0, '', 0, 0, 0, 1, 0, '', 1, 1, NULL, NULL, NULL, 1, NULL),
(50, 5, 'morepic', '更多图片', 'VARCHAR', 800, 1, 0, 0, 0, 0, 1, 2, 'text', '', 0, '', 0, 0, 0, 1, 0, '', 1, 1, NULL, NULL, NULL, 2, NULL),
(51, 5, 'pic', '图片', 'VARCHAR', 500, 1, 0, 0, 0, 0, 1, 2, 'text', '', 0, '', 0, 0, 0, 1, 0, '', 1, 1, NULL, NULL, NULL, 1, NULL),
(52, 5, 'exlink', '外部链接', 'VARCHAR', 250, 1, 0, 0, 0, 0, 1, 3, 'text', '', 0, '', 0, 1, 0, 1, 0, '', 1, 1, NULL, NULL, NULL, 1, NULL),
(53, 5, 'summary', '简介', 'VARCHAR', 500, 1, 0, 0, 0, 0, 1, 4, 'textarea', '', 0, '', 0, 1, 0, 1, 0, '', 1, 1, NULL, NULL, NULL, 1, NULL),
(54, 5, 'source', '来源', 'VARCHAR', 100, 1, 0, 0, 0, 0, 1, 5, 'text', '', 0, '', 0, 0, 0, 0, 1, '', 1, 1, 0, 0, '', 0, NULL),
(55, 5, 'content', '内容', 'TEXT', 8000, 1, 0, 0, 0, 0, 1, 6, 'editor', '', 0, '', 0, 0, 0, 0, 1, '', 1, 1, 0, 0, '', 0, NULL),
(56, 5, 'title_en', '标题（English）', 'VARCHAR', 500, 1, 0, 0, 0, 0, 1, 7, 'text', '', 0, '', 0, 1, 0, 1, 0, '', 1, 2, NULL, NULL, NULL, 1, NULL),
(57, 5, 'exlink_en', '外部链接（English）', 'VARCHAR', 500, 1, 0, 0, 0, 0, 1, 8, 'text', '', 0, '', 0, 1, 0, 1, 0, '', 1, 2, NULL, NULL, NULL, 1, NULL),
(58, 5, 'summary_en', '简介（English）', 'VARCHAR', 500, 1, 0, 0, 0, 0, 1, 9, 'textarea', '', 0, '', 0, 1, 0, 1, 0, '', 1, 2, NULL, NULL, NULL, 1, NULL),
(59, 5, 'source', '来源（English）', 'VARCHAR', 100, 1, 0, 0, 0, 0, 1, 10, 'text', '', 0, '', 0, 0, 0, 0, 1, '', 1, 2, 0, 0, '', 0, NULL),
(60, 5, 'content_en', '内容（English）', 'TEXT', 8000, 1, 0, 0, 0, 0, 1, 11, 'editor', '', 0, '', 0, 0, 0, 0, 1, '', 1, 2, 0, 0, '', 0, NULL),
(61, 3, 'xinghao', '型号', 'VARCHAR', 255, 0, 0, 0, 0, 0, 0, 15, 'text', '', 0, '', 1, 0, 0, 0, 1, '', 1, 1, 0, 0, '', 1, ''),
(62, 3, 'cailiao_en', 'material', 'VARCHAR', 255, 0, 0, 0, 0, 0, 0, 24, 'text', '', 0, '', 1, 0, 0, 0, 1, '', 1, 2, 0, 0, '', 1, ''),
(63, 3, 'gongneng_en', 'Features', 'VARCHAR', 0, 0, 0, 0, 0, 0, 0, 25, 'text', '', 0, '', 1, 0, 0, 0, 1, '', 1, 2, 0, 0, '', 1, ''),
(64, 6, 'title', '标题', 'VARCHAR', 500, 1, 0, 0, 0, 0, 1, 1, 'text', '', 0, '', 0, 0, 0, 1, 0, '', 1, 1, NULL, NULL, NULL, 1, NULL),
(65, 6, 'morepic', '更多图片', 'VARCHAR', 800, 1, 0, 0, 0, 0, 1, 3, 'text', '', 0, '', 0, 0, 0, 1, 0, '', 1, 1, 0, 0, '', 1, ''),
(66, 6, 'pic', '图片', 'VARCHAR', 500, 1, 0, 0, 0, 0, 1, 2, 'text', '', 0, '', 0, 0, 0, 1, 0, '', 1, 1, NULL, NULL, NULL, 1, NULL),
(67, 6, 'picfile', '文件', 'VARCHAR', 500, 1, 0, 0, 0, 0, 1, 4, 'text', '', 0, '', 0, 0, 0, 1, 0, '', 1, 1, NULL, NULL, NULL, 1, NULL),
(68, 6, 'exlink', '外部链接', 'VARCHAR', 250, 1, 0, 0, 0, 0, 1, 5, 'text', '', 0, '', 0, 1, 0, 1, 0, '', 1, 1, NULL, NULL, NULL, 1, NULL),
(69, 6, 'summary', '简介', 'VARCHAR', 500, 1, 0, 0, 0, 0, 1, 6, 'textarea', '', 0, '', 0, 1, 0, 1, 0, '', 1, 1, NULL, NULL, NULL, 1, NULL),
(70, 6, 'source', '来源', 'VARCHAR', 100, 1, 0, 0, 0, 0, 1, 7, 'text', '', 0, '', 0, 0, 0, 0, 1, '', 1, 1, NULL, NULL, NULL, 1, NULL),
(71, 6, 'content', '内容', 'TEXT', 8000, 1, 0, 0, 0, 0, 1, 50, 'editor', '', 0, '', 0, 0, 0, 0, 1, '', 1, 1, 0, 0, '', 1, ''),
(72, 6, 'title_en', '标题（English）', 'VARCHAR', 500, 1, 0, 0, 0, 0, 1, 9, 'text', '', 0, '', 0, 1, 0, 1, 0, '', 1, 2, NULL, NULL, NULL, 1, NULL),
(73, 6, 'exlink_en', '外部链接（English）', 'VARCHAR', 500, 1, 0, 0, 0, 0, 1, 10, 'text', '', 0, '', 0, 1, 0, 1, 0, '', 1, 2, NULL, NULL, NULL, 1, NULL),
(74, 6, 'summary_en', '简介（English）', 'VARCHAR', 500, 1, 0, 0, 0, 0, 1, 11, 'textarea', '', 0, '', 0, 1, 0, 1, 0, '', 1, 2, NULL, NULL, NULL, 1, NULL),
(75, 6, 'source', '来源（English）', 'VARCHAR', 100, 1, 0, 0, 0, 0, 1, 12, 'text', '', 0, '', 0, 0, 0, 0, 1, '', 1, 2, NULL, NULL, NULL, 1, NULL),
(76, 6, 'content_en', '内容（English）', 'TEXT', 8000, 1, 0, 0, 0, 0, 1, 13, 'editor', '', 0, '', 0, 0, 0, 0, 1, '', 1, 2, NULL, NULL, NULL, 1, NULL),
(77, 6, 'filesize', '文件大小', 'VARCHAR', 0, 0, 0, 0, 0, 0, 0, 27, 'text', '', 0, '', 1, 0, 0, 0, 1, '', 1, 1, 0, 0, '', 1, ''),
(78, 6, 'yuyan', '界面语言', 'VARCHAR', 0, 0, 0, 0, 0, 0, 0, 28, 'text', '', 0, '', 1, 0, 0, 0, 1, '', 1, 1, 0, 0, '', 1, ''),
(79, 6, 'filetype', '文件类型', 'VARCHAR', 0, 0, 0, 0, 0, 0, 0, 29, 'radio', '', 0, '', 1, 0, 0, 0, 1, '', 1, 1, 0, 0, 'exe=exe<br/>rar=rar', 1, ''),
(80, 6, 'shouquan', '授权方式', 'VARCHAR', 0, 0, 0, 0, 0, 0, 0, 30, 'radio', '', 0, '', 1, 0, 0, 0, 1, '', 1, 1, 0, 0, '共享软件=共享软件<br/>自由软件=自由软件<br/>免费软件=免费软件', 1, ''),
(81, 6, 'softtype', '软件类型', 'VARCHAR', 0, 0, 0, 0, 0, 0, 0, 31, 'radio', '', 0, '', 1, 0, 0, 0, 1, '', 1, 1, 0, 0, '国产软件=国产软件<br/>海外软件=海外软件', 1, ''),
(82, 6, 'huanjing', '运行环境', 'VARCHAR', 0, 0, 0, 0, 0, 0, 0, 32, 'checkbox', '', 0, '', 1, 0, 0, 0, 1, '', 1, 1, 0, 0, 'windows 7=windows 7<br/>windows 10=windows 10<br/>linux=linux', 1, ''),
(83, 6, 'dengji', '软件等级', 'VARCHAR', 0, 0, 0, 0, 0, 0, 0, 33, 'radio', '', 0, '', 1, 0, 0, 0, 1, '', 1, 1, 0, 0, '一星=1<br/>二星=2<br/>三星=3<br/>四星=4<br/>五星=5', 1, ''),
(84, 6, 'anquan', '安全检测', 'VARCHAR', 0, 0, 0, 0, 0, 0, 0, 34, 'checkbox', '', 0, '', 1, 0, 0, 0, 1, '', 1, 1, 0, 0, '360安全卫士=360安全卫士<br/>360杀毒=360杀毒<br/>电脑管家=电脑管家', 1, '');

-- --------------------------------------------------------

--
-- 表的结构 `yunyehui_msg`
--

DROP TABLE IF EXISTS `yunyehui_msg`;
CREATE TABLE IF NOT EXISTS `yunyehui_msg` (
  `id` int(11) NOT NULL AUTO_INCREMENT,
  `title` varchar(300) DEFAULT NULL,
  `content` varchar(2000) DEFAULT NULL,
  `flag` tinyint(1) unsigned zerofill DEFAULT '1',
  `status` tinyint(1) unsigned zerofill DEFAULT '1',
  `isview` tinyint(1) unsigned zerofill DEFAULT '0',
  `addtime` int(11) unsigned DEFAULT NULL,
  `userid` int(10) unsigned DEFAULT NULL,
  `ip` varchar(45) DEFAULT NULL,
  `ipport` int(11) unsigned DEFAULT NULL,
  PRIMARY KEY (`id`)
) ENGINE=MyISAM  DEFAULT CHARSET=utf8 ROW_FORMAT=DYNAMIC AUTO_INCREMENT=25 ;

--
-- 转存表中的数据 `yunyehui_msg`
--

INSERT INTO `yunyehui_msg` (`id`, `title`, `content`, `flag`, `status`, `isview`, `addtime`, `userid`, `ip`, `ipport`) VALUES
(1, '会员注册：用户名-test001，ID-1', 'a:4:{s:3:"mod";s:6:"member";s:3:"act";s:6:"insert";s:4:"ctrl";s:6:"member";s:2:"id";b:1;}', 2, 1, 1, 1549884727, 1, '::1', 53696),
(2, '会员注册：用户名-15937957328，ID-2', 'a:4:{s:3:"mod";s:6:"member";s:3:"act";s:6:"insert";s:4:"ctrl";s:6:"member";s:2:"id";i:2;}', 2, 1, 1, 1549885270, 2, '::1', 54722),
(3, '会员注册：用户名-13800000000，ID-3', 'a:4:{s:3:"mod";s:6:"member";s:3:"act";s:6:"insert";s:4:"ctrl";s:6:"member";s:2:"id";i:3;}', 2, 1, 1, 1549885529, 3, '::1', 55230),
(4, '用户下单：订单号-，ID-15,用户-15937957328-刘先生-15937957328', 'a:5:{s:3:"mod";s:4:"shop";s:3:"act";s:3:"pay";s:4:"ctrl";s:4:"cart";s:5:"table";s:6:"orders";s:2:"id";i:15;}', 3, 1, 0, 1550155603, 15, '::1', 51336),
(5, '用户下单：订单号-2019021422514099495653，ID-16,用户-15937957328-刘先生-15937957328', 'a:5:{s:3:"mod";s:4:"shop";s:3:"act";s:3:"pay";s:4:"ctrl";s:4:"cart";s:5:"table";s:6:"orders";s:2:"id";i:16;}', 3, 1, 0, 1550155900, 16, '::1', 51788),
(6, '用户下单：订单号-2019021423004510055975，ID-17,用户-15937957328-刘先生-15937957328', 'a:5:{s:3:"mod";s:4:"shop";s:3:"act";s:3:"pay";s:4:"ctrl";s:4:"cart";s:5:"table";s:6:"orders";s:2:"id";i:17;}', 3, 1, 0, 1550156445, 17, '::1', 52640),
(7, '用户下单：订单号-2019021500100949571001，ID-18,用户-15937957328-刘先生-15937957328', 'a:5:{s:3:"mod";s:4:"shop";s:3:"act";s:3:"pay";s:4:"ctrl";s:4:"cart";s:5:"table";s:6:"orders";s:2:"id";i:18;}', 3, 1, 1, 1550160609, 18, '::1', 59512),
(8, '用户下单：订单号-2019021500211699495550，ID-19,用户-15937957328-刘先生-15937957328', 'a:5:{s:3:"mod";s:4:"shop";s:3:"act";s:3:"pay";s:4:"ctrl";s:4:"cart";s:5:"table";s:6:"orders";s:2:"id";i:19;}', 3, 1, 1, 1550161276, 19, '::1', 60538),
(9, '用户下单：订单号-2019021500265951555097，ID-20,用户-15937957328-刘先生-15937957328', 'a:5:{s:3:"mod";s:4:"shop";s:3:"act";s:3:"pay";s:4:"ctrl";s:4:"cart";s:5:"table";s:6:"orders";s:2:"id";i:20;}', 3, 1, 1, 1550161619, 20, '::1', 61175),
(10, '用户下单：订单号-2019021501152297975010，ID-21,用户-15937957328-刘先生-15937957328', 'a:5:{s:3:"mod";s:4:"shop";s:3:"act";s:3:"pay";s:4:"ctrl";s:4:"cart";s:5:"table";s:6:"orders";s:2:"id";i:21;}', 3, 1, 1, 1550164522, 21, '::1', 49678),
(11, '用户下单：订单号-2019021502153998991019，ID-22,用户-15937957328-刘先生-15937957328', 'a:5:{s:3:"mod";s:4:"shop";s:3:"act";s:3:"pay";s:4:"ctrl";s:4:"cart";s:5:"table";s:6:"orders";s:2:"id";i:22;}', 3, 1, 1, 1550168139, 22, '::1', 55706),
(12, '用户下单：订单号-2019021618365555575653，ID-23,用户-15937957328-刘先生-15937957328', 'a:5:{s:3:"mod";s:4:"shop";s:3:"act";s:3:"pay";s:4:"ctrl";s:4:"cart";s:5:"table";s:6:"orders";s:2:"id";i:23;}', 3, 1, 1, 1550313415, 23, '::1', 49810),
(13, '会员注册：用户名-13800000001，ID-6', 'a:5:{s:3:"mod";s:6:"member";s:3:"act";s:6:"insert";s:4:"ctrl";s:6:"member";s:5:"table";s:6:"member";s:2:"id";i:6;}', 2, 1, 1, 1550400424, 6, '::1', 50141),
(14, '用户下单：订单号-2019022516015010156102，用户-15937957328-刘先生-15937957328', 'a:5:{s:3:"mod";s:4:"shop";s:3:"act";s:3:"pay";s:4:"ctrl";s:4:"cart";s:5:"table";s:6:"orders";s:2:"id";i:24;}', 3, 1, 0, 1551081710, 24, '::1', 52319),
(15, 'User orders:order number-2019022613163753975699,user-15937957328-刘先生-15937957328', 'a:5:{s:3:"mod";s:4:"shop";s:3:"act";s:3:"pay";s:4:"ctrl";s:4:"cart";s:5:"table";s:6:"orders";s:2:"id";i:25;}', 3, 1, 0, 1551158197, 25, '::1', 64643),
(16, '用户下单：订单号-2019112123350798554948，用户-test001-刘先生-15937957328', 'a:5:{s:3:"mod";s:4:"shop";s:3:"act";s:3:"pay";s:4:"ctrl";s:4:"cart";s:5:"table";s:6:"orders";s:2:"id";i:26;}', 3, 1, 1, 1574350507, 26, '::1', 51214),
(17, '用户下单：订单号-2019112301110798101545，用户-test001-刘先生-15937957328', 'a:5:{s:3:"mod";s:4:"shop";s:3:"act";s:3:"pay";s:4:"ctrl";s:4:"cart";s:5:"table";s:6:"orders";s:2:"id";i:27;}', 3, 1, 1, 1574442667, 27, '::1', 60085),
(18, '会员注册：用户名!-test002，ID-7', 'a:5:{s:3:"mod";s:6:"member";s:3:"act";s:6:"insert";s:4:"ctrl";s:6:"member";s:5:"table";s:6:"member";s:2:"id";i:7;}', 2, 1, 0, 1574518230, 7, '::1', 61318),
(19, '会员注册：用户名!-test003，ID-8', 'a:5:{s:3:"mod";s:6:"member";s:3:"act";s:6:"insert";s:4:"ctrl";s:6:"member";s:5:"table";s:6:"member";s:2:"id";i:8;}', 2, 1, 0, 1574518351, 8, '::1', 61326),
(20, '用户下单：订单号-2019123006372654485153，用户-test001-刘先生-15937957328', 'a:5:{s:3:"mod";s:4:"shop";s:3:"act";s:3:"pay";s:4:"ctrl";s:4:"cart";s:5:"table";s:6:"orders";s:2:"id";i:28;}', 3, 1, 0, 1577687846, 28, '::1', 51170),
(21, '用户下单：订单号-2020011211523450515354，用户-test001-刘先生-15937957328', 'a:5:{s:3:"mod";s:4:"shop";s:3:"act";s:3:"pay";s:4:"ctrl";s:4:"cart";s:5:"table";s:6:"orders";s:2:"id";i:29;}', 3, 1, 0, 1578829954, 29, '::1', 63406),
(22, '用户下单：订单号-2020011212311753534999，用户-test001-刘先生-15937957328', 'a:5:{s:3:"mod";s:4:"shop";s:3:"act";s:3:"pay";s:4:"ctrl";s:4:"cart";s:5:"table";s:6:"orders";s:2:"id";i:30;}', 3, 1, 0, 1578832277, 30, '::1', 64836),
(23, '用户下单：订单号-2020011212365252485451，用户-test001-刘先生-15937957328', 'a:5:{s:3:"mod";s:4:"shop";s:3:"act";s:3:"pay";s:4:"ctrl";s:4:"cart";s:5:"table";s:6:"orders";s:2:"id";i:31;}', 3, 1, 0, 1578832612, 31, '::1', 65375),
(24, '用户下单：订单号-2020011212535450985210，用户-test001-刘先生-15937957328', 'a:5:{s:3:"mod";s:4:"shop";s:3:"act";s:3:"pay";s:4:"ctrl";s:4:"cart";s:5:"table";s:6:"orders";s:2:"id";i:32;}', 3, 1, 0, 1578833634, 32, '::1', 50312);

-- --------------------------------------------------------

--
-- 表的结构 `yunyehui_m_download`
--

DROP TABLE IF EXISTS `yunyehui_m_download`;
CREATE TABLE IF NOT EXISTS `yunyehui_m_download` (
  `id` int(11) NOT NULL AUTO_INCREMENT,
  `catid` int(11) DEFAULT '0',
  `title` varchar(500) DEFAULT '',
  `seotitle` varchar(500) DEFAULT '',
  `seokeywords` varchar(500) DEFAULT '',
  `seodesc` varchar(500) DEFAULT '',
  `source` varchar(200) DEFAULT '',
  `author` varchar(200) DEFAULT '',
  `template` varchar(50) DEFAULT '',
  `morepic` varchar(800) DEFAULT '',
  `pic` varchar(500) DEFAULT '',
  `picfile` varchar(500) DEFAULT '',
  `summary` varchar(500) DEFAULT '',
  `exlink` varchar(300) DEFAULT '',
  `content` text,
  `hits` int(11) DEFAULT '0',
  `downnum` int(11) DEFAULT '0',
  `userid` int(11) DEFAULT '0',
  `adminuserid` int(11) DEFAULT '0',
  `groupid` int(11) DEFAULT '0',
  `ordernum` int(10) unsigned DEFAULT '0',
  `addtime` int(11) unsigned DEFAULT '0',
  `updatetime` int(11) DEFAULT '0',
  `status` tinyint(1) unsigned zerofill DEFAULT '0',
  `isgood` tinyint(1) unsigned zerofill DEFAULT '0',
  `istop` tinyint(1) unsigned zerofill DEFAULT '0',
  `ishead` tinyint(1) unsigned zerofill DEFAULT '0',
  `ispower` tinyint(1) unsigned zerofill DEFAULT '0',
  `admin_userid` int(11) DEFAULT '0',
  `title_en` varchar(500) DEFAULT '',
  `seotitle_en` varchar(500) DEFAULT '',
  `seokeywords_en` varchar(500) DEFAULT '',
  `seodesc_en` varchar(500) DEFAULT '',
  `source_en` varchar(200) DEFAULT '',
  `author_en` varchar(200) DEFAULT '',
  `summary_en` varchar(500) DEFAULT '',
  `exlink_en` varchar(300) DEFAULT '',
  `content_en` text,
  `filesize` varchar(500) DEFAULT '',
  `yuyan` varchar(500) DEFAULT '',
  `filetype` varchar(500) DEFAULT '',
  `shouquan` varchar(500) DEFAULT '',
  `softtype` varchar(500) DEFAULT '',
  `huanjing` varchar(500) DEFAULT '',
  `dengji` varchar(500) DEFAULT '',
  `anquan` varchar(500) DEFAULT '',
  PRIMARY KEY (`id`),
  KEY `status` (`status`,`ordernum`,`id`),
  KEY `sort` (`catid`,`status`,`ordernum`,`id`),
  KEY `catid` (`catid`,`status`,`id`)
) ENGINE=MyISAM  DEFAULT CHARSET=utf8 AUTO_INCREMENT=2 ;

--
-- 转存表中的数据 `yunyehui_m_download`
--

INSERT INTO `yunyehui_m_download` (`id`, `catid`, `title`, `seotitle`, `seokeywords`, `seodesc`, `source`, `author`, `template`, `morepic`, `pic`, `picfile`, `summary`, `exlink`, `content`, `hits`, `downnum`, `userid`, `adminuserid`, `groupid`, `ordernum`, `addtime`, `updatetime`, `status`, `isgood`, `istop`, `ishead`, `ispower`, `admin_userid`, `title_en`, `seotitle_en`, `seokeywords_en`, `seodesc_en`, `source_en`, `author_en`, `summary_en`, `exlink_en`, `content_en`, `filesize`, `yuyan`, `filetype`, `shouquan`, `softtype`, `huanjing`, `dengji`, `anquan`) VALUES
(1, 35, '深度技术 GHOST WIN10 X86 极速优化版 V2019.10 (32位)', '', '', '', '', '', '', 'a:2:{i:0;s:44:"/uploads/image/20191125/1574686664604768.jpg";i:1;s:44:"/uploads/image/20191125/1574686664950916.jpg";}', '/uploads/image/20191125/1574686638654083.jpg', '/uploads/file/20191125/1574687570584457.doc', '', '', '&lt;p&gt;&lt;img src=&quot;/uploads/image/20191125/1574686664950916.jpg&quot;/&gt;&lt;/p&gt;&lt;p&gt;&lt;img src=&quot;/uploads/image/20191125/1574686638654083.jpg&quot;/&gt;&lt;/p&gt;&lt;p&gt;&lt;br/&gt;&lt;/p&gt;', 35, 0, 0, 0, 0, 1, 1574686748, 0, 1, 1, 0, 0, 1, 1, '', '', '', '', '', '', '', '', NULL, '1.2G', '简体中文', 'exe', '免费软件', '国产软件', 'windows 7,windows 10', '4', '360安全卫士,360杀毒');

-- --------------------------------------------------------

--
-- 表的结构 `yunyehui_m_download_data`
--

DROP TABLE IF EXISTS `yunyehui_m_download_data`;
CREATE TABLE IF NOT EXISTS `yunyehui_m_download_data` (
  `kid` int(11) NOT NULL AUTO_INCREMENT,
  `id` int(11) DEFAULT '0',
  `content` mediumtext NOT NULL,
  PRIMARY KEY (`kid`),
  UNIQUE KEY `id` (`id`)
) ENGINE=MyISAM DEFAULT CHARSET=utf8 AUTO_INCREMENT=1 ;

-- --------------------------------------------------------

--
-- 表的结构 `yunyehui_m_form`
--

DROP TABLE IF EXISTS `yunyehui_m_form`;
CREATE TABLE IF NOT EXISTS `yunyehui_m_form` (
  `id` int(11) NOT NULL AUTO_INCREMENT,
  `catid` int(11) DEFAULT NULL,
  `title` varchar(500) DEFAULT '',
  `name` varchar(100) DEFAULT '',
  `sex` varchar(50) DEFAULT '',
  `mobile` varchar(100) DEFAULT '',
  `phone` varchar(100) DEFAULT '',
  `email` varchar(100) DEFAULT '',
  `company` varchar(200) DEFAULT '',
  `fax` varchar(200) DEFAULT '',
  `address` varchar(500) DEFAULT '',
  `website` varchar(300) DEFAULT '',
  `zipcode` varchar(50) DEFAULT '',
  `age` varchar(50) DEFAULT '',
  `qq` varchar(50) DEFAULT '',
  `weixin` varchar(50) DEFAULT '',
  `userid` int(10) unsigned DEFAULT '0',
  `remark` text,
  `addtime` int(11) DEFAULT NULL,
  `status` int(11) DEFAULT NULL,
  `ip` varchar(255) DEFAULT NULL,
  `isview` tinyint(1) unsigned DEFAULT '0',
  `admin_userid` int(11) unsigned DEFAULT '0',
  `ispower` tinyint(1) unsigned DEFAULT '0',
  PRIMARY KEY (`id`)
) ENGINE=MyISAM  DEFAULT CHARSET=utf8 AUTO_INCREMENT=16 ;

--
-- 转存表中的数据 `yunyehui_m_form`
--

INSERT INTO `yunyehui_m_form` (`id`, `catid`, `title`, `name`, `sex`, `mobile`, `phone`, `email`, `company`, `fax`, `address`, `website`, `zipcode`, `age`, `qq`, `weixin`, `userid`, `remark`, `addtime`, `status`, `ip`, `isview`, `admin_userid`, `ispower`) VALUES
(6, 12, '测试下哦', '测试001', '', '13800000000', '0379-62210683', 'asf@123.com', 'xxxxxx公司', '', '', '', '', '', '', '', 0, '信息测试', 1549822129, 1, '::1', 1, 0, 0),
(4, 12, '测试下', '张三', '', '13800000000', '0379-62210683', '', '', '', '', '', '', '', '', '', 0, '', 1549817115, 1, NULL, 1, 0, 0),
(5, 12, '留言测试', '李四', '', '15937957328', '0379-88888888', '', 'xxx公司', '', '', '', '', '', '', '', 0, '', 1549817389, 1, NULL, 1, 0, 0),
(10, 12, '留言测试下', '刘先生', '', '15937957328', '', NULL, '', '', '', '', '', '', '', '', 2, '留言测试下', 1549989246, 1, '::1', 1, 0, 0),
(11, 12, '测试下', '刘先生', '', '15937957328', '', '', '', '', '', '', '', '', '', '', 0, '', 1550922701, 1, '::1', 0, 0, 0),
(12, 12, '你好，我想资讯下cms方面的事情', '张三', '', '13800000000', '', '', '', '', '', '', '', '', '', '', 0, '你好，我想资讯下cms方面的事情', 1550923143, 1, '::1', 0, 0, 0),
(13, 12, '测试下', '刘先生', '', '15937957328', '15937957328', '527150978@qq.com', '洛阳云业信息科技有限公司', '', '', '', '', '', '', '', 2, '', 1550942675, 1, '::1', 0, 0, 0),
(14, 12, '测试下', '刘先生', '', '15937957328', '15937957328', '527150978@qq.com', '洛阳云业信息科技有限公司', '', '', '', '', '', '', '', 2, '', 1550942726, 1, '::1', 0, 0, 0);

-- --------------------------------------------------------

--
-- 表的结构 `yunyehui_m_link`
--

DROP TABLE IF EXISTS `yunyehui_m_link`;
CREATE TABLE IF NOT EXISTS `yunyehui_m_link` (
  `id` int(11) NOT NULL AUTO_INCREMENT,
  `catid` int(11) DEFAULT '0',
  `title` varchar(500) DEFAULT '',
  `seotitle` varchar(500) DEFAULT '',
  `seokeywords` varchar(500) DEFAULT '',
  `seodesc` varchar(500) DEFAULT '',
  `source` varchar(100) DEFAULT '',
  `author` varchar(200) DEFAULT '',
  `template` varchar(50) DEFAULT '',
  `morepic` varchar(800) DEFAULT '',
  `pic` varchar(500) DEFAULT '',
  `picfile` varchar(500) DEFAULT '',
  `summary` varchar(500) DEFAULT '',
  `exlink` varchar(300) DEFAULT '',
  `content` text,
  `hits` int(11) DEFAULT '0',
  `userid` int(11) DEFAULT '0',
  `groupid` int(11) DEFAULT '0',
  `ordernum` int(10) unsigned DEFAULT '0',
  `addtime` int(11) unsigned DEFAULT '0',
  `updatetime` int(11) DEFAULT '0',
  `status` tinyint(1) unsigned zerofill DEFAULT '0',
  `isgood` tinyint(1) unsigned zerofill DEFAULT '0',
  `istop` tinyint(1) unsigned zerofill DEFAULT '0',
  `ishead` tinyint(1) unsigned DEFAULT '0',
  `title_en` varchar(500) DEFAULT '',
  `seotitle_en` varchar(500) DEFAULT '',
  `seokeywords_en` varchar(500) DEFAULT '',
  `seodesc_en` varchar(500) DEFAULT '',
  `source_en` varchar(200) DEFAULT '',
  `author_en` varchar(200) DEFAULT '',
  `summary_en` varchar(500) DEFAULT '',
  `exlink_en` varchar(300) DEFAULT '',
  `content_en` text,
  `admin_userid` varchar(45) DEFAULT NULL,
  `ispower` tinyint(1) unsigned DEFAULT '0',
  `downnum` int(11) unsigned DEFAULT '0',
  PRIMARY KEY (`id`),
  KEY `status` (`status`,`ordernum`,`id`),
  KEY `sort` (`catid`,`status`,`ordernum`,`id`),
  KEY `catid` (`catid`,`status`,`id`)
) ENGINE=MyISAM  DEFAULT CHARSET=utf8 AUTO_INCREMENT=6 ;

--
-- 转存表中的数据 `yunyehui_m_link`
--

INSERT INTO `yunyehui_m_link` (`id`, `catid`, `title`, `seotitle`, `seokeywords`, `seodesc`, `source`, `author`, `template`, `morepic`, `pic`, `picfile`, `summary`, `exlink`, `content`, `hits`, `userid`, `groupid`, `ordernum`, `addtime`, `updatetime`, `status`, `isgood`, `istop`, `ishead`, `title_en`, `seotitle_en`, `seokeywords_en`, `seodesc_en`, `source_en`, `author_en`, `summary_en`, `exlink_en`, `content_en`, `admin_userid`, `ispower`, `downnum`) VALUES
(1, 45, '百度', '百度', '百度', '百度', '', '', '', '', '', '', '', 'http://www.baidu.com', NULL, 0, 0, 0, 1, 1549964102, 0, 1, 0, 0, 0, 'Baidu', '', '', '', '', '', '', '', NULL, NULL, 0, 0),
(2, 42, '会员中心', '会员中心', '会员中心', '会员中心', '', '', '', '', '/uploads/image/20190212/1549964309114959.jpg', '', '', '', NULL, 0, 0, 0, 1, 1549964335, 0, 1, 0, 0, 0, 'Member Centre', 'Member Centre', 'Member Centre', 'Member Centre', '', '', '', '', NULL, NULL, 0, 0),
(3, 41, '首页幻灯1', '', '', '', '', '', '', '', '/uploads/image/20191214/1576312362666863.jpg', '', '', '', NULL, 1, 0, 0, 1, 1576312370, 0, 1, 0, 0, 0, '', '', '', '', '', '', '', '', NULL, '1', 0, 0),
(4, 41, '首页幻灯2', '', '', '', '', '', '', '', '/uploads/image/20191214/1576312389972389.jpg', '', '', '#', NULL, 0, 0, 0, 2, 1576312408, 0, 1, 0, 0, 0, '', '', '', '', '', '', '', '', NULL, '1', 0, 0),
(5, 41, '首页幻灯3', '', '', '', '', '', '', '', '/uploads/image/20191214/1576312423881979.jpg', '', '', '#', NULL, 0, 0, 0, 3, 1576312439, 0, 1, 0, 0, 0, '', '', '', '', '', '', '', '', NULL, '1', 0, 0);

-- --------------------------------------------------------

--
-- 表的结构 `yunyehui_m_link_data`
--

DROP TABLE IF EXISTS `yunyehui_m_link_data`;
CREATE TABLE IF NOT EXISTS `yunyehui_m_link_data` (
  `kid` int(11) NOT NULL AUTO_INCREMENT,
  `id` int(11) DEFAULT '0',
  `content` mediumtext NOT NULL,
  PRIMARY KEY (`kid`),
  UNIQUE KEY `id` (`id`)
) ENGINE=MyISAM DEFAULT CHARSET=utf8 AUTO_INCREMENT=1 ;

-- --------------------------------------------------------

--
-- 表的结构 `yunyehui_m_news`
--

DROP TABLE IF EXISTS `yunyehui_m_news`;
CREATE TABLE IF NOT EXISTS `yunyehui_m_news` (
  `id` int(11) NOT NULL AUTO_INCREMENT,
  `catid` int(11) DEFAULT '0',
  `title` varchar(500) DEFAULT '',
  `seotitle` varchar(500) DEFAULT '',
  `seokeywords` varchar(500) DEFAULT '',
  `seodesc` varchar(500) DEFAULT '',
  `source` varchar(200) DEFAULT '',
  `author` varchar(200) DEFAULT '',
  `template` varchar(50) DEFAULT '',
  `pic` varchar(500) DEFAULT '',
  `picfile` varchar(500) DEFAULT '',
  `summary` varchar(500) DEFAULT '',
  `exlink` varchar(300) DEFAULT '',
  `content` text,
  `hits` int(11) unsigned DEFAULT '0',
  `userid` int(11) DEFAULT '0',
  `groupid` int(11) DEFAULT '0',
  `ordernum` int(10) unsigned DEFAULT '0',
  `addtime` int(11) unsigned DEFAULT '0',
  `updatetime` int(11) DEFAULT '0',
  `status` tinyint(1) unsigned zerofill DEFAULT '0',
  `isgood` tinyint(1) unsigned zerofill DEFAULT '0',
  `istop` tinyint(1) unsigned zerofill DEFAULT '0',
  `ishead` tinyint(1) unsigned DEFAULT '0',
  `title_en` varchar(500) DEFAULT '',
  `seotitle_en` varchar(500) DEFAULT '',
  `seokeywords_en` varchar(500) DEFAULT '',
  `seodesc_en` varchar(500) DEFAULT '',
  `source_en` varchar(200) DEFAULT '',
  `author_en` varchar(200) DEFAULT '',
  `summary_en` varchar(500) DEFAULT '',
  `exlink_en` varchar(300) DEFAULT '',
  `content_en` text,
  `morepic` varchar(800) DEFAULT '',
  `admin_userid` int(11) unsigned DEFAULT '0',
  `ispower` tinyint(1) unsigned DEFAULT '0',
  `downnum` int(11) unsigned DEFAULT '0',
  PRIMARY KEY (`id`),
  KEY `status` (`status`,`ordernum`,`id`),
  KEY `sort` (`catid`,`status`,`ordernum`,`id`),
  KEY `catid` (`catid`,`status`,`id`)
) ENGINE=MyISAM  DEFAULT CHARSET=utf8 AUTO_INCREMENT=25 ;

--
-- 转存表中的数据 `yunyehui_m_news`
--

INSERT INTO `yunyehui_m_news` (`id`, `catid`, `title`, `seotitle`, `seokeywords`, `seodesc`, `source`, `author`, `template`, `pic`, `picfile`, `summary`, `exlink`, `content`, `hits`, `userid`, `groupid`, `ordernum`, `addtime`, `updatetime`, `status`, `isgood`, `istop`, `ishead`, `title_en`, `seotitle_en`, `seokeywords_en`, `seodesc_en`, `source_en`, `author_en`, `summary_en`, `exlink_en`, `content_en`, `morepic`, `admin_userid`, `ispower`, `downnum`) VALUES
(8, 4, '门窗五金选购注意事项有哪些？', '门窗五金选购', '门窗五金选购', '门窗五金选购', '', '', '', '/uploads/image/20190208/1549601511619872.jpeg', '', '', '', '&lt;p style=&quot;margin-top: 26px; margin-bottom: 0px; padding: 0px; line-height: 24px; color: rgb(51, 51, 51); text-align: justify; font-family: arial; white-space: normal; background-color: rgb(255, 255, 255);&quot;&gt;随着生活品质的提升，门窗也在一代代升级换新！今天我们不谈门窗，就来谈谈门窗的五金配件怎么选，因为要想实现门窗的完美功能，五金可不能掉链子，下面就来了解一下几种常见的门窗五金配件及选购注意事项！&lt;/p&gt;&lt;p style=&quot;margin-top: 22px; margin-bottom: 0px; padding: 0px; line-height: 24px; color: rgb(51, 51, 51); text-align: justify; font-family: arial; white-space: normal; background-color: rgb(255, 255, 255);&quot;&gt;一、执手&lt;/p&gt;&lt;p style=&quot;margin-top: 22px; margin-bottom: 0px; padding: 0px; line-height: 24px; color: rgb(51, 51, 51); text-align: justify; font-family: arial; white-space: normal; background-color: rgb(255, 255, 255);&quot;&gt;执手可见于平开窗，内开内倒窗，主要作用是当平开窗窗扇关闭后将窗扇压紧在窗框内，以达到密封的作用，或者当窗户关闭后便于开启窗户。选购执手时要选择表面平整、无毛刺、有重量感且镀层表面均匀的执手。&lt;/p&gt;&lt;div class=&quot;img-container&quot; style=&quot;margin-top: 30px; font-family: arial; font-size: 12px; white-space: normal; background-color: rgb(255, 255, 255);&quot;&gt;&lt;img class=&quot;large&quot; src=&quot;https://ss2.baidu.com/6ONYsjip0QIZ8tyhnq/it/u=399095645,3129711402&fm=173&s=143042315E6A533C47A4790F0300F0E1&w=640&h=730&img.JPEG&quot;/&gt;&lt;/div&gt;&lt;p style=&quot;margin-top: 26px; margin-bottom: 0px; padding: 0px; line-height: 24px; color: rgb(51, 51, 51); text-align: justify; font-family: arial; white-space: normal; background-color: rgb(255, 255, 255);&quot;&gt;二、铰链&lt;/p&gt;&lt;p style=&quot;margin-top: 22px; margin-bottom: 0px; padding: 0px; line-height: 24px; color: rgb(51, 51, 51); text-align: justify; font-family: arial; white-space: normal; background-color: rgb(255, 255, 255);&quot;&gt;铰链也是使用于平开窗，铰链的材料有铜、铁镀铜、不锈钢、铝合金挤出材料等制成，建议大家选购时切忌不要选用锌合金铸造的铰链。&lt;/p&gt;&lt;div class=&quot;img-container&quot; style=&quot;margin-top: 30px; font-family: arial; font-size: 12px; white-space: normal; background-color: rgb(255, 255, 255);&quot;&gt;&lt;img class=&quot;normal&quot; width=&quot;500px&quot; src=&quot;/uploads/image/20190225/1551091883896782.jpg&quot;/&gt;&lt;/div&gt;&lt;p style=&quot;margin-top: 26px; margin-bottom: 0px; padding: 0px; line-height: 24px; color: rgb(51, 51, 51); text-align: justify; font-family: arial; white-space: normal; background-color: rgb(255, 255, 255);&quot;&gt;三、滑撑&lt;/p&gt;&lt;p style=&quot;margin-top: 22px; margin-bottom: 0px; padding: 0px; line-height: 24px; color: rgb(51, 51, 51); text-align: justify; font-family: arial; white-space: normal; background-color: rgb(255, 255, 255);&quot;&gt;滑撑是用于平开窗实现启闭、定位的一种装置，建议选购时选用不锈钢材料制作的，合格的滑撑表面不应有划痕、锋棱、毛刺等缺陷。&lt;/p&gt;&lt;div class=&quot;img-container&quot; style=&quot;margin-top: 30px; font-family: arial; font-size: 12px; white-space: normal; background-color: rgb(255, 255, 255);&quot;&gt;&lt;img class=&quot;large&quot; src=&quot;https://ss0.baidu.com/6ONWsjip0QIZ8tyhnq/it/u=2146681992,263353971&fm=173&s=5612C529A637739A5E19415F0100C0E2&w=640&h=404&img.JPEG&quot;/&gt;&lt;/div&gt;&lt;div class=&quot;img-container&quot; style=&quot;margin-top: 30px; font-family: arial; font-size: 12px; white-space: normal; background-color: rgb(255, 255, 255);&quot;&gt;&lt;img class=&quot;large&quot; src=&quot;https://ss0.baidu.com/6ONWsjip0QIZ8tyhnq/it/u=225428430,3342409456&fm=173&s=A0011F703D8A444348F0F0CB0300E0F1&w=640&h=329&img.JPEG&quot;/&gt;&lt;/div&gt;&lt;p style=&quot;margin-top: 26px; margin-bottom: 0px; padding: 0px; line-height: 24px; color: rgb(51, 51, 51); text-align: justify; font-family: arial; white-space: normal; background-color: rgb(255, 255, 255);&quot;&gt;四、滑轮&lt;/p&gt;&lt;p style=&quot;margin-top: 22px; margin-bottom: 0px; padding: 0px; line-height: 24px; color: rgb(51, 51, 51); text-align: justify; font-family: arial; white-space: normal; background-color: rgb(255, 255, 255);&quot;&gt;滑轮承担着推拉门窗的重量，保证推拉门窗水平移动的顺畅。我们在选购滑轮时应注意滑轮架的材质及滑轮是否采用了滚针轴承或滚珠轴承，对推拉门的滑轮应选用相应的重型门用滑轮。&lt;/p&gt;&lt;div class=&quot;img-container&quot; style=&quot;margin-top: 30px; font-family: arial; font-size: 12px; white-space: normal; background-color: rgb(255, 255, 255);&quot;&gt;&lt;img class=&quot;large&quot; src=&quot;https://ss1.baidu.com/6ONXsjip0QIZ8tyhnq/it/u=2201920192,22849280&fm=173&s=B591E9332FB3F1CE4E78C5DB0100E0B3&w=640&h=458&img.JPEG&quot;/&gt;&lt;/div&gt;&lt;p style=&quot;margin-top: 26px; margin-bottom: 0px; padding: 0px; line-height: 24px; color: rgb(51, 51, 51); text-align: justify; font-family: arial; white-space: normal; background-color: rgb(255, 255, 255);&quot;&gt;五、半月锁&lt;/p&gt;&lt;p style=&quot;margin-top: 22px; margin-bottom: 0px; padding: 0px; line-height: 24px; color: rgb(51, 51, 51); text-align: justify; font-family: arial; white-space: normal; background-color: rgb(255, 255, 255);&quot;&gt;半月锁为扇与扇之间的锁钩，建议选用不锈钢或铝合金制作的较好。&lt;/p&gt;&lt;p style=&quot;margin-top: 22px; margin-bottom: 0px; padding: 0px; line-height: 24px; color: rgb(51, 51, 51); text-align: justify; font-family: arial; white-space: normal; background-color: rgb(255, 255, 255);&quot;&gt;六、密封条&lt;/p&gt;&lt;p style=&quot;margin-top: 22px; margin-bottom: 0px; padding: 0px; line-height: 24px; color: rgb(51, 51, 51); text-align: justify; font-family: arial; white-space: normal; background-color: rgb(255, 255, 255);&quot;&gt;门窗密封条可以阻隔灰尘，加强门窗的密封效果，同时对于阻隔噪音等也有好处。而且密封条还有减震、消音、密封、隔音、防潮等特点。&lt;/p&gt;&lt;div class=&quot;img-container&quot; style=&quot;margin-top: 30px; font-family: arial; font-size: 12px; white-space: normal; background-color: rgb(255, 255, 255);&quot;&gt;&lt;img class=&quot;large&quot; src=&quot;https://ss2.baidu.com/6ONYsjip0QIZ8tyhnq/it/u=418022549,3626191181&fm=173&s=5AA0346278B3A29E9DB9F0850100E0E1&w=640&h=355&img.JPEG&quot;/&gt;&lt;/div&gt;&lt;p style=&quot;margin-top: 26px; margin-bottom: 0px; padding: 0px; line-height: 24px; color: rgb(51, 51, 51); text-align: justify; font-family: arial; white-space: normal; background-color: rgb(255, 255, 255);&quot;&gt;五金件选购有哪些窍门？&lt;/p&gt;&lt;p style=&quot;margin-top: 22px; margin-bottom: 0px; padding: 0px; line-height: 24px; color: rgb(51, 51, 51); text-align: justify; font-family: arial; white-space: normal; background-color: rgb(255, 255, 255);&quot;&gt;1、选购时开合，拉动几次，看看是否灵活方便，挑选密封性能好的合页、滑轨、锁具。&lt;/p&gt;&lt;p style=&quot;margin-top: 22px; margin-bottom: 0px; padding: 0px; line-height: 24px; color: rgb(51, 51, 51); text-align: justify; font-family: arial; white-space: normal; background-color: rgb(255, 255, 255);&quot;&gt;2、要想选购灵活性能好的锁具，选购时尝试插拔几次体验整个过程是否顺畅，是不是省劲儿。&lt;/p&gt;&lt;p style=&quot;margin-top: 22px; margin-bottom: 0px; padding: 0px; line-height: 24px; color: rgb(51, 51, 51); text-align: justify; font-family: arial; white-space: normal; background-color: rgb(255, 255, 255);&quot;&gt;3、从外观上选购门窗五金件时，注意查看外观是否有缺陷，电镀光泽如何，手感是否光滑等&lt;/p&gt;&lt;div class=&quot;img-container&quot; style=&quot;margin-top: 30px; font-family: arial; font-size: 12px; white-space: normal; background-color: rgb(255, 255, 255);&quot;&gt;&lt;img class=&quot;normal&quot; width=&quot;432px&quot; src=&quot;https://ss2.baidu.com/6ONYsjip0QIZ8tyhnq/it/u=1121703929,3374821743&fm=173&s=F98BB35507674B0F1069A1710300907B&w=432&h=301&img.JPEG&quot;/&gt;&lt;/div&gt;&lt;p&gt;&lt;br/&gt;&lt;/p&gt;', 47, 0, 0, 1, 1551091890, 0, 1, 1, 0, 0, 'What are the precautions for door and window hardware purchase?', 'aatest', 'aakey', 'aadesc', '', '', '', '', '&lt;p&gt;With the improvement of the quality of life, doors and windows have also been upgraded from generation to generation! Today, we don&#39;t talk about doors and windows, let&#39;s talk about how to choose the hardware accessories for doors and windows, because to achieve the perfect function of doors and windows, the hardware can not fall off the chain, let&#39;s take a look at several common door and window hardware accessories and purchase considerations!&lt;/p&gt;&lt;p&gt;&lt;br/&gt;&lt;/p&gt;&lt;p&gt;First, the handle&lt;/p&gt;&lt;p&gt;&lt;br/&gt;&lt;/p&gt;&lt;p&gt;The handle can be seen in the casement window, and the inside window is inverted. The main function is to press the window sash into the window frame when the casement window sash is closed to achieve the sealing function, or to open the window when the window is closed. When choosing a handle, choose a handle that has a smooth surface, no burrs, a weight, and a uniform coating surface.&lt;/p&gt;&lt;p&gt;&lt;br/&gt;&lt;/p&gt;&lt;p&gt;&lt;br/&gt;&lt;/p&gt;&lt;p&gt;Second, the hinge&lt;/p&gt;&lt;p&gt;&lt;br/&gt;&lt;/p&gt;&lt;p&gt;The hinge is also used for the casement window. The hinge material is made of copper, iron-plated copper, stainless steel, aluminum alloy extrusion material, etc. It is recommended that you do not choose the zinc alloy casting hinge when purchasing.&lt;/p&gt;&lt;p&gt;&lt;br/&gt;&lt;/p&gt;&lt;p&gt;&lt;br/&gt;&lt;/p&gt;&lt;p&gt;Third, sliding support&lt;/p&gt;&lt;p&gt;&lt;br/&gt;&lt;/p&gt;&lt;p&gt;The sliding support is a device for opening and closing and positioning of the casement window. It is recommended to use stainless steel material when purchasing. The qualified sliding support surface should not have scratches, sharp edges, burrs and other defects.&lt;/p&gt;&lt;p&gt;&lt;br/&gt;&lt;/p&gt;&lt;p&gt;&lt;br/&gt;&lt;/p&gt;&lt;p&gt;&lt;br/&gt;&lt;/p&gt;&lt;p&gt;Fourth, the pulley&lt;/p&gt;&lt;p&gt;&lt;br/&gt;&lt;/p&gt;&lt;p&gt;The pulley bears the weight of the sliding door and window, ensuring the smooth movement of the sliding door and window. When purchasing the pulley, we should pay attention to the material of the pulley frame and whether the pulley adopts the needle bearing or the ball bearing. For the pulley of the sliding door, the corresponding heavy-duty door pulley should be selected.&lt;/p&gt;&lt;p&gt;&lt;br/&gt;&lt;/p&gt;&lt;p&gt;&lt;br/&gt;&lt;/p&gt;&lt;p&gt;Five and a half months lock&lt;/p&gt;&lt;p&gt;&lt;br/&gt;&lt;/p&gt;&lt;p&gt;The half moon lock is a lock hook between the fan and the fan. It is recommended to use stainless steel or aluminum alloy.&lt;/p&gt;&lt;p&gt;&lt;br/&gt;&lt;/p&gt;&lt;p&gt;Six, sealing strip&lt;/p&gt;&lt;p&gt;&lt;br/&gt;&lt;/p&gt;&lt;p&gt;Door and window seals can block dust, strengthen the sealing effect of doors and windows, and also have good benefits for blocking noise. Moreover, the sealing strip has the characteristics of shock absorption, noise reduction, sealing, sound insulation and moisture resistance.&lt;/p&gt;&lt;p&gt;&lt;br/&gt;&lt;/p&gt;&lt;p&gt;&lt;br/&gt;&lt;/p&gt;&lt;p&gt;What are the tips for hardware purchase?&lt;/p&gt;&lt;p&gt;&lt;br/&gt;&lt;/p&gt;&lt;p&gt;1. When opening and closing at the time of purchase, pull a few times to see if it is flexible and convenient, and choose a hinge, slide rail and lock with good sealing performance.&lt;/p&gt;&lt;p&gt;&lt;br/&gt;&lt;/p&gt;&lt;p&gt;2, if you want to buy a lock with flexible performance, try to plug and unplug several times to experience whether the whole process is smooth, is not a labor saving.&lt;/p&gt;&lt;p&gt;&lt;br/&gt;&lt;/p&gt;&lt;p&gt;3. When purchasing the door and window hardware from the appearance, pay attention to check whether the appearance is defective, how to polish the gloss, whether the hand feels smooth, etc.&lt;/p&gt;&lt;p&gt;&lt;br/&gt;&lt;/p&gt;', '', 0, 0, 0),
(15, 5, '建材材料都有哪些种类 建材选购注意事项', '', '', '', '', '', '', '/uploads/image/20190225/1551092350350407.jpg', '', '', '', '&lt;p style=&quot;margin-top: 0px; margin-bottom: 0px; padding: 0px; line-height: 24px; color: rgb(51, 51, 51); text-align: justify; font-family: arial; white-space: normal; background-color: rgb(255, 255, 255);&quot;&gt;&lt;span class=&quot;bjh-p&quot;&gt;无论是工装还是家装上都会用到各式各样建材材料，不同区域需要用到不同建材种类，那么，建材材料都有哪些种类？家装选购建材时要注意哪些问题呢？下面随着小编的脚步一起来看看建材材料都有哪些种类及注意事项吧。&lt;/span&gt;&lt;/p&gt;&lt;div class=&quot;img-container&quot; style=&quot;margin-top: 30px; font-family: arial; font-size: 12px; white-space: normal; background-color: rgb(255, 255, 255);&quot;&gt;&lt;img class=&quot;large&quot; src=&quot;https://ss0.baidu.com/6ONWsjip0QIZ8tyhnq/it/u=2381933748,1579747704&fm=173&app=49&f=JPEG?w=640&h=479&s=E21B1EC74A9B1CCE30B2E02203005058&quot;/&gt;&lt;/div&gt;&lt;p style=&quot;margin-top: 26px; margin-bottom: 0px; padding: 0px; line-height: 24px; color: rgb(51, 51, 51); text-align: justify; font-family: arial; white-space: normal; background-color: rgb(255, 255, 255);&quot;&gt;&lt;span class=&quot;bjh-p&quot;&gt;一、建材包括的种类&lt;/span&gt;&lt;/p&gt;&lt;p style=&quot;margin-top: 22px; margin-bottom: 0px; padding: 0px; line-height: 24px; color: rgb(51, 51, 51); text-align: justify; font-family: arial; white-space: normal; background-color: rgb(255, 255, 255);&quot;&gt;&lt;span class=&quot;bjh-p&quot;&gt;1、木地板分类：实木地板、 复合木地板、竹地板、 复合地板等等。&lt;/span&gt;&lt;/p&gt;&lt;p style=&quot;margin-top: 22px; margin-bottom: 0px; padding: 0px; line-height: 24px; color: rgb(51, 51, 51); text-align: justify; font-family: arial; white-space: normal; background-color: rgb(255, 255, 255);&quot;&gt;&lt;span class=&quot;bjh-p&quot;&gt;2、卫浴洁具分类：浴室柜、整体卫浴、 热水器、 浴缸、马桶、花洒、卫浴配件、排气扇、浴霸等等。&lt;/span&gt;&lt;/p&gt;&lt;p style=&quot;margin-top: 22px; margin-bottom: 0px; padding: 0px; line-height: 24px; color: rgb(51, 51, 51); text-align: justify; font-family: arial; white-space: normal; background-color: rgb(255, 255, 255);&quot;&gt;&lt;span class=&quot;bjh-p&quot;&gt;3、厨房设施分类：水槽、五金龙头、灶具、整体橱柜等等。&lt;/span&gt;&lt;/p&gt;&lt;div class=&quot;img-container&quot; style=&quot;margin-top: 30px; font-family: arial; font-size: 12px; white-space: normal; background-color: rgb(255, 255, 255);&quot;&gt;&lt;img class=&quot;large&quot; src=&quot;https://ss0.baidu.com/6ONWsjip0QIZ8tyhnq/it/u=150416229,1353803152&fm=173&app=49&f=JPEG?w=640&h=434&s=3989A1552E0163435289FD6503007070&quot;/&gt;&lt;/div&gt;&lt;p style=&quot;margin-top: 26px; margin-bottom: 0px; padding: 0px; line-height: 24px; color: rgb(51, 51, 51); text-align: justify; font-family: arial; white-space: normal; background-color: rgb(255, 255, 255);&quot;&gt;&lt;span class=&quot;bjh-p&quot;&gt;4、五金管件分类：门窗锁具、 橱柜拉手、管件、橱柜配件等等。&lt;/span&gt;&lt;/p&gt;&lt;p style=&quot;margin-top: 22px; margin-bottom: 0px; padding: 0px; line-height: 24px; color: rgb(51, 51, 51); text-align: justify; font-family: arial; white-space: normal; background-color: rgb(255, 255, 255);&quot;&gt;&lt;span class=&quot;bjh-p&quot;&gt;5、灯饰开关分类：开关、插排、 吸顶灯、射灯、筒灯、 吊灯、 光源、 电缆等等。&lt;/span&gt;&lt;/p&gt;&lt;p style=&quot;margin-top: 22px; margin-bottom: 0px; padding: 0px; line-height: 24px; color: rgb(51, 51, 51); text-align: justify; font-family: arial; white-space: normal; background-color: rgb(255, 255, 255);&quot;&gt;&lt;span class=&quot;bjh-p&quot;&gt;6、油漆涂装分类：墙漆、 涂料、 木器漆、 辅料、乳胶漆、水性漆、纳米漆、木器涂料、通用涂料等等。&lt;/span&gt;&lt;/p&gt;&lt;p style=&quot;margin-top: 22px; margin-bottom: 0px; padding: 0px; line-height: 24px; color: rgb(51, 51, 51); text-align: justify; font-family: arial; white-space: normal; background-color: rgb(255, 255, 255);&quot;&gt;&lt;span class=&quot;bjh-p&quot;&gt;7、瓷砖石材分类：釉面砖、瓷质砖、通体砖、大理石砖、马赛克、仿古砖等等。&lt;/span&gt;&lt;/p&gt;&lt;div class=&quot;img-container&quot; style=&quot;margin-top: 30px; font-family: arial; font-size: 12px; white-space: normal; background-color: rgb(255, 255, 255);&quot;&gt;&lt;img class=&quot;large&quot; src=&quot;https://ss0.baidu.com/6ONWsjip0QIZ8tyhnq/it/u=780491133,1880342660&fm=173&app=49&f=JPEG?w=640&h=589&s=865BA3760B42636404D8C45A0300D073&quot;/&gt;&lt;/div&gt;&lt;p style=&quot;margin-top: 26px; margin-bottom: 0px; padding: 0px; line-height: 24px; color: rgb(51, 51, 51); text-align: justify; font-family: arial; white-space: normal; background-color: rgb(255, 255, 255);&quot;&gt;&lt;span class=&quot;bjh-p&quot;&gt;8、门窗分类：木门、 防盗门、 复合门、 铝合金窗、 隔断等等。&lt;/span&gt;&lt;/p&gt;&lt;p style=&quot;margin-top: 22px; margin-bottom: 0px; padding: 0px; line-height: 24px; color: rgb(51, 51, 51); text-align: justify; font-family: arial; white-space: normal; background-color: rgb(255, 255, 255);&quot;&gt;&lt;span class=&quot;bjh-p&quot;&gt;9、水暖分类：暖气片、散热器、 地热、地暖等等。&lt;/span&gt;&lt;/p&gt;&lt;p style=&quot;margin-top: 22px; margin-bottom: 0px; padding: 0px; line-height: 24px; color: rgb(51, 51, 51); text-align: justify; font-family: arial; white-space: normal; background-color: rgb(255, 255, 255);&quot;&gt;&lt;span class=&quot;bjh-p&quot;&gt;二、建材材料选购注意事项&lt;/span&gt;&lt;/p&gt;&lt;p style=&quot;margin-top: 22px; margin-bottom: 0px; padding: 0px; line-height: 24px; color: rgb(51, 51, 51); text-align: justify; font-family: arial; white-space: normal; background-color: rgb(255, 255, 255);&quot;&gt;&lt;span class=&quot;bjh-p&quot;&gt;1、材料对人体的伤害&lt;/span&gt;&lt;/p&gt;&lt;p style=&quot;margin-top: 22px; margin-bottom: 0px; padding: 0px; line-height: 24px; color: rgb(51, 51, 51); text-align: justify; font-family: arial; white-space: normal; background-color: rgb(255, 255, 255);&quot;&gt;&lt;span class=&quot;bjh-p&quot;&gt;众所周知，劣质的装饰材料会有放射性元素，对室内的空气会产生有一定的破坏作用，使用久了会对人体有害，因此大家在选择材料的时候，一定要注意选购环保产品。&lt;/span&gt;&lt;/p&gt;&lt;div class=&quot;img-container&quot; style=&quot;margin-top: 30px; font-family: arial; font-size: 12px; white-space: normal; background-color: rgb(255, 255, 255);&quot;&gt;&lt;img class=&quot;large&quot; src=&quot;https://ss0.baidu.com/6ONWsjip0QIZ8tyhnq/it/u=1701276891,2840572566&fm=173&app=49&f=JPEG?w=640&h=356&s=E586FD17C5C8E4EB085485DC03007070&quot;/&gt;&lt;/div&gt;&lt;p style=&quot;margin-top: 26px; margin-bottom: 0px; padding: 0px; line-height: 24px; color: rgb(51, 51, 51); text-align: justify; font-family: arial; white-space: normal; background-color: rgb(255, 255, 255);&quot;&gt;&lt;span class=&quot;bjh-p&quot;&gt;2、重视防火安全&lt;/span&gt;&lt;/p&gt;&lt;p style=&quot;margin-top: 22px; margin-bottom: 0px; padding: 0px; line-height: 24px; color: rgb(51, 51, 51); text-align: justify; font-family: arial; white-space: normal; background-color: rgb(255, 255, 255);&quot;&gt;&lt;span class=&quot;bjh-p&quot;&gt;很多装饰材料都具有可燃性，存在一定的安全隐患。因此在选购的时候要特别注意，特别是吊顶材料更要选择无机饰面的材料，既安全又环保。&lt;/span&gt;&lt;/p&gt;&lt;p style=&quot;margin-top: 22px; margin-bottom: 0px; padding: 0px; line-height: 24px; color: rgb(51, 51, 51); text-align: justify; font-family: arial; white-space: normal; background-color: rgb(255, 255, 255);&quot;&gt;&lt;span class=&quot;bjh-p&quot;&gt;3、尽量选购优质的五金配件&lt;/span&gt;&lt;/p&gt;&lt;p style=&quot;margin-top: 22px; margin-bottom: 0px; padding: 0px; line-height: 24px; color: rgb(51, 51, 51); text-align: justify; font-family: arial; white-space: normal; background-color: rgb(255, 255, 255);&quot;&gt;&lt;span class=&quot;bjh-p&quot;&gt;很多业主在选材更加关注主材质量，而忽略了辅材的品质，其实辅材也是非常关键的，比如说水龙头，建议大家在选购时要注意尽量选购品牌的龙头，万一水龙头发生意外，水漫金山就麻烦了。而地漏要根据用途和位置来购买，角阀建议买不锈钢的。&lt;/span&gt;&lt;/p&gt;&lt;div class=&quot;img-container&quot; style=&quot;margin-top: 30px; font-family: arial; font-size: 12px; white-space: normal; background-color: rgb(255, 255, 255);&quot;&gt;&lt;img class=&quot;large&quot; src=&quot;https://ss1.baidu.com/6ONXsjip0QIZ8tyhnq/it/u=3581375929,3212660095&fm=173&app=49&f=JPEG?w=564&h=410&s=C8673D765B93705B0A585CC70300E030&quot;/&gt;&lt;/div&gt;&lt;p&gt;&lt;br/&gt;&lt;/p&gt;', 11, 0, 0, 2, 1551092358, 0, 1, 0, 0, 0, 'What kinds of building materials are available?', '', '', '', '', '', '', '', '&lt;p&gt;No matter whether it is tooling or home decoration, all kinds of building materials are used. Different areas need different building materials. So, what kinds of building materials are there? What issues should I pay attention to when purchasing home improvement materials? Let&#39;s take a look at the types of materials and precautions along with the footsteps of Xiaobian.&lt;/p&gt;&lt;p&gt;&lt;br/&gt;&lt;/p&gt;&lt;p&gt;&lt;br/&gt;&lt;/p&gt;&lt;p&gt;First, the types of building materials&lt;/p&gt;&lt;p&gt;&lt;br/&gt;&lt;/p&gt;&lt;p&gt;1, wood floor classification: solid wood flooring, composite wood flooring, bamboo flooring, laminate flooring and so on.&lt;/p&gt;&lt;p&gt;&lt;br/&gt;&lt;/p&gt;&lt;p&gt;2, sanitary ware classification: bathroom cabinets, bathroom, water heaters, bathtubs, toilets, showers, bathroom accessories, exhaust fans, Yuba and so on.&lt;/p&gt;&lt;p&gt;&lt;br/&gt;&lt;/p&gt;&lt;p&gt;3, kitchen facilities classification: sinks, hardware faucets, stoves, kitchen cabinets and so on.&lt;/p&gt;&lt;p&gt;&lt;br/&gt;&lt;/p&gt;&lt;p&gt;&lt;br/&gt;&lt;/p&gt;&lt;p&gt;4, metal pipe fittings classification: door and window locks, cabinet handles, pipe fittings, cabinet accessories and so on.&lt;/p&gt;&lt;p&gt;&lt;br/&gt;&lt;/p&gt;&lt;p&gt;5, lighting switch classification: switches, strips, ceiling lamps, spotlights, downlights, chandeliers, light sources, cables and so on.&lt;/p&gt;&lt;p&gt;&lt;br/&gt;&lt;/p&gt;&lt;p&gt;6, paint coating classification: wall paint, paint, wood paint, accessories, latex paint, water-based paint, nano paint, wood coatings, general coatings and so on.&lt;/p&gt;&lt;p&gt;&lt;br/&gt;&lt;/p&gt;&lt;p&gt;7, tile stone classification: glazed tiles, porcelain tiles, bricks, marble tiles, mosaics, antique tiles and so on.&lt;/p&gt;&lt;p&gt;&lt;br/&gt;&lt;/p&gt;&lt;p&gt;&lt;br/&gt;&lt;/p&gt;&lt;p&gt;8, door and window classification: wooden doors, security doors, composite doors, aluminum alloy windows, partitions and so on.&lt;/p&gt;&lt;p&gt;&lt;br/&gt;&lt;/p&gt;&lt;p&gt;9, plumbing classification: radiators, radiators, geothermal, floor heating and so on.&lt;/p&gt;&lt;p&gt;&lt;br/&gt;&lt;/p&gt;&lt;p&gt;Second, building materials purchase considerations&lt;/p&gt;&lt;p&gt;&lt;br/&gt;&lt;/p&gt;&lt;p&gt;1, the material damage to the human body&lt;/p&gt;&lt;p&gt;&lt;br/&gt;&lt;/p&gt;&lt;p&gt;As we all know, inferior decorative materials will have radioactive elements, which will have a certain destructive effect on the indoor air. It will be harmful to the human body after being used for a long time. Therefore, when choosing materials, we must pay attention to the purchase of environmentally friendly products.&lt;/p&gt;&lt;p&gt;&lt;br/&gt;&lt;/p&gt;&lt;p&gt;&lt;br/&gt;&lt;/p&gt;&lt;p&gt;2, pay attention to fire safety&lt;/p&gt;&lt;p&gt;&lt;br/&gt;&lt;/p&gt;&lt;p&gt;Many decorative materials are flammable and have certain safety hazards. Therefore, pay special attention to the purchase, especially the ceiling material should choose the material of the inorganic finish, which is safe and environmentally friendly.&lt;/p&gt;&lt;p&gt;&lt;br/&gt;&lt;/p&gt;&lt;p&gt;3, try to buy quality hardware accessories&lt;/p&gt;&lt;p&gt;&lt;br/&gt;&lt;/p&gt;&lt;p&gt;Many owners pay more attention to the quality of the main materials in the selection of materials, and ignore the quality of the auxiliary materials. In fact, the auxiliary materials are also very important. For example, the faucet, it is recommended that you pay attention to buying the brand&#39;s faucet when purchasing, in case the faucet has an accident. Water Man Mountain is in trouble. The floor drain should be purchased according to the purpose and location. The angle valve is recommended to buy stainless steel.&lt;/p&gt;&lt;p&gt;&lt;br/&gt;&lt;/p&gt;', '', 1, 0, 0),
(9, 4, '断桥铝门窗五金配件有哪些 断桥铝门窗怎么选购', '门窗', '门窗', '门窗', '', '', '', '/uploads/image/20190225/1551092085636181.jpg', '', '', '', '&lt;p style=&quot;margin-top: 0px; margin-bottom: 0px; padding: 0px; line-height: 24px; color: rgb(51, 51, 51); text-align: justify; font-family: arial; white-space: normal; background-color: rgb(255, 255, 255);&quot;&gt;&lt;span class=&quot;bjh-p&quot;&gt;如今，人们选购门窗时，都会选择断桥铝门窗，这种门窗运用非常广泛，因此有不少生产厂家都在争相追逐断桥铝门窗的加工、制作、生产与研发，所以也陆续推出一系列的断桥铝门窗产品。那么，接下来为大家介绍断桥铝门窗五金配件有哪些及断桥铝门窗怎么选购。&lt;/span&gt;&lt;/p&gt;&lt;div class=&quot;img-container&quot; style=&quot;margin-top: 30px; font-family: arial; font-size: 12px; white-space: normal; background-color: rgb(255, 255, 255);&quot;&gt;&lt;img class=&quot;large&quot; src=&quot;https://ss1.baidu.com/6ONXsjip0QIZ8tyhnq/it/u=1809683176,1310252453&fm=173&app=25&f=JPEG?w=640&h=514&s=FE9015C56EC624DA1EBC583A03005010&quot;/&gt;&lt;/div&gt;&lt;p style=&quot;margin-top: 26px; margin-bottom: 0px; padding: 0px; line-height: 24px; color: rgb(51, 51, 51); text-align: justify; font-family: arial; white-space: normal; background-color: rgb(255, 255, 255);&quot;&gt;&lt;span class=&quot;bjh-p&quot;&gt;断桥铝门窗五金配件有哪些&lt;/span&gt;&lt;/p&gt;&lt;p style=&quot;margin-top: 22px; margin-bottom: 0px; padding: 0px; line-height: 24px; color: rgb(51, 51, 51); text-align: justify; font-family: arial; white-space: normal; background-color: rgb(255, 255, 255);&quot;&gt;&lt;span class=&quot;bjh-p&quot;&gt;对于断桥铝门窗五金配件大家可能不是非常了解，而断桥铝门窗五金配件主要包括：合页、铰链、执手、密封胶条等。合页的承载能力关系到门窗的使用安全和启闭是否顺畅;而铰链适合用于分隔比较小的门窗或是上悬窗;执手适用于分格和荷载较小的窗扇使用;密封条的主要作用的起到密封性，使门窗更加紧密，不漏风。&lt;/span&gt;&lt;/p&gt;&lt;div class=&quot;img-container&quot; style=&quot;margin-top: 30px; font-family: arial; font-size: 12px; white-space: normal; background-color: rgb(255, 255, 255);&quot;&gt;&lt;img class=&quot;normal&quot; width=&quot;537px&quot; src=&quot;https://ss0.baidu.com/6ONWsjip0QIZ8tyhnq/it/u=695722632,1685631566&fm=173&app=25&f=JPEG?w=537&h=290&s=6D280FD07CBB8E9A8EA5641B0100A0C2&quot;/&gt;&lt;/div&gt;&lt;p style=&quot;margin-top: 26px; margin-bottom: 0px; padding: 0px; line-height: 24px; color: rgb(51, 51, 51); text-align: justify; font-family: arial; white-space: normal; background-color: rgb(255, 255, 255);&quot;&gt;&lt;span class=&quot;bjh-p&quot;&gt;断桥铝门窗怎么选购&lt;/span&gt;&lt;/p&gt;&lt;p style=&quot;margin-top: 22px; margin-bottom: 0px; padding: 0px; line-height: 24px; color: rgb(51, 51, 51); text-align: justify; font-family: arial; white-space: normal; background-color: rgb(255, 255, 255);&quot;&gt;&lt;span class=&quot;bjh-p&quot;&gt;1、隔热条&lt;/span&gt;&lt;/p&gt;&lt;p style=&quot;margin-top: 22px; margin-bottom: 0px; padding: 0px; line-height: 24px; color: rgb(51, 51, 51); text-align: justify; font-family: arial; white-space: normal; background-color: rgb(255, 255, 255);&quot;&gt;&lt;span class=&quot;bjh-p&quot;&gt;隔热条是断桥铝中比较关键的一个部件，这种隔热条必须采用国家规定的PA66尼龙作为材料，如果是一般的PVC材质的隔热条，会因经不起温差过大等环境，会造成使用寿命下降。&lt;/span&gt;&lt;/p&gt;&lt;div class=&quot;img-container&quot; style=&quot;margin-top: 30px; font-family: arial; font-size: 12px; white-space: normal; background-color: rgb(255, 255, 255);&quot;&gt;&lt;img class=&quot;large&quot; src=&quot;https://ss2.baidu.com/6ONYsjip0QIZ8tyhnq/it/u=43285193,2949046391&fm=173&app=25&f=JPEG?w=639&h=386&s=10B5529146B77B9A36BC1B600300D071&quot;/&gt;&lt;/div&gt;&lt;p style=&quot;margin-top: 26px; margin-bottom: 0px; padding: 0px; line-height: 24px; color: rgb(51, 51, 51); text-align: justify; font-family: arial; white-space: normal; background-color: rgb(255, 255, 255);&quot;&gt;&lt;span class=&quot;bjh-p&quot;&gt;2、型材壁厚&lt;/span&gt;&lt;/p&gt;&lt;p style=&quot;margin-top: 22px; margin-bottom: 0px; padding: 0px; line-height: 24px; color: rgb(51, 51, 51); text-align: justify; font-family: arial; white-space: normal; background-color: rgb(255, 255, 255);&quot;&gt;&lt;span class=&quot;bjh-p&quot;&gt;在选购断桥铝门窗时，必须要选择材质较厚的断桥铝门窗。现在有不少商家为了谋取跟高的盈利，会在厚度上偷工减料，所以选购时一定要注意厚度是否达到使用要求。&lt;/span&gt;&lt;/p&gt;&lt;div class=&quot;img-container&quot; style=&quot;margin-top: 30px; font-family: arial; font-size: 12px; white-space: normal; background-color: rgb(255, 255, 255);&quot;&gt;&lt;img class=&quot;large&quot; src=&quot;https://ss1.baidu.com/6ONXsjip0QIZ8tyhnq/it/u=439971550,3106425779&fm=173&app=25&f=JPEG?w=609&h=449&s=30B87590D07F3B9A059820070300D0E2&quot;/&gt;&lt;/div&gt;&lt;p style=&quot;margin-top: 26px; margin-bottom: 0px; padding: 0px; line-height: 24px; color: rgb(51, 51, 51); text-align: justify; font-family: arial; white-space: normal; background-color: rgb(255, 255, 255);&quot;&gt;&lt;span class=&quot;bjh-p&quot;&gt;3、尽量选择原装产品，而不是选择二次喷涂的产品。因为有不少人不懂得断桥铝门窗的分辨方法，所以经常会购买到二次喷涂的断桥铝门窗，这样的断桥铝门窗质量较差，要谨慎选购。&lt;/span&gt;&lt;/p&gt;&lt;p style=&quot;margin-top: 22px; margin-bottom: 0px; padding: 0px; line-height: 24px; color: rgb(51, 51, 51); text-align: justify; font-family: arial; white-space: normal; background-color: rgb(255, 255, 255);&quot;&gt;&lt;span class=&quot;bjh-p&quot;&gt;编辑总结：关于断桥铝门窗五金配件有哪些及断桥铝门窗怎么选购就介绍到这里了，希望对大家有所帮助。&lt;/span&gt;&lt;/p&gt;&lt;p&gt;&lt;br/&gt;&lt;/p&gt;', 30, 0, 0, 2, 1551092092, 0, 1, 1, 0, 0, 'What are the aluminum doors and windows hardware accessories for broken bridges?', '', '', '', '', '', '', '', '&lt;p&gt;Nowadays, when people buy doors and windows, they will choose broken aluminum doors and windows. This kind of doors and windows are widely used. Therefore, many manufacturers are scrambling to chase the processing, production, production and R&amp;D of broken aluminum doors and windows, so they are also launched. A series of broken aluminum doors and windows products. Then, let&#39;s introduce you to the broken aluminum door and window hardware accessories and how to buy the broken aluminum doors and windows.&lt;/p&gt;&lt;p&gt;&lt;br/&gt;&lt;/p&gt;&lt;p&gt;&lt;br/&gt;&lt;/p&gt;&lt;p&gt;What are the aluminum doors and windows hardware accessories?&lt;/p&gt;&lt;p&gt;&lt;br/&gt;&lt;/p&gt;&lt;p&gt;For the broken aluminum door and window hardware accessories, you may not know very well, and the broken aluminum door and window hardware accessories mainly include: hinges, hinges, handles, sealing strips, etc. The bearing capacity of the hinge is related to the safety of the door and window and whether the opening and closing is smooth; the hinge is suitable for separating relatively small doors and windows or the upper hanging window; the handle is suitable for the sash used for the division and the load; the sealing strip is used. The main function is to seal, so that the doors and windows are more tight and there is no air leakage.&lt;/p&gt;&lt;p&gt;&lt;br/&gt;&lt;/p&gt;&lt;p&gt;&lt;br/&gt;&lt;/p&gt;&lt;p&gt;How to buy broken aluminum doors and windows&lt;/p&gt;&lt;p&gt;&lt;br/&gt;&lt;/p&gt;&lt;p&gt;1, insulation strip&lt;/p&gt;&lt;p&gt;&lt;br/&gt;&lt;/p&gt;&lt;p&gt;The heat insulation strip is a key component in the broken bridge aluminum. The heat insulation strip must use the PA66 nylon specified by the state as the material. If it is a general PVC insulation strip, it will not be able to withstand the temperature difference and other environments. Will cause a decline in service life.&lt;/p&gt;&lt;p&gt;&lt;br/&gt;&lt;/p&gt;&lt;p&gt;&lt;br/&gt;&lt;/p&gt;&lt;p&gt;2, profile wall thickness&lt;/p&gt;&lt;p&gt;&lt;br/&gt;&lt;/p&gt;&lt;p&gt;When purchasing broken aluminum doors and windows, you must choose a thick aluminum door and window. Nowadays, many merchants will cut corners on the thickness in order to obtain high profit, so it is necessary to pay attention to whether the thickness meets the requirements for use.&lt;/p&gt;&lt;p&gt;&lt;br/&gt;&lt;/p&gt;&lt;p&gt;&lt;br/&gt;&lt;/p&gt;&lt;p&gt;3. Try to choose the original product instead of the second-spray product. Because many people do not understand the method of distinguishing aluminum doors and windows of broken bridges, they often buy secondary aluminum doors and windows that are sprayed twice. Such broken aluminum doors and windows are of poor quality and should be carefully purchased.&lt;/p&gt;&lt;p&gt;&lt;br/&gt;&lt;/p&gt;&lt;p&gt;Editor&#39;s summary: On the broken bridge aluminum door and window hardware accessories and how to buy aluminum bridge doors and windows, I would like to introduce it here, I hope to help everyone.&lt;/p&gt;&lt;p&gt;&lt;br/&gt;&lt;/p&gt;', '', 0, 0, 0),
(10, 39, '工程案例测试', '案例', '案例', '案例', '', '', '', '/uploads/image/20190210/1549784105916576.jpg', '', '工程案例测试', '', '&lt;p&gt;工程案例测试&nbsp;&lt;/p&gt;', 4, 0, 0, 1, 1551006191, 0, 1, 0, 0, 0, 'Engineering case test', '', '', '', '', '', '', '', '&lt;p&gt;Engineering case test&lt;/p&gt;', '', 0, 0, 0),
(11, 35, '下载中心测试', '', '', '', '', '', '', '/uploads/image/20190210/1549784105916576.jpg', '', '', '', '&lt;p&gt;下载中心测试&lt;/p&gt;', 13, 0, 0, 1, 1549785303, 0, 1, 0, 0, 0, 'Download center test', '', '', '', '', '', '', '', '&lt;p&gt;Download center test&lt;/p&gt;', '', 0, 0, 0),
(13, 4, '彩铝门窗好不好？彩铝门窗选购注意事项！', '', '', '', '', '', '', '/uploads/image/20190225/1551092154278458.jpg', '', '', '', '&lt;p style=&quot;margin-top: 0px; margin-bottom: 0px; padding: 0px; line-height: 24px; color: rgb(51, 51, 51); text-align: justify; font-family: arial; white-space: normal; background-color: rgb(255, 255, 255);&quot;&gt;&lt;span class=&quot;bjh-p&quot;&gt;随着中国房地市场的火热，各类新型建材产品不断出现，彩铝门窗就是彩色的铝合金门窗，其主要材质为铝合金，有着安装方便、颜色选择多等特点，正在逐渐替代普通门窗。作为普通消费者，在选购彩铝门窗时需要注意什么，是许多朋友的疑问。下面就和“未来家装网”一起来看看彩铝门窗好不好？彩铝门窗选购注意事项！&lt;/span&gt;&lt;/p&gt;&lt;div class=&quot;img-container&quot; style=&quot;margin-top: 30px; font-family: arial; font-size: 12px; white-space: normal; background-color: rgb(255, 255, 255);&quot;&gt;&lt;img class=&quot;normal&quot; width=&quot;500px&quot; src=&quot;https://ss2.baidu.com/6ONYsjip0QIZ8tyhnq/it/u=3633916943,2724396177&fm=173&app=25&f=JPEG?w=500&h=388&s=DC187E9FA8C6C4CA1823347A0300F078&quot;/&gt;&lt;span class=&quot;bjh-image-caption&quot; style=&quot;font-size: 13px; color: rgb(153, 153, 153); display: block; margin-top: 11px; text-align: center;&quot;&gt;彩铝门窗好不好&lt;/span&gt;&lt;/div&gt;&lt;p style=&quot;margin-top: 26px; margin-bottom: 0px; padding: 0px; line-height: 24px; color: rgb(51, 51, 51); text-align: justify; font-family: arial; white-space: normal; background-color: rgb(255, 255, 255);&quot;&gt;&lt;span class=&quot;bjh-p&quot;&gt;&lt;span class=&quot;bjh-strong&quot; style=&quot;font-size: 18px; font-weight: 700;&quot;&gt;一、特点&lt;/span&gt;&lt;/span&gt;&lt;/p&gt;&lt;p style=&quot;margin-top: 22px; margin-bottom: 0px; padding: 0px; line-height: 24px; color: rgb(51, 51, 51); text-align: justify; font-family: arial; white-space: normal; background-color: rgb(255, 255, 255);&quot;&gt;&lt;span class=&quot;bjh-p&quot;&gt;&lt;span class=&quot;bjh-strong&quot; style=&quot;font-size: 18px; font-weight: 700;&quot;&gt;彩铝门窗&lt;/span&gt;的颜色有很多，彩电泳工艺有乳白色、蓝色、红色等。采用静电粉末喷涂处理工艺有白色、黑色、黄色、绿色、灰色、红色等，色彩选择范围更广。&lt;/span&gt;&lt;/p&gt;&lt;p style=&quot;margin-top: 22px; margin-bottom: 0px; padding: 0px; line-height: 24px; color: rgb(51, 51, 51); text-align: justify; font-family: arial; white-space: normal; background-color: rgb(255, 255, 255);&quot;&gt;&lt;span class=&quot;bjh-p&quot;&gt;&lt;span class=&quot;bjh-strong&quot; style=&quot;font-size: 18px; font-weight: 700;&quot;&gt;二、使用范围&lt;/span&gt;&lt;/span&gt;&lt;/p&gt;&lt;p style=&quot;margin-top: 22px; margin-bottom: 0px; padding: 0px; line-height: 24px; color: rgb(51, 51, 51); text-align: justify; font-family: arial; white-space: normal; background-color: rgb(255, 255, 255);&quot;&gt;&lt;span class=&quot;bjh-p&quot;&gt;家里的推拉门、折叠门、壁柜门、隔断、平开窗等都可以使用彩铝类门窗。&lt;/span&gt;&lt;/p&gt;&lt;p style=&quot;margin-top: 22px; margin-bottom: 0px; padding: 0px; line-height: 24px; color: rgb(51, 51, 51); text-align: justify; font-family: arial; white-space: normal; background-color: rgb(255, 255, 255);&quot;&gt;&lt;span class=&quot;bjh-p&quot;&gt;&lt;span class=&quot;bjh-strong&quot; style=&quot;font-size: 18px; font-weight: 700;&quot;&gt;三、选购&lt;/span&gt;&lt;/span&gt;&lt;/p&gt;&lt;p style=&quot;margin-top: 22px; margin-bottom: 0px; padding: 0px; line-height: 24px; color: rgb(51, 51, 51); text-align: justify; font-family: arial; white-space: normal; background-color: rgb(255, 255, 255);&quot;&gt;&lt;span class=&quot;bjh-p&quot;&gt;彩铝门窗材料有：铝型材 、玻璃、五金件，优质彩铝窗使用的铝型材厚度、强度和氧化膜要符合国家标准，壁厚要不低于1.2mm，氧化膜厚度要达到10微米。&lt;/span&gt;&lt;/p&gt;&lt;p style=&quot;margin-top: 22px; margin-bottom: 0px; padding: 0px; line-height: 24px; color: rgb(51, 51, 51); text-align: justify; font-family: arial; white-space: normal; background-color: rgb(255, 255, 255);&quot;&gt;&lt;span class=&quot;bjh-p&quot;&gt;彩铝门窗的技术含量不高，主要为手工安装，彩铝窗的加工要精细，切线要流畅、角度要一致，不能出现较明显的缝隙。&lt;/span&gt;&lt;/p&gt;&lt;p style=&quot;margin-top: 22px; margin-bottom: 0px; padding: 0px; line-height: 24px; color: rgb(51, 51, 51); text-align: justify; font-family: arial; white-space: normal; background-color: rgb(255, 255, 255);&quot;&gt;&lt;span class=&quot;bjh-p&quot;&gt;检查彩铝门窗外观以及玻璃的装饰图案，重点注意彩铝窗表面的复合膜，复合膜具有耐腐蚀、耐磨损、高光泽度，及一定的防火功能。&lt;/span&gt;&lt;/p&gt;&lt;p style=&quot;margin-top: 22px; margin-bottom: 0px; padding: 0px; line-height: 24px; color: rgb(51, 51, 51); text-align: justify; font-family: arial; white-space: normal; background-color: rgb(255, 255, 255);&quot;&gt;&lt;span class=&quot;bjh-p&quot;&gt;铝型材的强度要能承受超高压；门窗的内扇与外框结构是否严密，无框阳台窗是否紧密不透风；彩铝门窗是否会积水、渗漏；中空玻璃的隔音效果和其它特殊的隔音气密条结构；门窗的开闭力、隔热性、尼龙导向轮耐久性。&lt;/span&gt;&lt;/p&gt;&lt;p&gt;&lt;br/&gt;&lt;/p&gt;', 5, 0, 0, 3, 1551092159, 0, 1, 0, 0, 0, 'Is the color aluminum door and window good? Color aluminum doors and windows to buy attention!', '', '', '', '', '', '', '', '&lt;p&gt;With the fiery heat of China&#39;s real estate market, all kinds of new building materials have emerged. The color aluminum doors and windows are colored aluminum alloy doors and windows. The main material is aluminum alloy, which has the characteristics of convenient installation and many color choices. It is gradually replacing ordinary doors and windows. As an ordinary consumer, what to pay attention to when buying color aluminum doors and windows is a question of many friends. Let&#39;s take a look at the &quot;Future Home Improvement Network&quot; to see if the color aluminum doors and windows are good? Color aluminum doors and windows to buy attention!&lt;/p&gt;&lt;p&gt;&lt;br/&gt;&lt;/p&gt;&lt;p&gt;&lt;br/&gt;&lt;/p&gt;&lt;p&gt;Color aluminum doors and windows are good&lt;/p&gt;&lt;p&gt;First, the characteristics&lt;/p&gt;&lt;p&gt;&lt;br/&gt;&lt;/p&gt;&lt;p&gt;There are many colors of color aluminum doors and windows, and the color electrophoresis process has milky white, blue, red and so on. The electrostatic powder coating process is white, black, yellow, green, gray, red, etc., and the color selection range is wider.&lt;/p&gt;&lt;p&gt;&lt;br/&gt;&lt;/p&gt;&lt;p&gt;Second, the scope of use&lt;/p&gt;&lt;p&gt;&lt;br/&gt;&lt;/p&gt;&lt;p&gt;Color aluminum doors and windows can be used for sliding doors, folding doors, closet doors, partitions, and casement windows.&lt;/p&gt;&lt;p&gt;&lt;br/&gt;&lt;/p&gt;&lt;p&gt;Third, purchase&lt;/p&gt;&lt;p&gt;&lt;br/&gt;&lt;/p&gt;&lt;p&gt;Color aluminum door and window materials are: aluminum profiles, glass, hardware, high-quality color aluminum window used aluminum profiles thickness, strength and oxide film to comply with national standards, wall thickness should not be less than 1.2mm, oxide film thickness should reach 10 microns.&lt;/p&gt;&lt;p&gt;&lt;br/&gt;&lt;/p&gt;&lt;p&gt;The technical content of color aluminum doors and windows is not high, mainly for manual installation. The processing of color aluminum windows should be fine, the tangential lines should be smooth, the angles should be consistent, and there should be no obvious gaps.&lt;/p&gt;&lt;p&gt;&lt;br/&gt;&lt;/p&gt;&lt;p&gt;Check the appearance of color aluminum doors and windows and the decorative pattern of glass, paying attention to the composite film on the surface of color aluminum window. The composite film has corrosion resistance, wear resistance, high gloss and certain fireproof function.&lt;/p&gt;&lt;p&gt;&lt;br/&gt;&lt;/p&gt;&lt;p&gt;The strength of the aluminum profile should be able to withstand the ultra-high pressure; whether the inner and outer frame structure of the door and window are tight, whether the frameless balcony window is tight and airtight; whether the color aluminum door and window will accumulate water and leak; the sound insulation effect of the insulating glass and other special Sound insulation and airtight strip structure; opening and closing force of door and window, heat insulation, durability of nylon guide wheel.&lt;/p&gt;&lt;p&gt;&lt;br/&gt;&lt;/p&gt;', '', 0, 1, 0);
INSERT INTO `yunyehui_m_news` (`id`, `catid`, `title`, `seotitle`, `seokeywords`, `seodesc`, `source`, `author`, `template`, `pic`, `picfile`, `summary`, `exlink`, `content`, `hits`, `userid`, `groupid`, `ordernum`, `addtime`, `updatetime`, `status`, `isgood`, `istop`, `ishead`, `title_en`, `seotitle_en`, `seokeywords_en`, `seodesc_en`, `source_en`, `author_en`, `summary_en`, `exlink_en`, `content_en`, `morepic`, `admin_userid`, `ispower`, `downnum`) VALUES
(14, 5, '门窗五金配件知多少？你知道什么样的五金是好的吗？', '', '', '', '', '', '', '/uploads/image/20190225/1551092262110204.jpeg', '', '', '', '&lt;p style=&quot;margin-top: 26px; margin-bottom: 0px; padding: 0px; line-height: 24px; color: rgb(51, 51, 51); text-align: justify; font-family: arial; white-space: normal; background-color: rgb(255, 255, 255);&quot;&gt;随着生活品质的提升，门窗也在一代代升级换新！今天我们不谈门窗，就来谈谈门窗的五金配件怎么选，因为要想实现门窗的完美功能，五金可不能掉链子，下面就来了解一下几种常见的门窗五金配件及选购注意事项！&lt;/p&gt;&lt;p style=&quot;margin-top: 22px; margin-bottom: 0px; padding: 0px; line-height: 24px; color: rgb(51, 51, 51); text-align: justify; font-family: arial; white-space: normal; background-color: rgb(255, 255, 255);&quot;&gt;&lt;span class=&quot;bjh-br&quot;&gt;&lt;/span&gt;&lt;span class=&quot;bjh-br&quot;&gt;&lt;/span&gt;&lt;/p&gt;&lt;p style=&quot;margin-top: 22px; margin-bottom: 0px; padding: 0px; line-height: 24px; color: rgb(51, 51, 51); text-align: justify; font-family: arial; white-space: normal; background-color: rgb(255, 255, 255);&quot;&gt;一、执手&lt;/p&gt;&lt;p style=&quot;margin-top: 22px; margin-bottom: 0px; padding: 0px; line-height: 24px; color: rgb(51, 51, 51); text-align: justify; font-family: arial; white-space: normal; background-color: rgb(255, 255, 255);&quot;&gt;执手可见于平开窗，内开内倒窗，主要作用是当平开窗窗扇关闭后将窗扇压紧在窗框内，以达到密封的作用，或者当窗户关闭后便于开启窗户。选购执手时要选择表面平整、无毛刺、有重量感且镀层表面均匀的执手。&lt;/p&gt;&lt;div class=&quot;img-container&quot; style=&quot;margin-top: 30px; font-family: arial; font-size: 12px; white-space: normal; background-color: rgb(255, 255, 255);&quot;&gt;&lt;img class=&quot;large&quot; src=&quot;http://t10.baidu.com/it/u=2219567226,4129109961&fm=173&s=143242315E6A533C47A4790F0300F0E1&w=640&h=785&img.JPEG&quot;/&gt;&lt;/div&gt;&lt;p style=&quot;margin-top: 26px; margin-bottom: 0px; padding: 0px; line-height: 24px; color: rgb(51, 51, 51); text-align: justify; font-family: arial; white-space: normal; background-color: rgb(255, 255, 255);&quot;&gt;&lt;span class=&quot;bjh-br&quot;&gt;&lt;/span&gt;&lt;span class=&quot;bjh-br&quot;&gt;&lt;/span&gt;&lt;/p&gt;&lt;p style=&quot;margin-top: 22px; margin-bottom: 0px; padding: 0px; line-height: 24px; color: rgb(51, 51, 51); text-align: justify; font-family: arial; white-space: normal; background-color: rgb(255, 255, 255);&quot;&gt;二、铰链&lt;/p&gt;&lt;p style=&quot;margin-top: 22px; margin-bottom: 0px; padding: 0px; line-height: 24px; color: rgb(51, 51, 51); text-align: justify; font-family: arial; white-space: normal; background-color: rgb(255, 255, 255);&quot;&gt;铰链也是使用于平开窗，铰链的材料有铜、铁镀铜、不锈钢、铝合金挤出材料等制成，建议大家选购时切忌不要选用锌合金铸造的铰链。&lt;/p&gt;&lt;div class=&quot;img-container&quot; style=&quot;margin-top: 30px; font-family: arial; font-size: 12px; white-space: normal; background-color: rgb(255, 255, 255);&quot;&gt;&lt;img class=&quot;normal&quot; width=&quot;500px&quot; src=&quot;http://hiphotos.baidu.com/feed/pic/item/fd039245d688d43f73237520771ed21b0ff43b5e.jpg&quot;/&gt;&lt;/div&gt;&lt;p style=&quot;margin-top: 26px; margin-bottom: 0px; padding: 0px; line-height: 24px; color: rgb(51, 51, 51); text-align: justify; font-family: arial; white-space: normal; background-color: rgb(255, 255, 255);&quot;&gt;三、滑撑&lt;/p&gt;&lt;p style=&quot;margin-top: 22px; margin-bottom: 0px; padding: 0px; line-height: 24px; color: rgb(51, 51, 51); text-align: justify; font-family: arial; white-space: normal; background-color: rgb(255, 255, 255);&quot;&gt;滑撑是用于平开窗实现启闭、定位的一种装置，建议选购时选用不锈钢材料制作的，合格的滑撑表面不应有划痕、锋棱、毛刺等缺陷。&lt;/p&gt;&lt;div class=&quot;img-container&quot; style=&quot;margin-top: 30px; font-family: arial; font-size: 12px; white-space: normal; background-color: rgb(255, 255, 255);&quot;&gt;&lt;img class=&quot;large&quot; src=&quot;http://t10.baidu.com/it/u=3853850214,3989933162&fm=173&s=5612C529E637739A5E1941DF0100C0E2&w=640&h=435&img.JPEG&quot;/&gt;&lt;/div&gt;&lt;div class=&quot;img-container&quot; style=&quot;margin-top: 30px; font-family: arial; font-size: 12px; white-space: normal; background-color: rgb(255, 255, 255);&quot;&gt;&lt;img class=&quot;large&quot; src=&quot;http://t11.baidu.com/it/u=2416815811,3422817570&fm=173&s=A0031F70398B404348F0F0CB0300A0F1&w=640&h=354&img.JPEG&quot;/&gt;&lt;/div&gt;&lt;p style=&quot;margin-top: 26px; margin-bottom: 0px; padding: 0px; line-height: 24px; color: rgb(51, 51, 51); text-align: justify; font-family: arial; white-space: normal; background-color: rgb(255, 255, 255);&quot;&gt;四、滑轮&lt;/p&gt;&lt;p style=&quot;margin-top: 22px; margin-bottom: 0px; padding: 0px; line-height: 24px; color: rgb(51, 51, 51); text-align: justify; font-family: arial; white-space: normal; background-color: rgb(255, 255, 255);&quot;&gt;滑轮承担着推拉门窗的重量，保证推拉门窗水平移动的顺畅。我们在选购滑轮时应注意滑轮架的材质及滑轮是否采用了滚针轴承或滚珠轴承，对推拉门的滑轮应选用相应的重型门用滑轮。&lt;/p&gt;&lt;div class=&quot;img-container&quot; style=&quot;margin-top: 30px; font-family: arial; font-size: 12px; white-space: normal; background-color: rgb(255, 255, 255);&quot;&gt;&lt;img class=&quot;large&quot; src=&quot;http://t11.baidu.com/it/u=597946027,2478142194&fm=173&s=B591C9332FB3F0CE4678C5DB0100E0B1&w=640&h=493&img.JPEG&quot;/&gt;&lt;/div&gt;&lt;p style=&quot;margin-top: 26px; margin-bottom: 0px; padding: 0px; line-height: 24px; color: rgb(51, 51, 51); text-align: justify; font-family: arial; white-space: normal; background-color: rgb(255, 255, 255);&quot;&gt;五、半月锁&lt;/p&gt;&lt;p style=&quot;margin-top: 22px; margin-bottom: 0px; padding: 0px; line-height: 24px; color: rgb(51, 51, 51); text-align: justify; font-family: arial; white-space: normal; background-color: rgb(255, 255, 255);&quot;&gt;半月锁为扇与扇之间的锁钩，建议选用不锈钢或铝合金制作的较好。&lt;/p&gt;&lt;p style=&quot;margin-top: 22px; margin-bottom: 0px; padding: 0px; line-height: 24px; color: rgb(51, 51, 51); text-align: justify; font-family: arial; white-space: normal; background-color: rgb(255, 255, 255);&quot;&gt;&lt;span class=&quot;bjh-br&quot;&gt;&lt;/span&gt;&lt;span class=&quot;bjh-br&quot;&gt;&lt;/span&gt;&lt;/p&gt;&lt;p style=&quot;margin-top: 22px; margin-bottom: 0px; padding: 0px; line-height: 24px; color: rgb(51, 51, 51); text-align: justify; font-family: arial; white-space: normal; background-color: rgb(255, 255, 255);&quot;&gt;六、密封条&lt;/p&gt;&lt;p style=&quot;margin-top: 22px; margin-bottom: 0px; padding: 0px; line-height: 24px; color: rgb(51, 51, 51); text-align: justify; font-family: arial; white-space: normal; background-color: rgb(255, 255, 255);&quot;&gt;门窗密封条可以阻隔灰尘，加强门窗的密封效果，同时对于阻隔噪音等也有好处。而且密封条还有减震、消音、密封、隔音、防潮等特点。&lt;/p&gt;&lt;div class=&quot;img-container&quot; style=&quot;margin-top: 30px; font-family: arial; font-size: 12px; white-space: normal; background-color: rgb(255, 255, 255);&quot;&gt;&lt;img class=&quot;large&quot; src=&quot;http://t10.baidu.com/it/u=4265186079,2000670055&fm=173&s=7BA0356278B3A2969D39F0850100E0E1&w=640&h=382&img.JPEG&quot;/&gt;&lt;/div&gt;&lt;p style=&quot;margin-top: 26px; margin-bottom: 0px; padding: 0px; line-height: 24px; color: rgb(51, 51, 51); text-align: justify; font-family: arial; white-space: normal; background-color: rgb(255, 255, 255);&quot;&gt;五金件选购有哪些窍门？&lt;/p&gt;&lt;p style=&quot;margin-top: 22px; margin-bottom: 0px; padding: 0px; line-height: 24px; color: rgb(51, 51, 51); text-align: justify; font-family: arial; white-space: normal; background-color: rgb(255, 255, 255);&quot;&gt;1、选购时开合，拉动几次，看看是否灵活方便，挑选密封性能好的合页、滑轨、锁具。&lt;/p&gt;&lt;p style=&quot;margin-top: 22px; margin-bottom: 0px; padding: 0px; line-height: 24px; color: rgb(51, 51, 51); text-align: justify; font-family: arial; white-space: normal; background-color: rgb(255, 255, 255);&quot;&gt;2、要想选购灵活性能好的锁具，选购时尝试插拔几次体验整个过程是否顺畅，是不是省劲儿。&lt;/p&gt;&lt;p style=&quot;margin-top: 22px; margin-bottom: 0px; padding: 0px; line-height: 24px; color: rgb(51, 51, 51); text-align: justify; font-family: arial; white-space: normal; background-color: rgb(255, 255, 255);&quot;&gt;3、从外观上选购门窗五金件时，注意查看外观是否有缺陷，电镀光泽如何，手感是否光滑等&lt;/p&gt;&lt;div class=&quot;img-container&quot; style=&quot;margin-top: 30px; font-family: arial; font-size: 12px; white-space: normal; background-color: rgb(255, 255, 255);&quot;&gt;&lt;img class=&quot;normal&quot; width=&quot;432px&quot; src=&quot;http://t12.baidu.com/it/u=1748769659,4261831183&fm=173&s=F98BB35747674B0F1069A1710300907B&w=432&h=324&img.JPEG&quot;/&gt;&lt;/div&gt;&lt;p&gt;&lt;br/&gt;&lt;/p&gt;', 3, 0, 0, 1, 1551092283, 0, 1, 0, 0, 0, 'How much do you know about door and window hardware? Do you know what kind of hardware is good?', '', '', '', '', '', '', '', '&lt;p&gt;With the improvement of the quality of life, doors and windows have also been upgraded from generation to generation! Today, we don&#39;t talk about doors and windows, let&#39;s talk about how to choose the hardware accessories for doors and windows, because to achieve the perfect function of doors and windows, the hardware can not fall off the chain, let&#39;s take a look at several common door and window hardware accessories and purchase considerations!&lt;/p&gt;&lt;p&gt;&lt;br/&gt;&lt;/p&gt;&lt;p&gt;&lt;br/&gt;&lt;/p&gt;&lt;p&gt;First, the handle&lt;/p&gt;&lt;p&gt;&lt;br/&gt;&lt;/p&gt;&lt;p&gt;The handle can be seen in the casement window, and the inside window is inverted. The main function is to press the window sash into the window frame when the casement window sash is closed to achieve the sealing function, or to open the window when the window is closed. When choosing a handle, choose a handle that has a smooth surface, no burrs, a weight, and a uniform coating surface.&lt;/p&gt;&lt;p&gt;&lt;br/&gt;&lt;/p&gt;&lt;p&gt;&lt;br/&gt;&lt;/p&gt;&lt;p&gt;&lt;br/&gt;&lt;/p&gt;&lt;p&gt;Second, the hinge&lt;/p&gt;&lt;p&gt;&lt;br/&gt;&lt;/p&gt;&lt;p&gt;The hinge is also used for the casement window. The hinge material is made of copper, iron-plated copper, stainless steel, aluminum alloy extrusion material, etc. It is recommended that you do not choose the zinc alloy casting hinge when purchasing.&lt;/p&gt;&lt;p&gt;&lt;br/&gt;&lt;/p&gt;&lt;p&gt;&lt;br/&gt;&lt;/p&gt;&lt;p&gt;Third, sliding support&lt;/p&gt;&lt;p&gt;&lt;br/&gt;&lt;/p&gt;&lt;p&gt;The sliding support is a device for opening and closing and positioning of the casement window. It is recommended to use stainless steel material when purchasing. The qualified sliding support surface should not have scratches, sharp edges, burrs and other defects.&lt;/p&gt;&lt;p&gt;&lt;br/&gt;&lt;/p&gt;&lt;p&gt;&lt;br/&gt;&lt;/p&gt;&lt;p&gt;&lt;br/&gt;&lt;/p&gt;&lt;p&gt;Fourth, the pulley&lt;/p&gt;&lt;p&gt;&lt;br/&gt;&lt;/p&gt;&lt;p&gt;The pulley bears the weight of the sliding door and window, ensuring the smooth movement of the sliding door and window. When purchasing the pulley, we should pay attention to the material of the pulley frame and whether the pulley adopts the needle bearing or the ball bearing. For the pulley of the sliding door, the corresponding heavy-duty door pulley should be selected.&lt;/p&gt;&lt;p&gt;&lt;br/&gt;&lt;/p&gt;&lt;p&gt;&lt;br/&gt;&lt;/p&gt;&lt;p&gt;Five and a half months lock&lt;/p&gt;&lt;p&gt;&lt;br/&gt;&lt;/p&gt;&lt;p&gt;The half moon lock is a lock hook between the fan and the fan. It is recommended to use stainless steel or aluminum alloy.&lt;/p&gt;&lt;p&gt;&lt;br/&gt;&lt;/p&gt;&lt;p&gt;&lt;br/&gt;&lt;/p&gt;&lt;p&gt;Six, sealing strip&lt;/p&gt;&lt;p&gt;&lt;br/&gt;&lt;/p&gt;&lt;p&gt;Door and window seals can block dust, strengthen the sealing effect of doors and windows, and also have good benefits for blocking noise. Moreover, the sealing strip has the characteristics of shock absorption, noise reduction, sealing, sound insulation and moisture resistance.&lt;/p&gt;&lt;p&gt;&lt;br/&gt;&lt;/p&gt;&lt;p&gt;&lt;br/&gt;&lt;/p&gt;&lt;p&gt;What are the tips for hardware purchase?&lt;/p&gt;&lt;p&gt;&lt;br/&gt;&lt;/p&gt;&lt;p&gt;1. When opening and closing at the time of purchase, pull a few times to see if it is flexible and convenient, and choose a hinge, slide rail and lock with good sealing performance.&lt;/p&gt;&lt;p&gt;&lt;br/&gt;&lt;/p&gt;&lt;p&gt;2, if you want to buy a lock with flexible performance, try to plug and unplug several times to experience whether the whole process is smooth, is not a labor saving.&lt;/p&gt;&lt;p&gt;&lt;br/&gt;&lt;/p&gt;&lt;p&gt;3. When purchasing the door and window hardware from the appearance, pay attention to check whether the appearance is defective, how to polish the gloss, whether the hand feels smooth, etc.&lt;/p&gt;&lt;p&gt;&lt;br/&gt;&lt;/p&gt;', '', 1, 0, 0),
(16, 5, '门窗材质有几种 门窗的选购技巧', '', '', '', '', '', '', '/uploads/image/20190225/1551092419522965.jpg', '', '', '', '&lt;p style=&quot;margin-top: 0px; margin-bottom: 0px; padding: 0px; line-height: 24px; color: rgb(51, 51, 51); text-align: justify; font-family: arial; white-space: normal; background-color: rgb(255, 255, 255);&quot;&gt;&lt;span class=&quot;bjh-p&quot;&gt;门窗作为家装中的主要组成部分，而优质门窗的选择已成为了装修当中的关键环节之一，然后面对琳琅满目的门窗品牌，各种类型的门窗，让人们不知道如何选择。那么，接下来为大家介绍门窗材质有几种及门窗的选购技巧。&lt;/span&gt;&lt;/p&gt;&lt;p style=&quot;margin-top: 22px; margin-bottom: 0px; padding: 0px; line-height: 24px; color: rgb(51, 51, 51); text-align: justify; font-family: arial; white-space: normal; background-color: rgb(255, 255, 255);&quot;&gt;&lt;span class=&quot;bjh-p&quot;&gt;门窗材质有几种&lt;/span&gt;&lt;/p&gt;&lt;p style=&quot;margin-top: 22px; margin-bottom: 0px; padding: 0px; line-height: 24px; color: rgb(51, 51, 51); text-align: justify; font-family: arial; white-space: normal; background-color: rgb(255, 255, 255);&quot;&gt;&lt;span class=&quot;bjh-p&quot;&gt;1、实木&lt;/span&gt;&lt;/p&gt;&lt;p style=&quot;margin-top: 22px; margin-bottom: 0px; padding: 0px; line-height: 24px; color: rgb(51, 51, 51); text-align: justify; font-family: arial; white-space: normal; background-color: rgb(255, 255, 255);&quot;&gt;&lt;span class=&quot;bjh-p&quot;&gt;实木门窗给人一种复古的气息，一般别墅装修会采用实木门窗，这样更能彰显出他们的身份地位，但是实木门窗价格会比较贵，一般在1500元至3500元左右/平米。&lt;/span&gt;&lt;/p&gt;&lt;p style=&quot;margin-top: 22px; margin-bottom: 0px; padding: 0px; line-height: 24px; color: rgb(51, 51, 51); text-align: justify; font-family: arial; white-space: normal; background-color: rgb(255, 255, 255);&quot;&gt;&lt;span class=&quot;bjh-p&quot;&gt;2、塑钢&lt;/span&gt;&lt;/p&gt;&lt;p style=&quot;margin-top: 22px; margin-bottom: 0px; padding: 0px; line-height: 24px; color: rgb(51, 51, 51); text-align: justify; font-family: arial; white-space: normal; background-color: rgb(255, 255, 255);&quot;&gt;&lt;span class=&quot;bjh-p&quot;&gt;塑钢是比较流行的门窗材料，这种门窗具有很强的耐酸碱性、耐腐蚀性，而且安装非常方便，价格一般在500元至1500元左右/平米。&lt;/span&gt;&lt;/p&gt;&lt;p style=&quot;margin-top: 22px; margin-bottom: 0px; padding: 0px; line-height: 24px; color: rgb(51, 51, 51); text-align: justify; font-family: arial; white-space: normal; background-color: rgb(255, 255, 255);&quot;&gt;&lt;span class=&quot;bjh-p&quot;&gt;3、铝合金&lt;/span&gt;&lt;/p&gt;&lt;p style=&quot;margin-top: 22px; margin-bottom: 0px; padding: 0px; line-height: 24px; color: rgb(51, 51, 51); text-align: justify; font-family: arial; white-space: normal; background-color: rgb(255, 255, 255);&quot;&gt;&lt;span class=&quot;bjh-p&quot;&gt;铝合金门窗运用非常广泛，可以根据客户要求设计出推拉，平开，上悬等门窗，可以满足不同消费者的需求，价格一般在120元至200元左右/平米。&lt;/span&gt;&lt;/p&gt;&lt;div class=&quot;img-container&quot; style=&quot;margin-top: 30px; font-family: arial; font-size: 12px; white-space: normal; background-color: rgb(255, 255, 255);&quot;&gt;&lt;img class=&quot;normal&quot; width=&quot;500px&quot; src=&quot;https://ss0.baidu.com/6ONWsjip0QIZ8tyhnq/it/u=815133048,16742627&fm=173&app=25&f=JPEG?w=500&h=375&s=2F1216C1665317DA182D190A0300D0C2&quot;/&gt;&lt;/div&gt;&lt;p style=&quot;margin-top: 26px; margin-bottom: 0px; padding: 0px; line-height: 24px; color: rgb(51, 51, 51); text-align: justify; font-family: arial; white-space: normal; background-color: rgb(255, 255, 255);&quot;&gt;&lt;span class=&quot;bjh-p&quot;&gt;4、不锈钢&lt;/span&gt;&lt;/p&gt;&lt;p style=&quot;margin-top: 22px; margin-bottom: 0px; padding: 0px; line-height: 24px; color: rgb(51, 51, 51); text-align: justify; font-family: arial; white-space: normal; background-color: rgb(255, 255, 255);&quot;&gt;&lt;span class=&quot;bjh-p&quot;&gt;不锈钢门窗具有耐磨、耐腐蚀、抗氧化等性能，而且表面色泽光鲜明亮，符合现代人的潮流，而且自重轻，可以有效减轻高楼大厦的负重，价格一般在200元至500元左右/平米。&lt;/span&gt;&lt;/p&gt;&lt;div class=&quot;img-container&quot; style=&quot;margin-top: 30px; font-family: arial; font-size: 12px; white-space: normal; background-color: rgb(255, 255, 255);&quot;&gt;&lt;img class=&quot;normal&quot; width=&quot;500px&quot; src=&quot;https://ss0.baidu.com/6ONWsjip0QIZ8tyhnq/it/u=1722982011,3883472506&fm=173&app=25&f=JPEG?w=500&h=450&s=150023F1585423FF8E110D1F0300D0E3&quot;/&gt;&lt;/div&gt;&lt;p style=&quot;margin-top: 26px; margin-bottom: 0px; padding: 0px; line-height: 24px; color: rgb(51, 51, 51); text-align: justify; font-family: arial; white-space: normal; background-color: rgb(255, 255, 255);&quot;&gt;&lt;span class=&quot;bjh-p&quot;&gt;门窗的选购技巧&lt;/span&gt;&lt;/p&gt;&lt;p style=&quot;margin-top: 22px; margin-bottom: 0px; padding: 0px; line-height: 24px; color: rgb(51, 51, 51); text-align: justify; font-family: arial; white-space: normal; background-color: rgb(255, 255, 255);&quot;&gt;&lt;span class=&quot;bjh-p&quot;&gt;1、看表面质感&lt;/span&gt;&lt;/p&gt;&lt;p style=&quot;margin-top: 22px; margin-bottom: 0px; padding: 0px; line-height: 24px; color: rgb(51, 51, 51); text-align: justify; font-family: arial; white-space: normal; background-color: rgb(255, 255, 255);&quot;&gt;&lt;span class=&quot;bjh-p&quot;&gt;选购门窗时，看表面质感是否存在明显划痕，特别是拐角处，看有没有磕伤等。另外，看门窗表面的光泽度，是否有严重漆面掉漆等问题。&lt;/span&gt;&lt;/p&gt;&lt;p style=&quot;margin-top: 22px; margin-bottom: 0px; padding: 0px; line-height: 24px; color: rgb(51, 51, 51); text-align: justify; font-family: arial; white-space: normal; background-color: rgb(255, 255, 255);&quot;&gt;&lt;span class=&quot;bjh-p&quot;&gt;2、手摸质感&lt;/span&gt;&lt;/p&gt;&lt;p style=&quot;margin-top: 22px; margin-bottom: 0px; padding: 0px; line-height: 24px; color: rgb(51, 51, 51); text-align: justify; font-family: arial; white-space: normal; background-color: rgb(255, 255, 255);&quot;&gt;&lt;span class=&quot;bjh-p&quot;&gt;可以用手摸门窗质感，优质门窗，手摸起来表面光滑细腻。另外，可以用手扳动门窗五金件，看是否出现松动情况，对于五金件要选择质量好的，不要贪图便宜买到差的，这样用不了多长时间就要更换。&lt;/span&gt;&lt;/p&gt;&lt;div class=&quot;img-container&quot; style=&quot;margin-top: 30px; font-family: arial; font-size: 12px; white-space: normal; background-color: rgb(255, 255, 255);&quot;&gt;&lt;img class=&quot;normal&quot; width=&quot;500px&quot; src=&quot;https://ss2.baidu.com/6ONYsjip0QIZ8tyhnq/it/u=1474994132,1717508653&fm=173&app=25&f=JPEG?w=500&h=408&s=BFB15D814C971ECA6ABD183403007000&quot;/&gt;&lt;/div&gt;&lt;p style=&quot;margin-top: 26px; margin-bottom: 0px; padding: 0px; line-height: 24px; color: rgb(51, 51, 51); text-align: justify; font-family: arial; white-space: normal; background-color: rgb(255, 255, 255);&quot;&gt;&lt;span class=&quot;bjh-p&quot;&gt;3、测量型材厚度&lt;/span&gt;&lt;/p&gt;&lt;p style=&quot;margin-top: 22px; margin-bottom: 0px; padding: 0px; line-height: 24px; color: rgb(51, 51, 51); text-align: justify; font-family: arial; white-space: normal; background-color: rgb(255, 255, 255);&quot;&gt;&lt;span class=&quot;bjh-p&quot;&gt;选购时可以测量门窗厚度，门窗厚度越厚，强度越好，不容易变形。&lt;/span&gt;&lt;/p&gt;&lt;p style=&quot;margin-top: 22px; margin-bottom: 0px; padding: 0px; line-height: 24px; color: rgb(51, 51, 51); text-align: justify; font-family: arial; white-space: normal; background-color: rgb(255, 255, 255);&quot;&gt;&lt;span class=&quot;bjh-p&quot;&gt;4、材料的选择&lt;/span&gt;&lt;/p&gt;&lt;p style=&quot;margin-top: 22px; margin-bottom: 0px; padding: 0px; line-height: 24px; color: rgb(51, 51, 51); text-align: justify; font-family: arial; white-space: normal; background-color: rgb(255, 255, 255);&quot;&gt;&lt;span class=&quot;bjh-p&quot;&gt;可以选择双层钢化玻璃，这样更加安全、强度更好、不易破碎。&lt;/span&gt;&lt;/p&gt;&lt;p style=&quot;margin-top: 22px; margin-bottom: 0px; padding: 0px; line-height: 24px; color: rgb(51, 51, 51); text-align: justify; font-family: arial; white-space: normal; background-color: rgb(255, 255, 255);&quot;&gt;&lt;span class=&quot;bjh-p&quot;&gt;编辑总结：关于门窗材质有几种及门窗的选购技巧就介绍到这里了，希望对大家有所帮助。&lt;/span&gt;&lt;/p&gt;&lt;p&gt;&lt;br/&gt;&lt;/p&gt;', 24, 0, 0, 3, 1551092427, 0, 1, 1, 0, 0, 'Door and window materials have several kinds of door and window shopping tips', '', '', '', '', '', '', '', '&lt;p&gt;Doors and windows are the main components in the home improvement, and the choice of high-quality doors and windows has become one of the key links in the decoration, and then faced with a wide variety of door and window brands, various types of doors and windows, so that people do not know how to choose. Then, let&#39;s introduce some kinds of door and window materials and how to choose the door and window.&lt;/p&gt;&lt;p&gt;&lt;br/&gt;&lt;/p&gt;&lt;p&gt;There are several kinds of door and window materials&lt;/p&gt;&lt;p&gt;&lt;br/&gt;&lt;/p&gt;&lt;p&gt;1, solid wood&lt;/p&gt;&lt;p&gt;&lt;br/&gt;&lt;/p&gt;&lt;p&gt;Solid wood doors and windows give a retro atmosphere, the general villa decoration will use solid wood doors and windows, which can highlight their status, but the price of solid wood doors and windows will be more expensive, generally around 1,500 yuan to 3,500 yuan / square meter.&lt;/p&gt;&lt;p&gt;&lt;br/&gt;&lt;/p&gt;&lt;p&gt;2, plastic steel&lt;/p&gt;&lt;p&gt;&lt;br/&gt;&lt;/p&gt;&lt;p&gt;Plastic steel is a popular door and window material. This door and window has strong acid and alkali resistance and corrosion resistance, and it is very convenient to install. The price is generally between 500 yuan and 1,500 yuan / square meter.&lt;/p&gt;&lt;p&gt;&lt;br/&gt;&lt;/p&gt;&lt;p&gt;3, aluminum alloy&lt;/p&gt;&lt;p&gt;&lt;br/&gt;&lt;/p&gt;&lt;p&gt;Aluminum alloy doors and windows are widely used. We can design push-pull, swing, and overhang doors and windows according to customer requirements, which can meet the needs of different consumers. The price is generally around 120 yuan to 200 yuan / square meter.&lt;/p&gt;&lt;p&gt;&lt;br/&gt;&lt;/p&gt;&lt;p&gt;&lt;br/&gt;&lt;/p&gt;&lt;p&gt;4, stainless steel&lt;/p&gt;&lt;p&gt;&lt;br/&gt;&lt;/p&gt;&lt;p&gt;Stainless steel doors and windows have the characteristics of wear resistance, corrosion resistance, oxidation resistance, etc., and the surface color is bright and bright, in line with the trend of modern people, and light weight, can effectively reduce the weight of high-rise buildings, the price is generally between 200 yuan to 500 yuan / square meter.&lt;/p&gt;&lt;p&gt;&lt;br/&gt;&lt;/p&gt;&lt;p&gt;&lt;br/&gt;&lt;/p&gt;&lt;p&gt;Door and window shopping tips&lt;/p&gt;&lt;p&gt;&lt;br/&gt;&lt;/p&gt;&lt;p&gt;1, look at the surface texture&lt;/p&gt;&lt;p&gt;&lt;br/&gt;&lt;/p&gt;&lt;p&gt;When buying doors and windows, look at the surface texture for obvious scratches, especially at the corners, to see if there are any bruises. In addition, look at the gloss of the surface of the door and window, whether there is a problem such as serious paint lacquer falling off.&lt;/p&gt;&lt;p&gt;&lt;br/&gt;&lt;/p&gt;&lt;p&gt;2, hand touch texture&lt;/p&gt;&lt;p&gt;&lt;br/&gt;&lt;/p&gt;&lt;p&gt;You can touch the texture of the door and window by hand, the quality of the doors and windows, the hand touches the surface smooth and delicate. In addition, you can manually move the door and window hardware to see if there is looseness. For hardware, choose good quality. Don&#39;t buy cheap, so it won&#39;t take long to replace.&lt;/p&gt;&lt;p&gt;&lt;br/&gt;&lt;/p&gt;&lt;p&gt;&lt;br/&gt;&lt;/p&gt;&lt;p&gt;3. Measuring profile thickness&lt;/p&gt;&lt;p&gt;&lt;br/&gt;&lt;/p&gt;&lt;p&gt;The thickness of the door and window can be measured when purchasing. The thicker the door and window, the better the strength and the deformation is not easy.&lt;/p&gt;&lt;p&gt;&lt;br/&gt;&lt;/p&gt;&lt;p&gt;4, the choice of materials&lt;/p&gt;&lt;p&gt;&lt;br/&gt;&lt;/p&gt;&lt;p&gt;Double tempered glass can be selected, which is safer, stronger and less broken.&lt;/p&gt;&lt;p&gt;&lt;br/&gt;&lt;/p&gt;&lt;p&gt;Editor&#39;s summary: There are several kinds of door and window materials and the purchase skills of doors and windows are introduced here, I hope to help everyone.&lt;/p&gt;&lt;p&gt;&lt;br/&gt;&lt;/p&gt;', '', 1, 0, 0),
(17, 39, '恒生阳光城', '案例', '案例', '案例', '', '', '', '/uploads/image/20190225/1551105291123884.jpg', '', '', '', '&lt;p&gt;恒生阳光城&lt;/p&gt;', 2, 0, 0, 2, 1551105314, 0, 1, 0, 0, 0, 'Hang Seng Sunshine City', '', '', '', '', '', '', '', '&lt;p&gt;Hang Seng Sunshine City&lt;/p&gt;', '', 1, 0, 0),
(18, 39, '恒大海上威尼斯', '恒大海上威尼斯', '恒大海上威尼斯', '恒大海上威尼斯', '恒大海上威尼斯', '', '', '/uploads/image/20190225/1551105352807577.jpg', '', '恒大海上威尼斯', '', '&lt;p&gt;恒大海上威尼斯&lt;/p&gt;', 0, 0, 0, 3, 1551105369, 0, 1, 1, 0, 0, 'Constant sea on Venice', '', '', '', '', '', '', '', '&lt;p&gt;Constant sea on Venice&lt;/p&gt;', '', 1, 0, 0),
(19, 39, '福建太恒星港国际广场', '福建太恒星港国际广场', '福建太恒星港国际广场', '福建太恒星港国际广场', '', '', '', '/uploads/image/20190225/1551105417772291.jpg', '', '', '', '&lt;p&gt;福建太恒星港国际广场&lt;/p&gt;', 0, 0, 0, 4, 1551105427, 0, 1, 0, 0, 0, 'Fujian Taiheng Xinggang International Plaza', '', '', '', '', '', '', '', '&lt;p&gt;Fujian Taiheng Xinggang International Plaza&lt;/p&gt;', '', 1, 0, 0),
(20, 39, '马鞍山恒大御景湾', '马鞍山恒大御景湾', '马鞍山恒大御景湾', '马鞍山恒大御景湾', '', '', '', '/uploads/image/20190225/1551105480993216.jpg', '', '马鞍山恒大御景湾', '', '&lt;p&gt;&lt;span style=&quot;color: rgb(68, 68, 68); font-family: Arial, 宋体; font-size: 14px; text-align: center;&quot;&gt;马鞍山恒大御景湾&lt;/span&gt;&lt;/p&gt;', 0, 0, 0, 5, 1551105493, 0, 1, 0, 0, 0, 'Ma On Shan Hengda Yujing Bay', '', '', '', '', '', '', '', '&lt;p&gt;Ma On Shan Hengda Yujing Bay&lt;/p&gt;', '', 1, 0, 0),
(21, 39, '石家庄恒大御景半岛', '石家庄恒大御景半岛', '石家庄恒大御景半岛', '石家庄恒大御景半岛', '', '', '', '/uploads/image/20190225/1551105526532733.jpg', '', '石家庄恒大御景半岛', '', '&lt;p&gt;&lt;span style=&quot;color: rgb(68, 68, 68); font-family: Arial, 宋体; font-size: 14px; text-align: center;&quot;&gt;石家庄恒大御景半岛&lt;/span&gt;&lt;/p&gt;', 0, 0, 0, 6, 1551105543, 0, 1, 1, 0, 0, 'Shijiazhuang Hengda Yujing Peninsula', '', '', '', '', '', '', '', '&lt;p&gt;Shijiazhuang Hengda Yujing Peninsula&lt;/p&gt;', '', 1, 0, 0),
(22, 39, '中海国际社区', '中海国际社区', '中海国际社区', '中海国际社区', '', '', '', '/uploads/image/20190225/1551105672104911.jpg', '', '中海国际社区', '', '&lt;p&gt;&lt;span style=&quot;color: rgb(68, 68, 68); font-family: Arial, 宋体; font-size: 14px; text-align: center;&quot;&gt;中海国际社区&lt;/span&gt;&lt;/p&gt;', 0, 0, 0, 7, 1551105687, 0, 1, 0, 0, 0, 'Zhonghai International Community', '', '', '', '', '', '', '', '&lt;p&gt;Zhonghai International Community&lt;/p&gt;', '', 1, 0, 0),
(23, 39, '惠州棕榈岛渡假村', '惠州棕榈岛渡假村', '惠州棕榈岛渡假村', '惠州棕榈岛渡假村', '', '', '', '/uploads/image/20190225/1551105747167824.jpg', '', '', '', '&lt;p&gt;&lt;span style=&quot;color: rgb(68, 68, 68); font-family: Arial, 宋体; font-size: 14px; text-align: center;&quot;&gt;惠州棕榈岛渡假村&lt;/span&gt;&lt;/p&gt;', 5, 0, 0, 8, 1551105757, 0, 1, 1, 0, 0, 'Huizhou Palm Island Resort', '', '', '', '', '', '', '', '&lt;p&gt;Huizhou Palm Island Resort&lt;/p&gt;', '', 1, 0, 0),
(24, 39, '恒大海上威尼斯', '恒大海上威尼斯', '恒大海上威尼斯', '恒大海上威尼斯', '', '', '', '/uploads/image/20190225/1551105799211544.jpg', '', '', '', '&lt;p&gt;&lt;span style=&quot;color: rgb(68, 68, 68); font-family: Arial, 宋体; font-size: 14px; text-align: center;&quot;&gt;恒大海上威尼斯&lt;/span&gt;&lt;/p&gt;', 0, 0, 0, 9, 1551105808, 0, 1, 1, 0, 0, 'Constant sea on Venice', '', '', '', '', '', '', '', '&lt;p&gt;Constant sea on Venice&lt;/p&gt;', '', 1, 0, 0);

-- --------------------------------------------------------

--
-- 表的结构 `yunyehui_m_news_data`
--

DROP TABLE IF EXISTS `yunyehui_m_news_data`;
CREATE TABLE IF NOT EXISTS `yunyehui_m_news_data` (
  `kid` int(11) NOT NULL AUTO_INCREMENT,
  `id` int(11) DEFAULT '0',
  `content` mediumtext NOT NULL,
  PRIMARY KEY (`kid`),
  UNIQUE KEY `id` (`id`)
) ENGINE=MyISAM DEFAULT CHARSET=utf8 AUTO_INCREMENT=1 ;

-- --------------------------------------------------------

--
-- 表的结构 `yunyehui_m_products`
--

DROP TABLE IF EXISTS `yunyehui_m_products`;
CREATE TABLE IF NOT EXISTS `yunyehui_m_products` (
  `id` int(11) NOT NULL AUTO_INCREMENT,
  `catid` int(11) DEFAULT '0',
  `title` varchar(500) DEFAULT '',
  `seotitle` varchar(500) DEFAULT '',
  `seokeywords` varchar(500) DEFAULT '',
  `seodesc` varchar(500) DEFAULT '',
  `source` varchar(200) DEFAULT '',
  `author` varchar(200) DEFAULT '',
  `template` varchar(50) DEFAULT '',
  `pic` varchar(500) DEFAULT '',
  `picfile` varchar(500) DEFAULT '',
  `summary` varchar(500) DEFAULT '',
  `exlink` varchar(300) DEFAULT '',
  `content` text,
  `hits` int(11) DEFAULT '0',
  `userid` int(11) unsigned DEFAULT '0',
  `groupid` int(11) DEFAULT '0',
  `ordernum` int(10) unsigned DEFAULT '0',
  `addtime` int(11) unsigned DEFAULT '0',
  `updatetime` int(11) DEFAULT '0',
  `status` tinyint(1) unsigned zerofill DEFAULT '0',
  `isgood` tinyint(1) unsigned zerofill DEFAULT '0',
  `istop` tinyint(1) unsigned zerofill DEFAULT '0',
  `ishead` tinyint(1) unsigned zerofill DEFAULT '0',
  `title_en` varchar(500) DEFAULT '',
  `seotitle_en` varchar(500) DEFAULT '',
  `seokeywords_en` varchar(500) DEFAULT '',
  `seodesc_en` varchar(500) DEFAULT '',
  `source_en` varchar(200) DEFAULT '',
  `author_en` varchar(200) DEFAULT '',
  `summary_en` varchar(500) DEFAULT '',
  `exlink_en` varchar(300) DEFAULT '',
  `content_en` text,
  `gongneng` varchar(200) DEFAULT '',
  `cailiao` varchar(200) DEFAULT '',
  `morepic` varchar(800) DEFAULT '',
  `price` float DEFAULT '0',
  `mprice` float DEFAULT '0',
  `admin_userid` int(11) unsigned DEFAULT '0',
  `xinghao` varchar(255) DEFAULT '',
  `cailiao_en` varchar(255) DEFAULT '',
  `gongneng_en` varchar(500) DEFAULT '',
  `ispower` tinyint(1) unsigned DEFAULT '0',
  `INT(11)` int(11) unsigned DEFAULT '0',
  PRIMARY KEY (`id`),
  KEY `status` (`status`,`ordernum`,`id`),
  KEY `sort` (`catid`,`status`,`ordernum`,`id`),
  KEY `catid` (`catid`,`status`,`id`)
) ENGINE=MyISAM  DEFAULT CHARSET=utf8 AUTO_INCREMENT=18 ;

--
-- 转存表中的数据 `yunyehui_m_products`
--

INSERT INTO `yunyehui_m_products` (`id`, `catid`, `title`, `seotitle`, `seokeywords`, `seodesc`, `source`, `author`, `template`, `pic`, `picfile`, `summary`, `exlink`, `content`, `hits`, `userid`, `groupid`, `ordernum`, `addtime`, `updatetime`, `status`, `isgood`, `istop`, `ishead`, `title_en`, `seotitle_en`, `seokeywords_en`, `seodesc_en`, `source_en`, `author_en`, `summary_en`, `exlink_en`, `content_en`, `gongneng`, `cailiao`, `morepic`, `price`, `mprice`, `admin_userid`, `xinghao`, `cailiao_en`, `gongneng_en`, `ispower`, `INT(11)`) VALUES
(1, 9, '执手', '执手', '执手', '执手', '', '', '', '/uploads/image/20191214/1576313014341285.jpg', '', '独特的金属装饰盖使产品更加美观高档。独特的分体双式结构设计使产品更加牢固且更好的保护执手。独特的流线型的外观设计使产品更加美观大方，更符合人体工程学的手柄，设计、使手感更舒服。', '', '&lt;p&gt;&lt;img src=&quot;/uploads/image/20190225/1551093125207671.jpg&quot; title=&quot;1540615865544007.jpg&quot; alt=&quot;V-FZ06F、A--.jpg&quot;/&gt;&lt;/p&gt;', 146, 0, 0, 1, 1551101950, 0, 1, 1, 0, 0, 'Handle', '', '', '', '', '', 'The unique metal decorative cover makes the product more beautiful and high-grade. The unique split double structure design makes the product stronger and better protects the handle. The unique streamlined design makes the product more beautiful and ergonomic, and the design makes the hand feel more comfortable.', '', '&lt;p&gt;&lt;img src=&quot;/uploads/image/20190225/1551093125207671.jpg&quot; title=&quot;1540615865544007.jpg&quot; alt=&quot;V-FZ06F、A--.jpg&quot;/&gt;&lt;/p&gt;', '门窗锁', '铝合金', 'a:1:{i:0;s:44:"/uploads/image/20190209/1549700833134095.jpg";}', 99, 120, 0, 'V-FZ06F  A', 'Aluminum alloy', 'Door and window lock', 0, 0),
(10, 18, '连接角码测试', '', '', '', '', '', '', '/uploads/image/20190225/1551094539235512.jpg', '', '表面处理和颜色可以根据客户的要求生产。', '', '&lt;p&gt;&lt;img src=&quot;/uploads/image/20190225/1551094527805684.jpg&quot; title=&quot;1541127673612987.jpg&quot; alt=&quot;YX-ENJ.jpg&quot;/&gt;&lt;/p&gt;', 0, 0, 0, 1, 1551094623, 0, 1, 0, 0, 0, 'Connection corner test', '', '', '', '', '', '', '', '&lt;p&gt;&lt;img src=&quot;/uploads/image/20190225/1551094527805684.jpg&quot; title=&quot;1541127673612987.jpg&quot; alt=&quot;YX-ENJ.jpg&quot;/&gt;&lt;/p&gt;', '连接角码', '铝合金', 'a:3:{i:0;s:44:"/uploads/image/20190225/1551094575132305.jpg";i:1;s:44:"/uploads/image/20190225/1551094575110256.jpg";i:2;s:44:"/uploads/image/20190225/1551094575113414.jpg";}', 100, 220, 1, 'EP002E-3A', 'Aluminum alloy', 'Connection corner code', NULL, 0),
(2, 9, 'V-FZ07F  BY', '门窗锁', '门窗锁', '门窗锁', '', '', '', '/uploads/image/20190214/1550128838845015.jpg', '', '独特的金属装饰盖使产品更加美观高档。独特的分体双式结构设计使产品更加牢固且更好的保护执手。独特的流线型的外观设计使产品更加美观大方，更符合人体工程学的手柄，设计、使手感更舒服。', '', '&lt;p&gt;&lt;img src=&quot;/uploads/image/20190225/1551093212198290.jpg&quot; title=&quot;1540615986306386.jpg&quot; alt=&quot;V-FZ07FBY--.jpg&quot;/&gt;&lt;/p&gt;', 49, 0, 0, 2, 1551101292, 0, 1, 1, 0, 0, 'V-FZ07F  BY', '', '', '', '', '', '', '', '&lt;p&gt;&lt;img src=&quot;/uploads/image/20190225/1551093212198290.jpg&quot; title=&quot;1540615986306386.jpg&quot; alt=&quot;V-FZ07FBY--.jpg&quot;/&gt;&lt;/p&gt;', '门窗锁', '铝合金', 'a:2:{i:0;s:44:"/uploads/image/20190214/1550128838845015.jpg";i:1;s:44:"/uploads/image/20190209/1549700833134095.jpg";}', 199, 220, 0, 'V-FZ07F  BY', 'Aluminum alloy', 'Door and window lock', NULL, 0),
(5, 14, 'V-QZ02', '', '', '', '', '', '', '/uploads/image/20190225/1551093388903668.jpg', '', '独特的金属装饰盖使产品更加美观高档。独特的分体双式结构设计使产品更加牢固且更好的保护执手。款式分大中小，适合于所有铝合金门窗上使用。独特的流线型的外观设计使产品更加美观大方，更符合人体工程学的手柄，设计、使手感更舒服。', '', '&lt;p&gt;&lt;img src=&quot;/uploads/image/20190225/1551093212198290.jpg&quot; alt=&quot;1551093212198290.jpg&quot;/&gt;&lt;/p&gt;', 1, 0, 0, 3, 1551093460, 0, 1, 0, 0, 0, 'V-QZ02', '', '', '', '', '', '', '', '&lt;p&gt;&lt;img src=&quot;/uploads/image/20190225/1551093212198290.jpg&quot; alt=&quot;1551093212198290.jpg&quot;/&gt;&lt;/p&gt;', '门窗锁', '铝合金', 'a:1:{i:0;s:44:"/uploads/image/20190225/1551093422109490.jpg";}', 100, 133, 1, '', 'Aluminum alloy', 'Door and window lock', 0, 0),
(6, 9, '拔叉执手', '执手', '执手', '执手', '', '', '', '/uploads/image/20190225/1551093551827070.jpg', '', '静电粉末喷涂', '', '&lt;p&gt;&lt;img src=&quot;/uploads/image/20190225/1551093565136884.jpg&quot;/&gt;&lt;/p&gt;', 12, 0, 0, 3, 1551101915, 0, 1, 0, 0, 0, 'Fork handle', '', '', '', '', '', '', '', '&lt;p&gt;&lt;img src=&quot;/uploads/image/20190225/1551093565136884.jpg&quot;/&gt;&lt;/p&gt;', '门窗锁', '锌铝合金', 'a:1:{i:0;s:44:"/uploads/image/20190225/1551093602864594.jpg";}', 99, 120, 1, 'SB18', 'Zinc aluminum alloy', 'Door and window lock', 0, 0),
(7, 9, '月牙锁', '月牙锁', '月牙锁', '月牙锁', '', '', '', '/uploads/image/20190225/1551093838340639.jpg', '', '', '', '&lt;p&gt;&lt;img src=&quot;/uploads/image/20190225/1551093850163305.jpg&quot;/&gt;&lt;/p&gt;', 8, 0, 0, 4, 1551101877, 0, 1, 0, 0, 0, 'Crescent lock', '', '', '', '', '', '', '', '&lt;p&gt;&lt;img src=&quot;/uploads/image/20190225/1551093850163305.jpg&quot;/&gt;&lt;/p&gt;', '门窗锁', '不锈钢', 'a:2:{i:0;s:44:"/uploads/image/20190225/1551093838340639.jpg";i:1;s:44:"/uploads/image/20190225/1551093838106051.jpg";}', 0, 0, 1, 'CZH50', 'stainless steel', 'Door and window lock', NULL, 0),
(8, 16, '窗用活动双轮测试', '门窗锁', '门窗锁', '', '', '', '', '/uploads/image/20190225/1551094085803833.jpg', '', '', '', '&lt;p&gt;&lt;img src=&quot;http://www.ss-hehe.com/img/20160905/20160905160533yn9cgk.jpg&quot;/&gt;&lt;/p&gt;', 0, 0, 0, 1, 1551094144, 0, 1, 0, 0, 0, 'Window activity double wheel test', '', '', '', '', '', '', '', '&lt;p&gt;&lt;img src=&quot;http://www.ss-hehe.com/img/20160905/20160905160533yn9cgk.jpg&quot;/&gt;&lt;/p&gt;', '门窗锁', '不锈钢', 'a:2:{i:0;s:44:"/uploads/image/20190225/1551094099137563.jpg";i:1;s:44:"/uploads/image/20190225/1551094099676975.jpg";}', 100, 120, 1, 'xh002', 'stainless steel', 'Door and window lock', NULL, 0),
(9, 17, '限位窗撑测试', '限位窗撑', '限位窗撑', '限位窗撑', '', '', '', '/uploads/image/20190225/1551094295746644.jpg', '', '产品表面经过严格精细的磨沙处理，选用最优良的(304)不锈钢制造，五万次严格开关测试后仍能操作正常，确保恒久耐用。可调节角度，只需要把定位滑块调节至所需角度即可，符合中国GB／T3888《铝合金窗不锈钢滑撑》标准', '', '&lt;p&gt;&lt;img src=&quot;/uploads/image/20190225/1551094379945408.jpg&quot; title=&quot;1540629370653351.jpg&quot; alt=&quot;YX-HK8--.jpg&quot;/&gt;&lt;/p&gt;', 0, 0, 0, 1, 1551094402, 0, 1, 0, 0, 0, 'Limit window support test', '', '', '', '', '', '', '', '&lt;p&gt;&lt;img src=&quot;/uploads/image/20190225/1551094379945408.jpg&quot; title=&quot;1540629370653351.jpg&quot; alt=&quot;YX-HK8--.jpg&quot;/&gt;&lt;/p&gt;', '限位窗撑', '不锈钢', 'a:3:{i:0;s:44:"/uploads/image/20190225/1551094308596936.jpg";i:1;s:44:"/uploads/image/20190225/1551094308559413.jpg";i:2;s:44:"/uploads/image/20190225/1551094309171008.jpg";}', 100, 120, 1, 'EP002A-MB', 'stainless steel', 'Limit window support', NULL, 0),
(11, 22, '无油美标合页', '门窗锁', '门窗锁', '', '', '', '', '/uploads/image/20190225/1551094759122197.jpg', '', '', '', '&lt;p&gt;&lt;img src=&quot;http://www.ss-hehe.com/msgimages/image/20160908/1473329244686485.jpg&quot; title=&quot;1473329244686485.jpg&quot; alt=&quot;1.jpg&quot;/&gt;&lt;/p&gt;', 13, 0, 0, 1, 1551162879, 0, 1, 0, 0, 0, 'Oil-free American standard hinge', '', '', '', '', '', '', '', '&lt;p&gt;&lt;img src=&quot;http://www.ss-hehe.com/msgimages/image/20160908/1473329244686485.jpg&quot; title=&quot;1473329244686485.jpg&quot; alt=&quot;1.jpg&quot;/&gt;&lt;/p&gt;', '合页', '不锈钢', 'a:2:{i:0;s:44:"/uploads/image/20190225/1551094767115355.jpg";i:1;s:44:"/uploads/image/20190225/1551094767115514.jpg";}', 100, 99, 1, 'EP002A-M9', 'stainless steel', 'hinge', NULL, 0),
(12, 19, '锁体、锁芯系列', '门窗锁', '门窗锁', '', '', '', '', '/uploads/image/20190225/1551095080147082.jpg', '', '', '', '&lt;p&gt;&lt;img src=&quot;http://efly.zhunducdn.com/upload/image/20181027/1540616736109498.jpg&quot; title=&quot;1540616736109498.jpg&quot; alt=&quot;YX-D01--.jpg&quot;/&gt;&lt;/p&gt;', 7, 0, 0, 1, 1551102058, 0, 1, 1, 0, 0, 'Lock body, lock core series', '', '', '', '', '', '', '', '&lt;p&gt;&lt;img src=&quot;http://efly.zhunducdn.com/upload/image/20181027/1540616736109498.jpg&quot; title=&quot;1540616736109498.jpg&quot; alt=&quot;YX-D01--.jpg&quot;/&gt;&lt;/p&gt;', '锁配件', '不锈钢', 'a:1:{i:0;s:44:"/uploads/image/20190225/1551095080147082.jpg";}', 199, 300, 1, 'YX-TC17', 'stainless steel', 'Lock fitting', NULL, 0),
(13, 25, '幕墙执手', '门窗锁', '门窗锁', '', '', '', '', '/uploads/image/20190225/1551095264106688.jpg', '', '', '', '&lt;p&gt;&lt;span style=&quot;font-family: 微软雅黑; font-size: 14px; letter-spacing: 1px; background-color: rgb(255, 255, 255);&quot;&gt;我公司最新推出拔叉把手系列,使用最新的生产技术,搭配不同的材质生产出质地、颜色、表面效果最顶尖的全新执手系列&lt;/span&gt;&lt;/p&gt;', 0, 0, 0, 1, 1551101741, 0, 1, 0, 0, 0, 'Curtain wall handle', '', '', '', '', '', '', '', '&lt;p&gt;Our company&#39;s latest selection of fork handle series, using the latest production technology, with different materials to produce a new handle series of texture, color, surface effects&lt;/p&gt;', '执手', '锌合金', '', 100, 120, 1, 'V-FZ06F C', 'Zinc alloy', 'Handle', NULL, 0),
(14, 28, '地弹簧', '地弹簧', '地弹簧', '地弹簧', '', '', '', '/uploads/image/20190225/1551095462136681.jpg', '', '', '', '&lt;p&gt;&lt;img src=&quot;http://www.ss-hehe.com/img/20160905/20160905160533wsb9p8.jpg&quot;/&gt;&lt;/p&gt;', 1, 0, 0, 1, 1551101690, 0, 1, 1, 0, 0, 'Floor spring', '', '', '', '', '', '', '', '&lt;p&gt;&lt;img src=&quot;http://www.ss-hehe.com/img/20160905/20160905160533wsb9p8.jpg&quot;/&gt;&lt;/p&gt;', '地弹簧', '不锈钢', 'a:2:{i:0;s:44:"/uploads/image/20190225/1551095474130244.jpg";i:1;s:44:"/uploads/image/20190225/1551095474681752.jpg";}', 100, 120, 1, 'B-127', 'stainless steel', 'Floor spring', NULL, 0),
(15, 55, '复合密封条', '密封条', '密封条', '密封条', '', '', '', '/uploads/image/20190225/1551096375879096.jpg', '', '', '', '&lt;p&gt;&lt;img src=&quot;/uploads/image/20190225/1551096385822466.jpg&quot;/&gt;&lt;/p&gt;&lt;p&gt;&lt;img src=&quot;/uploads/image/20190225/1551096375879096.jpg&quot;/&gt;&lt;/p&gt;&lt;p&gt;&lt;br/&gt;&lt;/p&gt;', 1, 0, 0, 1, 1551101405, 0, 1, 0, 0, 0, 'Composite sealing strip', '', '', '', '', '', '', '', '&lt;p&gt;&lt;img src=&quot;/uploads/image/20190225/1551096385822466.jpg&quot;/&gt;&lt;/p&gt;&lt;p&gt;&lt;img src=&quot;/uploads/image/20190225/1551096375879096.jpg&quot;/&gt;&lt;/p&gt;&lt;p&gt;&lt;br/&gt;&lt;/p&gt;', '密封条', '', 'a:1:{i:0;s:44:"/uploads/image/20190225/1551096385822466.jpg";}', 100, 120, 1, 'EP002A-MF', '', 'sealing strip', NULL, 0),
(16, 50, '平开门多点锁', '平开门', '平开门', '平开门', '', '', '', '/uploads/image/20190225/1551096513119297.jpg', '', '', '', '&lt;p&gt;&lt;img src=&quot;/uploads/image/20190225/1551096547105785.jpg&quot;/&gt;&lt;img src=&quot;/uploads/image/20190225/1551096548129379.jpg&quot;/&gt;&lt;/p&gt;', 7, 0, 0, 1, 1551101351, 0, 1, 1, 0, 0, 'Swing door multi-point lock', '', '', '', '', '', '', '', '&lt;p&gt;&lt;img src=&quot;/uploads/image/20190225/1551096547105785.jpg&quot;/&gt;&lt;img src=&quot;/uploads/image/20190225/1551096548129379.jpg&quot;/&gt;&lt;/p&gt;', '门窗锁', '不锈钢', 'a:2:{i:0;s:44:"/uploads/image/20190225/1551096524268776.jpg";i:1;s:44:"/uploads/image/20190225/1551096524307462.jpg";}', 100, 120, 1, '88535S/88530S', 'stainless steel', 'Door and window lock', NULL, 0),
(17, 47, '明装闭门器', '闭门器', '闭门器', '闭门器', '', '', '', '/uploads/image/20190225/1551103224376700.jpg', '', '', '', '&lt;p&gt;&lt;img src=&quot;http://www.ss-hehe.com/img/20160905/201609051605334ctwh3.jpg&quot;/&gt;&lt;/p&gt;', 15, 0, 0, 1, 1551103292, 0, 1, 1, 0, 0, 'Surface mounted door closer', '', '', '', '', '', '', '', '&lt;p&gt;&lt;img src=&quot;http://www.ss-hehe.com/img/20160905/201609051605334ctwh3.jpg&quot;/&gt;&lt;/p&gt;', '闭门器', '铝合金', 'a:2:{i:0;s:44:"/uploads/image/20190225/1551103233436256.jpg";i:1;s:44:"/uploads/image/20190225/1551103234112635.jpg";}', 0, 0, 1, 'DC75V', 'Aluminum alloy', 'door closer', NULL, 0);

-- --------------------------------------------------------

--
-- 表的结构 `yunyehui_m_products_data`
--

DROP TABLE IF EXISTS `yunyehui_m_products_data`;
CREATE TABLE IF NOT EXISTS `yunyehui_m_products_data` (
  `kid` int(11) NOT NULL AUTO_INCREMENT,
  `id` int(11) DEFAULT '0',
  `content` mediumtext NOT NULL,
  PRIMARY KEY (`kid`),
  UNIQUE KEY `id` (`id`)
) ENGINE=MyISAM DEFAULT CHARSET=utf8 AUTO_INCREMENT=1 ;

-- --------------------------------------------------------

--
-- 表的结构 `yunyehui_m_singlepage`
--

DROP TABLE IF EXISTS `yunyehui_m_singlepage`;
CREATE TABLE IF NOT EXISTS `yunyehui_m_singlepage` (
  `id` int(11) NOT NULL AUTO_INCREMENT,
  `catid` int(11) DEFAULT '0',
  `title` varchar(500) DEFAULT '',
  `seotitle` varchar(500) DEFAULT '',
  `seokeywords` varchar(500) DEFAULT '',
  `seodesc` varchar(500) DEFAULT '',
  `pic` varchar(500) DEFAULT '',
  `summary` varchar(500) DEFAULT '',
  `content` text,
  `ordernum` int(10) unsigned DEFAULT '0',
  `addtime` int(11) unsigned DEFAULT '0',
  `title_en` varchar(500) DEFAULT '',
  `seotitle_en` varchar(500) DEFAULT '',
  `seokeywords_en` varchar(500) DEFAULT '',
  `seodesc_en` varchar(500) DEFAULT '',
  `summary_en` varchar(500) DEFAULT '',
  `content_en` text,
  PRIMARY KEY (`id`)
) ENGINE=MyISAM  DEFAULT CHARSET=utf8 AUTO_INCREMENT=47 ;

--
-- 转存表中的数据 `yunyehui_m_singlepage`
--

INSERT INTO `yunyehui_m_singlepage` (`id`, `catid`, `title`, `seotitle`, `seokeywords`, `seodesc`, `pic`, `summary`, `content`, `ordernum`, `addtime`, `title_en`, `seotitle_en`, `seokeywords_en`, `seodesc_en`, `summary_en`, `content_en`) VALUES
(2, 2, '关于我们', '关于我们', '关于我们', '关于我们', '', '', '&lt;p&gt;某某有限公司创建于2008年，注册资金1500万元，已通过ISO9001质量体系认证。公司面积约38000平方米，坐落于有中国铝材生产基地之称的某省某市某区，连接某某大动脉，交通十分便利！&lt;/p&gt;&lt;p&gt;&nbsp;&lt;/p&gt;&lt;p&gt;某某有限公司是一家专业从事中高端铝合金门窗五金配件开发设计与生产销售一体的现代化企业，配备现代化大型标准厂房及各种先进制造设备。某某公司自创立以来，依靠雄厚的资本实力、尖端的技术优势、卓越的产品品质与良好的市场服务获得广大客户的一致赞同，在研究新技术与新产品的同时，也十分注重现有产品的性能改进与技术创新。公司坚持材料科学选择、挑剔使用，同时产品以配套齐全、货源充足、交货及时享誉业内。&lt;/p&gt;&lt;p&gt;&nbsp;&lt;/p&gt;&lt;p&gt;某某公司目前拥有员工200多人，汇聚了业内技术资深专家和管理人才，技术研发和管理水平处于业内领先位置。依托雄厚的技术力量和精湛的工艺水平，赢得广大客户的好评，年产值过亿元。公司销售网络覆盖国内近三十个省市、自治区，设立百家代理机构，保证我们的产品服务就在你身边。&lt;/p&gt;&lt;p&gt;&nbsp;&lt;/p&gt;&lt;p&gt;经过十多年的诚信经营和奋发努力，某某公司本着“市场需求为首位，质量信誉为中心，客户满意为目标”的营销战略，以一流产品、一流质量、一流服务的理念，励志打造行业精品，全心全力与各界同仁鼎力合作，为某某成为中国著名建筑五金品牌而不懈努力。&nbsp;&lt;/p&gt;&lt;p&gt;&lt;br/&gt;&lt;/p&gt;', 0, 0, 'about us', '', '', '', '', '&lt;p&gt;A limited company was founded in 2008, registered capital of 15 million yuan, has passed ISO9001 quality system certification. The company covers an area of about 38000 square meters. It is located in a district of a city, a province known as the aluminum production base of China. It connects with a major artery. The traffic is very convenient!&lt;/p&gt;&lt;p&gt;A limited company is a modern enterprise specialized in the development, design, production and sales of high-end aluminum alloy door and window hardware accessories, equipped with modern large-scale standard workshops and various advanced manufacturing equipment. Since its establishment, a company has won the unanimous approval of customers by relying on its strong capital strength, cutting-edge technical advantages, excellent product quality and good market service. While researching new technology and new products, it also attaches great importance to the performance improvement and technical innovation of existing products. The company adheres to the scientific selection of materials, picky use, while the products are well-known in the industry with complete sets, sufficient supply and timely delivery.&lt;br/&gt;&lt;/p&gt;&lt;p&gt;At present, a company has more than 200 employees, bringing together senior technical experts and management talents in the industry, and its technology R &amp; D and management level is in the leading position in the industry. Relying on strong technical force and exquisite technology level, we have won the praise of our customers, with an annual output value of over 100 million yuan. The company&#39;s sales network covers nearly 30 provinces, municipalities and autonomous regions in China, with 100 agencies set up to ensure that our products and services are at your side.&lt;br/&gt;&lt;/p&gt;&lt;p&gt;After more than ten years of honest operation and hard work, XXX company in line with the marketing strategy of &quot;market demand first, quality reputation as the center, customer satisfaction as the goal&quot;, with the concept of first-class products, first-class quality, first-class service, aspires to create the industry&#39;s high-quality products, wholeheartedly cooperate with colleagues from all walks of life, and make unremitting efforts for XXX to become a famous brand of construction hardware in China.&lt;br/&gt;&lt;/p&gt;&lt;p&gt;&lt;br/&gt;&lt;/p&gt;'),
(13, 13, '企业文化', '企业文化', '', '', '', '', '&lt;p style=&quot;white-space: normal;&quot;&gt;&lt;strong&gt;目标使命&lt;/strong&gt;&lt;/p&gt;&lt;p style=&quot;white-space: normal;&quot;&gt;我们的使命：帮助中小企业实现网络营销化&lt;/p&gt;&lt;p style=&quot;white-space: normal;&quot;&gt;我们的目标：打造专业互联网基础服务提供商&lt;br/&gt;&lt;/p&gt;&lt;p style=&quot;white-space: normal;&quot;&gt;企业的愿景：成为中国IT服务的领导品牌,做百年公司&lt;br/&gt;&lt;/p&gt;&lt;p style=&quot;white-space: normal;&quot;&gt;&lt;br/&gt;&lt;/p&gt;&lt;p style=&quot;white-space: normal;&quot;&gt;&lt;strong&gt;价 值 观&lt;/strong&gt;&lt;/p&gt;&lt;p style=&quot;white-space: normal;&quot;&gt;诚信为本、承担责任、成就客户、合作共赢&lt;/p&gt;&lt;p style=&quot;white-space: normal;&quot;&gt;诚信为本——恪守诚信为先的商业准则，全体员工在工作中、生活中、社会交往中恪守诚信的行为准则，&lt;br/&gt;&lt;/p&gt;&lt;p style=&quot;white-space: normal;&quot;&gt;爱岗敬业、以诚信为立身之本&lt;/p&gt;&lt;p style=&quot;white-space: normal;&quot;&gt;承担责任——一个企业如果要健康成长，一定要坚持对用户负责，坚持不懈的为用户提供更多、更好的服务，&lt;br/&gt;&lt;/p&gt;&lt;p style=&quot;white-space: normal;&quot;&gt;才能赢得用户的信赖与支持，促 进自身的发展！&lt;/p&gt;&lt;p style=&quot;white-space: normal;&quot;&gt;成就客户——意味着为客户提供满意的产品和服务，通过这些产品和服务为客户造新的价值&lt;br/&gt;&lt;/p&gt;&lt;p style=&quot;white-space: normal;&quot;&gt;合作共赢——双方合作过程中互惠互利、相得益彰，能够实现双共同收益。&lt;br/&gt;&lt;/p&gt;&lt;p style=&quot;white-space: normal;&quot;&gt;&lt;br/&gt;&lt;/p&gt;&lt;p style=&quot;white-space: normal;&quot;&gt;&lt;strong&gt;职业精神&lt;/strong&gt;&lt;/p&gt;&lt;p style=&quot;white-space: normal;&quot;&gt;激情、创新、团结、感恩&lt;/p&gt;&lt;p style=&quot;white-space: normal;&quot;&gt;激情：持续，不断，发掘自身潜能！&lt;br/&gt;&lt;/p&gt;&lt;p style=&quot;white-space: normal;&quot;&gt;创新：学习，改变，不断完善自我！&lt;br/&gt;&lt;/p&gt;&lt;p style=&quot;white-space: normal;&quot;&gt;团结：忠诚，热爱，打造共赢结果！&lt;br/&gt;&lt;/p&gt;&lt;p style=&quot;white-space: normal;&quot;&gt;感恩：感激，赠与，坚信世界阳光！&lt;br/&gt;&lt;/p&gt;&lt;p style=&quot;white-space: normal;&quot;&gt;&lt;br/&gt;&lt;/p&gt;&lt;p style=&quot;white-space: normal;&quot;&gt;&lt;strong&gt;经营理念&lt;/strong&gt;&lt;/p&gt;&lt;p style=&quot;white-space: normal;&quot;&gt;用心服务，诚信服务，长期服务&lt;/p&gt;&lt;p style=&quot;white-space: normal;&quot;&gt;&lt;br/&gt;&lt;/p&gt;&lt;p style=&quot;white-space: normal;&quot;&gt;&lt;strong&gt;企业伦理&lt;/strong&gt;&lt;/p&gt;&lt;p style=&quot;white-space: normal;&quot;&gt;实实在在做人，踏踏实实做事。企业伦理是某某有限公司技调处各种关系的基本行为准则，集中在对人对事两个&lt;/p&gt;&lt;p style=&quot;white-space: normal;&quot;&gt;方面；&lt;/p&gt;&lt;p style=&quot;white-space: normal;&quot;&gt;实实在在做人：某某有限公司信奉诚实守信的道德标准，对人真诚坦诚热诚，谦和低调，不自欺，不欺人，言&lt;br/&gt;&lt;/p&gt;&lt;p style=&quot;white-space: normal;&quot;&gt;而有信，襟怀坦白，光明磊落；&lt;/p&gt;&lt;p style=&quot;white-space: normal;&quot;&gt;踏踏实实做事：某某有限公司秉持勤勉务实的工作态度，对工作不辞劳苦，不懈努力，不计得失，不扯皮推诿，&lt;br/&gt;&lt;/p&gt;&lt;p style=&quot;white-space: normal;&quot;&gt;不邀功摆好。&lt;/p&gt;&lt;p&gt;&lt;br/&gt;&lt;/p&gt;', 0, 0, 'Culture', 'Culture', 'Culture', 'Culture', '', '&lt;p&gt;Target mission&lt;/p&gt;&lt;p&gt;Our mission: to help small and medium-sized enterprises realize network marketing&lt;br/&gt;&lt;/p&gt;&lt;p&gt;Our goal: to build a professional Internet basic service provider&lt;br/&gt;&lt;/p&gt;&lt;p&gt;Vision of the enterprise: to become the leading brand of IT service in China and become a century old company&lt;br/&gt;&lt;/p&gt;&lt;p&gt;Sense of worth&lt;br/&gt;&lt;/p&gt;&lt;p&gt;Honesty, responsibility, customer success and win-win cooperation&lt;br/&gt;&lt;/p&gt;&lt;p&gt;&lt;br/&gt;&lt;/p&gt;&lt;p&gt;Honesty is the foundation - we should abide by the business principle of honesty first, and all employees should abide by the code of conduct of honesty in work, life and social interaction,&lt;br/&gt;&lt;/p&gt;&lt;p&gt;&lt;br/&gt;&lt;/p&gt;&lt;p&gt;Love the post, respect the work, take the good faith as the foundation&lt;br/&gt;&lt;/p&gt;&lt;p&gt;Take responsibility - if an enterprise wants to grow healthily, it must be responsible for its users and provide more and better services for them,&lt;br/&gt;&lt;/p&gt;&lt;p&gt;In order to win the trust and support of users and promote their own development!&lt;br/&gt;&lt;/p&gt;&lt;p&gt;Achieving customers means providing customers with satisfactory products and services, and creating new value for customers through these products and services&lt;br/&gt;&lt;/p&gt;&lt;p&gt;Win win cooperation - in the process of cooperation, the two sides are mutually beneficial, complement each other, and can achieve common benefits.&lt;br/&gt;&lt;/p&gt;&lt;p&gt;Professional spirit&lt;br/&gt;&lt;/p&gt;&lt;p&gt;Passion, innovation, unity and gratitude&lt;br/&gt;&lt;/p&gt;&lt;p&gt;Passion: keep on, keep on, explore your potential!&lt;br/&gt;&lt;/p&gt;&lt;p&gt;Innovation: learn, change, and constantly improve yourself!&lt;br/&gt;&lt;/p&gt;&lt;p&gt;Unity: loyalty, love, create win-win results!&lt;br/&gt;&lt;/p&gt;&lt;p&gt;Thanksgiving: Thanks, gifts, believe in the world sunshine!&lt;br/&gt;&lt;/p&gt;&lt;p&gt;&lt;br/&gt;&lt;/p&gt;&lt;p&gt;management idea&lt;br/&gt;&lt;/p&gt;&lt;p&gt;Attentive service, sincere service, long-term service&lt;br/&gt;&lt;/p&gt;&lt;p&gt;business ethics&lt;br/&gt;&lt;/p&gt;&lt;p&gt;Be a man and do things in a down-to-earth way. Business ethics is the basic code of conduct for technical coordination of various relationships in a limited company, which focuses on two aspects: one is about people and the other is about things&lt;br/&gt;&lt;/p&gt;&lt;p&gt;Aspect;&lt;br/&gt;&lt;/p&gt;&lt;p&gt;Be honest and honest: XXX Co., Ltd. adheres to the moral standard of honesty and trustworthiness, is sincere and sincere to others, modest and low-key, does not deceive itself, does not deceive others, says&lt;br/&gt;&lt;/p&gt;&lt;p&gt;But has the letter, has the mind to be frank, is aboveboard;&lt;br/&gt;&lt;/p&gt;&lt;p&gt;Do things in a down-to-earth way: XXX Co., Ltd. adheres to the diligent and pragmatic working attitude, does not take pains in work, makes unremitting efforts, neglects gains and losses, does not quibble,&lt;br/&gt;&lt;/p&gt;&lt;p&gt;Don&#39;t ask for credit.&lt;br/&gt;&lt;/p&gt;&lt;p&gt;&lt;br/&gt;&lt;/p&gt;'),
(38, 38, '联系我们', '联系我们', '联系我们', '联系我们', '', '', '&lt;ul class=&quot;list-unstyled mb-0&quot;&gt;&lt;li class=&quot;address&quot;&gt;&lt;h4&gt;地址:&lt;/h4&gt;&lt;span class=&quot;address&quot;&gt;某某省某某市某某区xxxx号xxx室&lt;/span&gt;&lt;/li&gt;&lt;li class=&quot;email&quot;&gt;&lt;h4&gt;E-mail Address:&lt;/h4&gt;&lt;a href=&quot;mailto:kefu@xxx.com&quot;&gt;kefu@xxx.com&lt;/a&gt;&lt;/li&gt;&lt;li class=&quot;phone&quot;&gt;&lt;h4&gt;电话:&lt;/h4&gt;&lt;a href=&quot;tel:138xxxxxxxx&quot;&gt;138xxxxxxxx&lt;/a&gt;&nbsp; &nbsp; &nbsp; &nbsp;&lt;a href=&quot;tel:0379-xxxxxxxx&quot;&gt;0379-xxxxxxxx&lt;/a&gt; &nbsp; &nbsp; &nbsp;&lt;/li&gt;&lt;li class=&quot;qq&quot;&gt;&lt;h4&gt;QQ:&lt;/h4&gt;&lt;a target=&quot;_blank&quot; href=&quot;http://wpa.qq.com/msgrd?v=3&uin=000000000&site=qq&menu=yes&quot;&gt;000000000 &lt;img src=&quot;http://wpa.qq.com/pa?p=2:12345678:52&quot; alt=&quot;某某公司&quot; title=&quot;某某公司&quot;/&gt;&lt;/a&gt;&lt;/li&gt;&lt;/ul&gt;', 0, 0, 'Contact us', '', '', '', '', '&lt;ul class=&quot;list-unstyled mb-0&quot;&gt;&lt;li class=&quot;address&quot;&gt;&lt;h4&gt;Address:&lt;/h4&gt;&lt;span class=&quot;address&quot;&gt;Room XXX, No. XXXX, District, city, province&lt;/span&gt;&lt;/li&gt;&lt;li class=&quot;email&quot;&gt;&lt;h4&gt;E-mail Address:&lt;/h4&gt;&lt;a href=&quot;mailto:kefu@xxx.com&quot;&gt;kefu@xxx.com&lt;/a&gt;&lt;/li&gt;&lt;li class=&quot;phone&quot;&gt;&lt;h4&gt;Tel:&lt;/h4&gt;&lt;a href=&quot;tel:138xxxxxxxx&quot;&gt;138xxxxxxxx&lt;/a&gt;&nbsp; &nbsp; &nbsp; &nbsp;&lt;a href=&quot;tel:0379-XXXXXXXX&quot;&gt;0379-XXXXXXXX&lt;/a&gt; &nbsp; &nbsp; &nbsp;&lt;/li&gt;&lt;li class=&quot;qq&quot;&gt;&lt;h4&gt;QQ:&lt;/h4&gt;&lt;a target=&quot;_blank&quot; href=&quot;http://wpa.qq.com/msgrd?v=3&uin=123456789&site=qq&menu=yes&quot;&gt;15003219 &lt;img src=&quot;http://wpa.qq.com/pa?p=2:123456789:52&quot; alt=&quot;XX construction hardware Co., Ltd&quot; title=&quot;XX construction hardware Co., Ltd&quot;/&gt;&lt;/a&gt;&lt;/li&gt;&lt;/ul&gt;'),
(1, 1, '公司简介', '公司简介', '公司简介', '公司简介', '', '', NULL, 0, 0, '', '', '', '', '', NULL),
(36, 36, '销售网络', '销售网络', '销售网络', '销售网络', '', '', '&lt;p style=&quot;text-align: center;&quot;&gt;&lt;img src=&quot;/uploads/image/20190225/1551106050251004.jpg&quot; title=&quot;1551106050251004.jpg&quot; alt=&quot;diru.jpg&quot;/&gt;&lt;/p&gt;', 0, 0, '', '', '', '', '', NULL),
(46, 46, '我们的优势', '我们的优势', '', '', '', '', '&lt;ul class=&quot; list-paddingleft-2&quot; style=&quot;width: 1044.05px; white-space: normal;&quot;&gt;&lt;li&gt;&lt;p&gt;十年网络开发经验给您以最优的技术保障&lt;br/&gt;&lt;/p&gt;&lt;/li&gt;&lt;li&gt;&lt;p&gt;自定义模型，自定义字段，灵活配置各种模型&lt;br/&gt;&lt;/p&gt;&lt;/li&gt;&lt;li&gt;&lt;p&gt;多样化标签的支持，轻松制作各种模板&lt;/p&gt;&lt;/li&gt;&lt;li&gt;&lt;p&gt;响应式后台管理，后台完全兼容手机、平板、PC端，真正实现掌上管理，随时随地管理后台和云应用&lt;br/&gt;&lt;/p&gt;&lt;/li&gt;&lt;li&gt;&lt;p&gt;后台多层级安全级别，让您的数据更安全、稳定。&lt;/p&gt;&lt;/li&gt;&lt;/ul&gt;&lt;p&gt;&lt;br/&gt;&lt;/p&gt;', 0, 0, 'Our advantage', '', '', '', '', '&lt;p&gt;Ten years of network development experience gives you the best technical support&lt;/p&gt;&lt;p&gt;Custom models, custom fields, flexible configuration of various models&lt;br/&gt;&lt;/p&gt;&lt;p&gt;Diverse label support, easy to create a variety of templates&lt;br/&gt;&lt;/p&gt;&lt;p&gt;Applications such as SAAS application mode, cloud mall, cloud customer service, cloud CRM/OA, cloud mail, etc. are all stored in the cloud, and data is backed up regularly, which is more secure and stable.&lt;br/&gt;&lt;/p&gt;&lt;p&gt;Responsive background management, the background is fully compatible with mobile phones, tablets, PCs, realizing handheld management, managing background and cloud applications anytime, anywhere&lt;br/&gt;&lt;/p&gt;&lt;p&gt;Multi-level security level in the background to make your data more secure and stable.&lt;br/&gt;&lt;/p&gt;&lt;p&gt;&lt;br/&gt;&lt;/p&gt;'),
(43, 43, '首页公司简介', '首页公司简介', '首页公司简介', '首页公司简介', '/uploads/image/20190226/1551112419129340.jpg', '某某五金建筑有限公司', '&lt;p&gt;某某有限公司创建于2008年，注册资金1500万元，已通过ISO9001质量体系认证。公司面积约38000平方米，坐落于有中国铝材生产基地之称的某省某市某区，连接某某大动脉，交通十分便利！&lt;br/&gt;&lt;/p&gt;&lt;p&gt;某某有限公司是一家专业从事中高端铝合金门窗五金配件开发设计与生产销售一体的现代化企业，配备现代化大型标准厂房及各种先进制造设备。某某公司自创立以来，依靠雄厚的资本实力、尖端的技术优势、卓越的产品品质与良好的市场服务获得广大客户的一致赞同，在研究新技术与新产品的同时，也十分注重现有产品的性能改进与技术创新。公司坚持材料科学选择、挑剔使用，同时产品以配套齐全、货源充足、交货及时享誉业内。&lt;/p&gt;&lt;p&gt;&nbsp;某某公司目前拥有员工200多人，汇聚了业内技术资深专家和管理人才，技术研发和管理水平处于业内领先位置。依托雄厚的技术力量和精湛的工艺水平，赢得广大客户的好评，年产值过亿元。公司销售网络覆盖国内近三十个省市、自...&lt;/p&gt;', 0, 0, 'About us', '', '', '', 'XX construction hardware Co., Ltd', '&lt;p&gt;A limited company was founded in 2008, registered capital of 15 million yuan, has passed ISO9001 quality system certification. The company covers an area of about 38000 square meters. It is located in a district of a city, a province known as the aluminum production base of China. It connects with a major artery. The traffic is very convenient!&lt;/p&gt;&lt;p&gt;A limited company is a modern enterprise specialized in the development, design, production and sales of high-end aluminum alloy door and window hardware accessories, equipped with modern large-scale standard workshops and various advanced manufacturing equipment. Since its establishment, a company has won the unanimous approval of customers by relying on its strong capital strength, cutting-edge technical advantages, excellent product quality and good market service. While researching new technology and new products, it also attaches great importance to the performance improvement and technical innovation of existing products. The company adheres to the scientific selection of materials, picky use, while the products are well-known in the industry with complete sets, sufficient supply and timely delivery.&lt;/p&gt;&lt;p&gt;&lt;br/&gt;&lt;/p&gt;');

-- --------------------------------------------------------

--
-- 表的结构 `yunyehui_notice`
--

DROP TABLE IF EXISTS `yunyehui_notice`;
CREATE TABLE IF NOT EXISTS `yunyehui_notice` (
  `id` int(11) NOT NULL AUTO_INCREMENT,
  `title` varchar(150) DEFAULT '',
  `exlink` varchar(200) DEFAULT NULL,
  `seotitle` varchar(250) DEFAULT NULL,
  `seokeywords` varchar(250) DEFAULT NULL,
  `seodesc` varchar(500) DEFAULT NULL,
  `content` text,
  `hits` int(11) DEFAULT '0',
  `pic` varchar(200) DEFAULT NULL,
  `title_en` varchar(500) DEFAULT NULL,
  `seokeywords_en` varchar(500) DEFAULT NULL,
  `seodesc_en` varchar(500) DEFAULT NULL,
  `content_en` text,
  `status` tinyint(1) unsigned zerofill DEFAULT NULL,
  `isgood` tinyint(1) unsigned zerofill DEFAULT '0',
  `addtime` int(11) unsigned DEFAULT NULL,
  `updatetime` int(11) unsigned DEFAULT NULL,
  `ordernum` int(11) unsigned DEFAULT '0',
  `exlink_en` varchar(45) DEFAULT NULL,
  `seotitle_en` varchar(45) DEFAULT NULL,
  `picfile` varchar(200) DEFAULT NULL,
  `summary` varchar(200) DEFAULT NULL,
  `summary_en` varchar(200) DEFAULT NULL,
  PRIMARY KEY (`id`)
) ENGINE=MyISAM  DEFAULT CHARSET=utf8 ROW_FORMAT=DYNAMIC AUTO_INCREMENT=4 ;

--
-- 转存表中的数据 `yunyehui_notice`
--

INSERT INTO `yunyehui_notice` (`id`, `title`, `exlink`, `seotitle`, `seokeywords`, `seodesc`, `content`, `hits`, `pic`, `title_en`, `seokeywords_en`, `seodesc_en`, `content_en`, `status`, `isgood`, `addtime`, `updatetime`, `ordernum`, `exlink_en`, `seotitle_en`, `picfile`, `summary`, `summary_en`) VALUES
(3, '通知消息测试', '', '通知消息测试', '通知消息测试', '通知消息测试', '&lt;p&gt;通知消息测试&lt;/p&gt;', 13, '', 'test', '', '', NULL, 1, 1, 1550234748, NULL, 1, '', '', '', '', '');

-- --------------------------------------------------------

--
-- 表的结构 `yunyehui_orders`
--

DROP TABLE IF EXISTS `yunyehui_orders`;
CREATE TABLE IF NOT EXISTS `yunyehui_orders` (
  `id` int(11) NOT NULL AUTO_INCREMENT,
  `userid` int(11) unsigned DEFAULT '0',
  `sn` varchar(50) DEFAULT NULL,
  `money` float(10,2) DEFAULT '0.00',
  `goods` varchar(5000) DEFAULT NULL,
  `title` varchar(50) DEFAULT NULL,
  `status` int(11) unsigned DEFAULT '0',
  `address` varchar(500) DEFAULT NULL,
  `name` varchar(500) DEFAULT NULL,
  `addtime` int(11) DEFAULT NULL,
  `updatetime` int(11) unsigned DEFAULT NULL,
  `remark` text,
  `mobile` varchar(45) DEFAULT NULL,
  `trade_no` varchar(45) DEFAULT NULL,
  PRIMARY KEY (`id`)
) ENGINE=MyISAM  DEFAULT CHARSET=utf8 ROW_FORMAT=DYNAMIC AUTO_INCREMENT=33 ;

--
-- 转存表中的数据 `yunyehui_orders`
--

INSERT INTO `yunyehui_orders` (`id`, `userid`, `sn`, `money`, `goods`, `title`, `status`, `address`, `name`, `addtime`, `updatetime`, `remark`, `mobile`, `trade_no`) VALUES
(25, 2, '2019022613163753975699', 198.00, 'a:1:{i:0;a:5:{s:3:"gid";s:1:"1";s:5:"title";s:6:"执手";s:5:"catid";s:1:"9";s:3:"num";s:1:"3";s:5:"price";s:5:"99.00";}}', '执手', 0, '河南省洛阳市洛龙区帝都国际城', '刘先生', 1551158197, 1551158197, NULL, '15937957328', NULL),
(24, 2, '2019022516015010156102', 594.00, 'a:1:{i:0;a:5:{s:3:"gid";s:1:"1";s:5:"title";s:10:"V-FZ06F  A";s:5:"catid";s:1:"9";s:3:"num";s:1:"4";s:5:"price";s:5:"99.00";}}', 'V-FZ06F  A', 0, '河南省洛阳市洛龙区帝都国际城', '刘先生', 1551081710, 1551081710, NULL, '15937957328', NULL),
(20, 2, '2019021500265951555097', 1788.00, 'a:2:{i:0;a:5:{s:3:"gid";s:1:"1";s:5:"title";s:10:"V-FZ06F  A";s:5:"catid";s:1:"9";s:3:"num";s:1:"2";s:5:"price";s:5:"99.00";}i:1;a:5:{s:3:"gid";s:1:"2";s:5:"title";s:11:"V-FZ07F  BY";s:5:"catid";s:1:"9";s:3:"num";s:1:"6";s:5:"price";s:6:"199.00";}}', 'V-FZ06F  A', 0, '河南省洛阳市洛龙区帝都国际城', '刘先生', 1550161619, 1550161619, NULL, '15937957328', NULL),
(21, 2, '2019021501152297975010', 1291.00, 'a:2:{i:0;a:5:{s:3:"gid";s:1:"2";s:5:"title";s:11:"V-FZ07F  BY";s:5:"catid";s:1:"9";s:3:"num";s:1:"4";s:5:"price";s:6:"199.00";}i:1;a:5:{s:3:"gid";s:1:"1";s:5:"title";s:10:"V-FZ06F  A";s:5:"catid";s:1:"9";s:3:"num";s:1:"5";s:5:"price";s:5:"99.00";}}', 'V-FZ07F  BY', 1, '河南省洛阳市洛龙区帝都国际城', '刘先生', 1550164522, 1550225904, ' ', '15937957328', NULL),
(23, 2, '2019021618365555575653', 596.00, 'a:2:{i:0;a:5:{s:3:"gid";s:1:"2";s:5:"title";s:11:"V-FZ07F  BY";s:5:"catid";s:1:"9";s:3:"num";s:1:"2";s:5:"price";s:6:"199.00";}i:1;a:5:{s:3:"gid";s:1:"1";s:5:"title";s:10:"V-FZ06F  A";s:5:"catid";s:1:"9";s:3:"num";s:1:"2";s:5:"price";s:5:"99.00";}}', 'V-FZ07F  BY', 0, '河南省洛阳市洛龙区帝都国际城', '刘先生', 1550313415, 1550313415, NULL, '15937957328', NULL),
(26, 1, '2019112123350798554948', 100.00, 'a:1:{i:0;a:5:{s:3:"gid";s:2:"11";s:5:"title";s:18:"无油美标合页";s:5:"catid";s:2:"22";s:3:"num";s:1:"2";s:5:"price";s:6:"100.00";}}', '无油美标合页', 0, '深圳市福田区中康路126号卓越城A座1806-1808', '刘先生', 1574350507, 1574350507, NULL, '15937957328', NULL),
(27, 1, '2019112301110798101545', 100.00, 'a:1:{i:0;a:5:{s:3:"gid";s:2:"11";s:5:"title";s:18:"无油美标合页";s:5:"catid";s:2:"22";s:3:"num";s:1:"1";s:5:"price";s:6:"100.00";}}', '无油美标合页', 0, '深圳市福田区中康路126号卓越城A座1806-1808', '刘先生', 1574442667, 1574442667, NULL, '15937957328', NULL),
(28, 1, '2019123006372654485153', 398.00, 'a:1:{i:0;a:5:{s:3:"gid";s:2:"12";s:5:"title";s:21:"锁体、锁芯系列";s:5:"catid";s:2:"19";s:3:"num";s:1:"2";s:5:"price";s:6:"199.00";}}', '锁体、锁芯系列', 0, '深圳市福田区中康路126号卓越城A座1806-1808', '刘先生', 1577687846, 1577687846, NULL, '15937957328', NULL),
(29, 1, '2020011211523450515354', 398.00, 'a:1:{i:0;a:5:{s:3:"gid";s:2:"12";s:5:"title";s:21:"锁体、锁芯系列";s:5:"catid";s:2:"19";s:3:"num";s:1:"2";s:5:"price";s:6:"199.00";}}', '锁体、锁芯系列', 0, '深圳市福田区中康路126号卓越城A座1806-1808', '刘先生', 1578829954, 1578829954, NULL, '15937957328', NULL),
(30, 1, '2020011212311753534999', 1092.00, 'a:2:{i:0;a:5:{s:3:"gid";s:1:"6";s:5:"title";s:12:"拔叉执手";s:5:"catid";s:1:"9";s:3:"num";s:1:"5";s:5:"price";s:5:"99.00";}i:1;a:5:{s:3:"gid";s:2:"12";s:5:"title";s:21:"锁体、锁芯系列";s:5:"catid";s:2:"19";s:3:"num";s:1:"3";s:5:"price";s:6:"199.00";}}', '拔叉执手', 0, '深圳市福田区中康路126号卓越城A座1806-1808', '刘先生', 1578832277, 1578832277, NULL, '15937957328', NULL),
(31, 1, '2020011212365252485451', 1591.00, 'a:2:{i:0;a:5:{s:3:"gid";s:1:"6";s:5:"title";s:12:"拔叉执手";s:5:"catid";s:1:"9";s:3:"num";s:1:"2";s:5:"price";s:5:"99.00";}i:1;a:5:{s:3:"gid";s:2:"12";s:5:"title";s:21:"锁体、锁芯系列";s:5:"catid";s:2:"19";s:3:"num";s:1:"7";s:5:"price";s:6:"199.00";}}', '拔叉执手', 0, '深圳市福田区中康路126号卓越城A座1806-1808', '刘先生', 1578832612, 1578832612, NULL, '15937957328', NULL),
(32, 1, '2020011212535450985210', 500.00, 'a:1:{i:0;a:5:{s:3:"gid";s:2:"14";s:5:"title";s:9:"地弹簧";s:5:"catid";s:2:"28";s:3:"num";s:1:"5";s:5:"price";s:6:"100.00";}}', '地弹簧', 0, '深圳市福田区中康路126号卓越城A座1806-1808', '刘先生', 1578833634, 1578833634, NULL, '15937957328', NULL);

-- --------------------------------------------------------

--
-- 表的结构 `yunyehui_user`
--

DROP TABLE IF EXISTS `yunyehui_user`;
CREATE TABLE IF NOT EXISTS `yunyehui_user` (
  `userid` int(10) unsigned NOT NULL AUTO_INCREMENT,
  `username` varchar(30) NOT NULL DEFAULT '',
  `password` varchar(32) NOT NULL DEFAULT '',
  `roleid` smallint(5) unsigned NOT NULL DEFAULT '0',
  `catid` int(10) DEFAULT '0',
  `realname` varchar(50) DEFAULT NULL,
  `salt` varchar(16) NOT NULL,
  `rnd` varchar(20) DEFAULT NULL,
  `loginnum` int(10) unsigned DEFAULT '0',
  `email` varchar(120) DEFAULT NULL,
  `photo` varchar(255) DEFAULT NULL,
  `allowclass` text,
  `createtime` int(10) unsigned NOT NULL,
  `lastlogintime` int(10) unsigned DEFAULT NULL,
  `preip` varchar(255) DEFAULT NULL,
  `lastip` varchar(255) DEFAULT NULL,
  `addip` varchar(255) DEFAULT NULL,
  `status` smallint(5) unsigned DEFAULT '0',
  `prelogintime` int(10) unsigned DEFAULT NULL,
  PRIMARY KEY (`userid`),
  UNIQUE KEY `username` (`username`)
) ENGINE=MyISAM  DEFAULT CHARSET=utf8 AUTO_INCREMENT=4 ;

--
-- 转存表中的数据 `yunyehui_user`
--

INSERT INTO `yunyehui_user` (`userid`, `username`, `password`, `roleid`, `catid`, `realname`, `salt`, `rnd`, `loginnum`, `email`, `photo`, `allowclass`, `createtime`, `lastlogintime`, `preip`, `lastip`, `addip`, `status`, `prelogintime`) VALUES
(1, 'admin', '48b68da751bc3e915b6508ba4df59dc2', 1, 1, '', 'gmoqtDFLMOSUX678', 'efgilpBGIMOPQY13!@=;', 236, '', NULL, 'ZDkxMDk4ZWE4YjAwYmIyZThjV3lJeElpd2lNaUlzSWpNaUxDSTBJaXdpTlNKZDg5MGU3NWQyYTg0Nzg4ZGIwM2ExNzYxNWU2MTU3NDA2YTQ3', 1482127429, 1578915984, 'YmM0OWM5ZWY1ODk5ZGRkNzM0ZXlKcGNHRmtaSElpT2lJNk9qRWlMQ0pwY0hCdmNuUWlPalUwTURFM2ZRPT04ZDdlNzk5NTliNDQyYTI1ZDE0ZWUzODZmZDI4MzY5OTM0YQ==', 'YmM0OWM5ZWY1ODk5ZGRkNzM0ZXlKcGNHRmtaSElpT2lJNk9qRWlMQ0pwY0hCdmNuUWlPalUzTlRrNGZRPT04ZDdlNzk5NTliNDQyYTI1ZDE0ZWUzODZmZDI4MzY5OTM0YQ==', '{"ipaddr":"192.168.1.188","ipport":2122}', 1, 1578892652),
(2, 'lxf001', '9f4dd3ad0994db6b0d0f0e12f986ae5e', 3, 3, '刘晓飞', 'ptwKMNOST2569&}:', 'fghklzGHMNOSTWXZ9];|', 51, '15003219@qq.com', NULL, '', 1482127554, 1484024534, 'ZDkxMDk4ZWE4YjAwYmIyZThjZXlKcGNHRmtaSElpT2lJeE9USXVNVFk0TGpFdU1UZzRJaXdpYVhCd2IzSjBJam95TnpZM2ZRPT04OTBlNzVkMmE4NDc4OGRiMDNhMTc2MTVlNjE1NzQwNmE0Nw==', 'ZDkxMDk4ZWE4YjAwYmIyZThjZXlKcGNHRmtaSElpT2lJeE9USXVNVFk0TGpFdU1UZzRJaXdpYVhCd2IzSjBJam96TURBM2ZRPT04OTBlNzVkMmE4NDc4OGRiMDNhMTc2MTVlNjE1NzQwNmE0Nw==', '{"ipaddr":"192.168.1.188","ipport":2122}', 1, 1484023397);

/*!40101 SET CHARACTER_SET_CLIENT=@OLD_CHARACTER_SET_CLIENT */;
/*!40101 SET CHARACTER_SET_RESULTS=@OLD_CHARACTER_SET_RESULTS */;
/*!40101 SET COLLATION_CONNECTION=@OLD_COLLATION_CONNECTION */;
