/*
SQLyog Professional v12.08 (64 bit)
MySQL - 5.6.24 : Database - innovate319
*********************************************************************
*/

/*!40101 SET NAMES utf8 */;

/*!40101 SET SQL_MODE=''*/;

/*!40014 SET @OLD_UNIQUE_CHECKS=@@UNIQUE_CHECKS, UNIQUE_CHECKS=0 */;
/*!40014 SET @OLD_FOREIGN_KEY_CHECKS=@@FOREIGN_KEY_CHECKS, FOREIGN_KEY_CHECKS=0 */;
/*!40101 SET @OLD_SQL_MODE=@@SQL_MODE, SQL_MODE='NO_AUTO_VALUE_ON_ZERO' */;
/*!40111 SET @OLD_SQL_NOTES=@@SQL_NOTES, SQL_NOTES=0 */;
CREATE DATABASE /*!32312 IF NOT EXISTS*/`innovate319` /*!40100 DEFAULT CHARACTER SET utf8 */;

USE `innovate319`;

/*Table structure for table `colleges_user` */

DROP TABLE IF EXISTS `colleges_user`;

CREATE TABLE `colleges_user` (
  `id` int(11) NOT NULL AUTO_INCREMENT,
  `code` varchar(5) DEFAULT NULL COMMENT '高校code',
  `name` varchar(50) DEFAULT NULL COMMENT '高校名称',
  `userName` varchar(50) DEFAULT NULL COMMENT '用户名即高校code',
  `linkman` varchar(50) DEFAULT NULL COMMENT '联系人姓名',
  `phoneNum` varchar(20) DEFAULT NULL COMMENT '手机号',
  `email` varchar(50) DEFAULT NULL COMMENT '邮箱',
  `status` varchar(2) DEFAULT NULL COMMENT '用户状态 1：正常 2：禁用',
  `password` varchar(100) DEFAULT NULL COMMENT '密码',
  `salt` varchar(50) DEFAULT NULL COMMENT '盐值',
  `loginTime` int(10) DEFAULT NULL COMMENT '登录次数',
  `create_time` varchar(50) DEFAULT NULL,
  `update_time` varchar(50) DEFAULT NULL,
  PRIMARY KEY (`id`)
) ENGINE=MyISAM AUTO_INCREMENT=300 DEFAULT CHARSET=utf8;

/*Data for the table `colleges_user` */

insert  into `colleges_user`(`id`,`code`,`name`,`userName`,`linkman`,`phoneNum`,`email`,`status`,`password`,`salt`,`loginTime`,`create_time`,`update_time`) values (3,'13009','淄博职业学院','13009',NULL,NULL,NULL,NULL,'1bf112401c325c9b282c81fb14a175b7','2',NULL,NULL,'2016-09-21 09:54:51'),(4,'10832','山东商业职业技术学院','10832',NULL,NULL,NULL,NULL,'e10adc3949ba59abbe56e057f20f883e','2',NULL,NULL,NULL),(5,'12062','日照职业技术学院','12062','tom','6666666',NULL,'1','92f053251d24c129ead8c4d984b05e2a','2',NULL,NULL,'2017-03-30 21:27:38'),(6,'12819','山东科技职业学院','12819',NULL,NULL,NULL,'2','e10adc3949ba59abbe56e057f20f883e','2',NULL,NULL,'2017-03-30 20:52:04'),(290,'1','山东','1','Tom','1590000','jj@ww.cmm',NULL,'f5fb7369d1ea54b33efd81cba0a6b5cc','1',NULL,NULL,'2017-03-27 11:15:22'),(291,'00000','齐鲁工业大学','00000','jzq','15000000000',NULL,'1','4c4d27c4d92424f7c04051b5d155e348','49cc3b92122e4065bcd7798d6f2c863f',0,'2017-03-30 20:39:16',NULL),(299,'2','2','2','2','2',NULL,'2','b8e0627d8d3c1f535ff66f79bc40761c','933b735e63af4e529267570285f585ae',0,'2017-03-31 18:39:23',NULL),(298,'90','高校名称342432586','90','Tom','1590000000',NULL,'1','ca57dca280e2fc3b9bf2a87d2cbdff6e','8a56e43de6ec40f4bbb27926be83ef9e',0,'2017-03-30 22:16:37',NULL);

/*Table structure for table `declare_type` */

DROP TABLE IF EXISTS `declare_type`;

CREATE TABLE `declare_type` (
  `id` int(11) NOT NULL AUTO_INCREMENT,
  `code` varchar(50) DEFAULT NULL COMMENT '申报类型code',
  `name` varchar(50) DEFAULT NULL COMMENT '申报类型名称',
  `create_time` datetime DEFAULT NULL,
  `update_time` datetime DEFAULT NULL,
  PRIMARY KEY (`id`)
) ENGINE=MyISAM AUTO_INCREMENT=4 DEFAULT CHARSET=utf8;

/*Data for the table `declare_type` */

insert  into `declare_type`(`id`,`code`,`name`,`create_time`,`update_time`) values (1,'2','创新教育导师',NULL,NULL),(2,NULL,'创业教育导师',NULL,NULL),(3,NULL,'学科专业导师',NULL,NULL);

/*Table structure for table `department_user` */

DROP TABLE IF EXISTS `department_user`;

CREATE TABLE `department_user` (
  `id` int(11) NOT NULL AUTO_INCREMENT,
  `departmentName` varchar(50) DEFAULT NULL COMMENT '处室名',
  `userName` varchar(50) DEFAULT NULL COMMENT '用户名',
  `password` varchar(100) DEFAULT NULL COMMENT '密码',
  `linkman` varchar(50) DEFAULT NULL COMMENT '联系人姓名',
  `phoneNum` varchar(20) DEFAULT NULL COMMENT '手机号',
  `email` varchar(50) DEFAULT NULL COMMENT '邮箱',
  `salt` varchar(50) DEFAULT NULL COMMENT '盐值',
  `loginTime` int(10) DEFAULT NULL COMMENT '登录次数',
  `status` varchar(2) DEFAULT NULL COMMENT '用户状态 1：正常 2：禁用',
  `create_time` datetime DEFAULT NULL,
  `update_time` datetime DEFAULT NULL,
  PRIMARY KEY (`id`),
  UNIQUE KEY `unique` (`userName`)
) ENGINE=MyISAM AUTO_INCREMENT=302 DEFAULT CHARSET=utf8;

/*Data for the table `department_user` */

insert  into `department_user`(`id`,`departmentName`,`userName`,`password`,`linkman`,`phoneNum`,`email`,`salt`,`loginTime`,`status`,`create_time`,`update_time`) values (290,'教务处','1','f5fb7369d1ea54b33efd81cba0a6b5cc','Tom','156222222','hhh@ww.cc','1',NULL,'1',NULL,'2017-03-29 20:26:12'),(3,'电信处','2222233',NULL,'jim','55555',NULL,NULL,NULL,'1',NULL,NULL),(301,'2','2','90e63a556514f72b37ce475194dc4ef4','2','2',NULL,'784c87e3492d43ff8870e46a93e2cfa9',0,'2','2017-03-31 18:39:09','2017-03-31 18:39:09'),(292,'3','3','30f0c0c28fa026426c74d31d36ebfe37','3','3',NULL,'039471554c7440c08866309aff793b78',0,'2','2017-03-30 15:35:11','2017-03-30 16:03:22'),(293,'rr','rr','d8d6a2ca26c7d6d07ef7178125631d55','rr','33',NULL,'137bfd96fcc941b6a51d88c5c6883a45',0,'1','2017-03-30 15:36:25','2017-03-30 16:42:06'),(294,'5','5','857bdc205c6fc4e67818cca71544b976','5','5',NULL,'abe00d788eeb41eda9a07fa42d65be41',0,'1','2017-03-30 16:03:53','2017-03-30 16:03:53'),(299,'处室517677600','用户517677600','57d2abe0b0b9f0e08c6e34209dd751a4','Tom','1590000000',NULL,'6169baf80c104a93bede9146c8f287ab',0,'1','2017-03-30 19:00:41','2017-03-30 19:00:41'),(300,'处室888','用户888','8f96c37b3b9da55f2ae6a1c0935d5a73','88','888',NULL,'52b9d06c81ce4ec89356bd9313fe1462',0,'2','2017-03-30 19:00:41','2017-03-30 19:00:41');

/*Table structure for table `education` */

DROP TABLE IF EXISTS `education`;

CREATE TABLE `education` (
  `id` int(11) NOT NULL AUTO_INCREMENT,
  `code` varchar(50) DEFAULT NULL COMMENT '学历code',
  `name` varchar(50) DEFAULT NULL COMMENT '学历',
  `create_time` datetime DEFAULT NULL,
  `update_time` datetime DEFAULT NULL,
  PRIMARY KEY (`id`)
) ENGINE=MyISAM AUTO_INCREMENT=9 DEFAULT CHARSET=utf8;

/*Data for the table `education` */

insert  into `education`(`id`,`code`,`name`,`create_time`,`update_time`) values (1,NULL,'小学',NULL,NULL),(2,NULL,'中学',NULL,NULL),(3,NULL,'高中',NULL,NULL),(4,NULL,'高职',NULL,NULL),(5,NULL,'大专',NULL,NULL),(6,NULL,'大学',NULL,NULL),(7,'6','硕士研究生',NULL,NULL),(8,NULL,'博士研究生',NULL,NULL);

/*Table structure for table `educationhall_user` */

DROP TABLE IF EXISTS `educationhall_user`;

CREATE TABLE `educationhall_user` (
  `id` int(11) NOT NULL AUTO_INCREMENT,
  `userName` varchar(50) DEFAULT NULL COMMENT '用户名',
  `password` varchar(100) DEFAULT NULL COMMENT '密码',
  `salt` varchar(50) DEFAULT NULL COMMENT '盐值',
  `loginTime` int(10) DEFAULT NULL COMMENT '登录次数',
  `status` varchar(2) DEFAULT NULL COMMENT '用户状态 1：正常 2：禁用',
  `create_time` datetime DEFAULT NULL,
  `update_time` datetime DEFAULT NULL,
  PRIMARY KEY (`id`)
) ENGINE=MyISAM AUTO_INCREMENT=291 DEFAULT CHARSET=utf8;

/*Data for the table `educationhall_user` */

insert  into `educationhall_user`(`id`,`userName`,`password`,`salt`,`loginTime`,`status`,`create_time`,`update_time`) values (290,'1','f5fb7369d1ea54b33efd81cba0a6b5cc','1',NULL,NULL,NULL,NULL);

/*Table structure for table `expert_user` */

DROP TABLE IF EXISTS `expert_user`;

CREATE TABLE `expert_user` (
  `id` int(11) NOT NULL AUTO_INCREMENT,
  `colleges_id` int(11) DEFAULT NULL COMMENT '高校id',
  `username` varchar(50) DEFAULT NULL COMMENT '用户名（学校用户名+001顺次编号）',
  `name` varchar(50) DEFAULT NULL COMMENT '姓名',
  `sex` varchar(10) DEFAULT NULL COMMENT '性别',
  `position` varchar(50) DEFAULT NULL COMMENT '职务',
  `job_title_id` int(11) DEFAULT NULL COMMENT '职称id',
  `education_id` int(11) DEFAULT NULL COMMENT '学历id',
  `origin_id` int(11) DEFAULT NULL COMMENT '专家来源id',
  `origin_other` varchar(100) DEFAULT NULL COMMENT '专家其他来源',
  `work_unit` varchar(100) DEFAULT NULL COMMENT '工作单位',
  `rigion_id` int(11) DEFAULT NULL COMMENT '所在城市id',
  `industry_id` int(11) DEFAULT NULL COMMENT '行业id',
  `research_area` varchar(100) DEFAULT NULL COMMENT '研究领域',
  `telephone` varchar(20) DEFAULT NULL COMMENT '办公电话',
  `mobile` varchar(20) DEFAULT NULL COMMENT '手机号',
  `email` varchar(100) DEFAULT NULL COMMENT '电子邮箱',
  `id_card` varchar(20) DEFAULT NULL COMMENT '身份证号',
  `declare_type_id` int(11) DEFAULT NULL COMMENT '申报类型id',
  `description` varchar(10000) DEFAULT NULL COMMENT '专家情况介绍',
  `audit_status` int(11) NOT NULL DEFAULT '3' COMMENT '审核状态',
  `password` varchar(50) DEFAULT 'e10adc3949ba59abbe56e057f20f883e' COMMENT '密码',
  `loginTime` int(10) DEFAULT NULL COMMENT '登录次数',
  `salt` varchar(50) DEFAULT NULL COMMENT '盐值',
  `audit_opinion` text COMMENT '审核意见',
  `bank_card_id` varchar(20) DEFAULT NULL COMMENT '银行卡号',
  `bankName` varchar(20) DEFAULT NULL COMMENT '开户名',
  `bank` varchar(20) DEFAULT NULL COMMENT '开户行',
  `status` varchar(2) DEFAULT NULL COMMENT '用户状态 1：正常 2：禁用',
  `firstLogin` varchar(1) DEFAULT NULL COMMENT '是否首次登录 1：是 2：否',
  `create_time` datetime DEFAULT NULL,
  `update_time` datetime DEFAULT NULL,
  PRIMARY KEY (`id`)
) ENGINE=MyISAM AUTO_INCREMENT=4932 DEFAULT CHARSET=utf8;

/*Data for the table `expert_user` */

insert  into `expert_user`(`id`,`colleges_id`,`username`,`name`,`sex`,`position`,`job_title_id`,`education_id`,`origin_id`,`origin_other`,`work_unit`,`rigion_id`,`industry_id`,`research_area`,`telephone`,`mobile`,`email`,`id_card`,`declare_type_id`,`description`,`audit_status`,`password`,`loginTime`,`salt`,`audit_opinion`,`bank_card_id`,`bankName`,`bank`,`status`,`firstLogin`,`create_time`,`update_time`) values (85,6,'14081085','邹仁平','女','学生科科长',1,6,6,NULL,'烟台汽车工程职业学院',3,1004,'机械设计制造及其自动化','0535-6339068','15963556859','zourenping2005@163.com','210881197809195387',1,'       邹仁平，女，1978年9月出生，中共党员，工学硕士。现任烟台汽车工程职业学院机电工程系学生科科长兼团总支书记，一直从事学生教育和管理工作，对学生有深入的了解，有较高的创新意识和创新能力，在学生创新教育中有丰富的实践经验。多次荣获院级及以上荣誉，2014年被评为第五届山东省高校优秀辅导员。\r\n    在日常教育教学工作过程中，能积极探索、深入研究，理论和实践相结合，具有开拓创新精神，在大学生创新创业培训方面具有较高的理论水平和丰富的实践经验。参加全国创业培训工作指导委员会培训，获得创业实助理证书，参加人力资源和社会保障部职业技能鉴定中心（中国就业培训技术指导中心）培训，获得创业咨询实训指导师证书，多次为学院SYB班的学生培训，指导多名学生成功创业，指导学生参加山东省大学生机电产品创新设计比赛，获得三等奖。参加山东省教育科学研究课题《“创客”对高职院校学生创新能力培养的影响研究》，并担任负责人，参与山东省青少年教育科学规划研究课题《高职学生创新能力现状分析及引导机制研究》。\r\n',1,'e10adc3949ba59abbe56e057f20f883e',NULL,'1',NULL,NULL,NULL,NULL,'1',NULL,'2016-07-02 16:37:16','2016-07-08 10:50:21'),(86,6,'14081086','刘凤景','女','教研室主任',1,7,6,NULL,'烟台汽车工程职业学院',3,1004,'机械设计制造及其自动化','0535-6339066','15192293006','dafeng0217@163.com','370828198205194049',1,'刘凤景，1982年出生，毕业于山东科技大学机械制造及其自动化专业，硕士研究生，数控铣高级技师，三维数字化创新设计大赛山东赛区评审专家组专家。长期从事学生的创新设计教学与创新设计大赛指导工作，多次获得创新设计大赛优秀指导教师称号。近几年来取得了优异成绩主要有：\r\n1）2015年指导学生参加山东省职业院校技能大赛获“三维数字化设计与制造”项目三等奖；\r\n2）2015年指导学生参加山东省职业院校技能大赛获“工业产品造型设计与快速成型加工”项目三等奖；\r\n2）2014年指导学生参加山东省职业院校技能大赛获“三维数字化设计与制造”项目二等奖第一名；\r\n3）2014年指导学生参加全国三维数字化创新设计大赛获省级特等奖一项、省级一等奖三项；\r\n4）2014年指导学生参加烟台市工业产品CAD技术技能大赛获市级二等奖\r\n5）2013年度指导学生参加山东省职业院校技能大赛，获“机械产品的三维造型与创新设计”项目一等奖；\r\n6）2013年指导学生参加全国三维数字化创新设计大赛获国家二等奖一项、省级特等奖一项、省级一等奖三项；\r\n7）2012年度指导学生参加山东省职业院校技能大赛，获“机械产品的三维造型与创新设计”项目二等奖；\r\n8）2012年度指导学生参加山东省职业院校技能大赛，获“机械产品数控加工”项目二等奖；\r\n9）2012年指导学生参加全国三维数字化创新设计大赛获省级特等奖两项；2011年指导学生参加全国三维数字化创新设计大赛获省级特等奖一项、省级一等奖一项；\r\n10）2012年指导学生参加烟台市现代制造技术专业技能大赛数控车项目获市级一等奖；\r\n11）2011年指导学生参加全国三维数字化创新设计大赛获省级特等奖一项、省级一等奖三项、省级二等奖一项； \r\n12）2010年指导学生参加全国三维数字化创新设计大赛获国家三等奖一项、省级特等奖一项、省级一等奖一项。 \r\n',1,'e10adc3949ba59abbe56e057f20f883e',NULL,'1',NULL,NULL,NULL,NULL,'1',NULL,'2016-07-02 16:38:19','2016-07-08 10:50:27'),(87,6,'14081087','邹广安','男','车辆运用工程系副主任',1,6,6,NULL,'烟台汽车工程职业学院',3,1004,'教育学','0535-6339131','18660000326','764296281@qq.com','370611196901143811',1,'      邹广安，男，1968年1月出生，中共党员，本科学历，教育硕士，现担任车辆系副主任、副书记，分管学生工作。\r\n    本人从事多年的一线教育教学工作，连续7年担任《大学生就业指导与创业教育》课程教学，分管学生的就业安置工作，考取高级就业指导师职业资格证，连续3年担任创业教育课程教师，对离校前的学生进行创业培训教育。具有较强的理论知识，撰写了多篇教育管理论文并在山东省里获奖。其中《浅析高职院校校园景观文化独特的德育教育功能》2014年获山东省高校校园文化建设理论与学术类优秀成果三等奖，主持《大学生社会实践长效机制的探索与研究-以烟台汽车工程职业学院为例》列为省级重点课题，已结题。加强对学生创新创业能力的培养，注重对学生的素质拓展教育，具有较强的指导大学生创新活动的经验，2015年指导车辆系学生参加山东省职业院校技能大赛（高职组）“汽车检测与维修”竞赛项目荣获一等奖，被授予“优秀指导教师”。主编正在使用大学生职业生涯规划教材和大学生新生入学教育教材。\r\n',1,'e10adc3949ba59abbe56e057f20f883e',NULL,'1',NULL,NULL,NULL,NULL,'1',NULL,'2016-07-02 16:39:17','2016-07-08 10:50:34'),(88,6,'14081088','白秀秀','女','教学科长',2,6,6,NULL,'烟台汽车工程职业学院',3,1004,'汽车维修工程教育','0535-6339011','13963868341','baixiuxiu9@163.com','379014197510116428',1,'本人多年从事汽车机电产品研究工作，研究山东省科技厅的科研课题《基于车联网的水产品冷链物流安全监测方法研究》，2014年4月结题。\r\n《一种出租车内防乘客丢失物品监控报警装置》，2011年8月，实用新型专利；\r\n《一种非机动车道行驶减速提醒装置》，2011年8月，实用新型专利；\r\n论文《纯电动汽车动力系统参数匹配及整车控制分析》2014年9月被IE收录；\r\n论文 《汽车电池用新型钒基固溶体合金的组织与性能研究》2014年9月发表在核心期刊《热加工工艺》上；\r\n多年从事学生创新指导工作，成立系机电产品创新社团，指导学生创新创作，指导学生累计达100余人。\r\n2014年、2015年连续两年获得山东省机电产品创新大赛二等奖。\r\n',1,'e10adc3949ba59abbe56e057f20f883e',NULL,'1',NULL,NULL,NULL,NULL,'1',NULL,'2016-07-02 16:40:12','2016-07-08 08:17:36'),(89,6,'14081089','韩鑫','男','教师',1,6,6,NULL,'烟台汽车工程职业学院',3,1004,'汽车服务工程','0535-6369108','13675452535','76453651@qq.com','37061119780202001X',1,'本人自毕业以来一直从事汽车专业课程的教学工作，现为汽车运用技术教研室主任，汽车维修高级技师，主要讲授《汽车发动机构造与维修》、《汽车故障诊断》等专业课程，长期致力于汽车检测与维修的实践教学，近年来从事汽车环保产品的开发工作，并初有成果。自12年开始一直担任大学生创新、创业教育，讲授《大学生生涯规划》课程。\r\n教材：\r\n1、《汽车综合故障诊断与综合检测》  2013、8 北京理工大学出版社 副主编\r\n2、《汽车整车结构认知》  2014、8 北京理工大学出版社 副主编\r\n科研课题：\r\n1、《教师幸福感研究》 2014.3  烟台汽车工程职业学院  位次 2\r\n2、《职业教育对区域经济发展的贡献研究》2015.5  山东省职业教育与成人教育科研规划领导小组办公室  位次  3\r\n3、《青少年校园暴力成因、走向及引导机制研究》 2015.11  山东省青少年教育科学规划管理办公室 位次 1   课题负责人\r\n培训、创业情况：\r\n1、2016年1月22日，参加全国第十九期创业教育实训师资班\r\n2、为中国创业培训会员\r\n3、指导学生进行 “互联网+”大学生创新创业大赛\r\n',1,'e10adc3949ba59abbe56e057f20f883e',NULL,'1',NULL,NULL,NULL,NULL,'1',NULL,'2016-07-02 16:40:33','2016-07-06 15:18:33'),(90,6,'14081090','马晓艳','女','系主任',1,6,6,NULL,'烟台汽车工程职业学院',3,1004,'机械设计制造及其自动化','05356339086','13573592830','593042436@qq.com','220181197712084422',2,'本人2002年毕业于长春工业大学，同年就业于福山高级中学，2006年开始在烟台汽车工程职业学院就职，担任团委书记，2007年获得硕士学位，2012 年在经济管理系担任系主任一职至今。在14年的工作中，本人积累了大量的工作经验，无论在团委还是在系里，工作范围都是在与学生打交道，对学生创业就业的意愿十分了解，于是在2010年参加了KAB创业培训，2011年开始为我院学生进行创业就业培训，2012年开始在班级内上创业就业课，学生对本人的授课方式及理论水平非常认可，很多学生即使毕业后还经常向本人咨询创业知识。通过不懈的努力，本人于2007年4月被福山区人事局、共青团福山区委授予 “福山区优秀青年工作者”称号；2009年被烟台市人民政府授予“烟台慈善奖最具爱心慈善行为楷模” 称号；2010年被山东省教育厅、共青团山东省委、中共山东省委宣传部等六部门联合授予“山东省大中专学生志愿者暑期三下乡社会实践优秀指导者”称号；2011年被山东省高校工委评为2009—2010年度全省高校思想政治教育工作先进个人；2011年被烟台市人民政府评为烟台市民族团结进步先进个人；2012年被烟台市学生资助管理中心评为烟台市学生资助工作先进个人。2015年获得了“烟台汽车工程职业学院优秀教师”、“烟台汽车工程职业学院招生先进个人”称号，\r\n同时本人编写的国家级论文《电子机械制动系统应用于汽车自适应性巡航控制中的重要性以及意义评价》、核心期刊论文《基于Ansys workbench的联轴器膜片响应曲面优化》也已经发表，课题《新形势下培养、选拔、使用年轻干部研究》结题并获得省优秀奖。\r\n',1,'e10adc3949ba59abbe56e057f20f883e',NULL,'1',NULL,NULL,NULL,NULL,'1',NULL,'2016-07-02 16:42:37','2016-07-06 10:53:27'),(91,6,'14081091','李晓龙','男','讲师',1,6,4,NULL,'山东网商集团',3,919,'电子商务类','0535-6339237','15688508836','766368977@qq.com','370683198904193233',2,'大学生实践教学创业基地、菜鸟物流校园项目、京东派校园“O2O”项目建设。长期从事电子商务教学、校企合作专业共建，负责建设大学生创业孵化基地建设，长期从事学生创业指导工作。',1,'e10adc3949ba59abbe56e057f20f883e',NULL,'1','缺专业代码',NULL,NULL,NULL,'2',NULL,'2016-07-02 16:43:46','2016-11-28 08:26:33'),(92,6,'14081092','王莉','女','汽车系团总支副书记',1,6,6,NULL,'烟台汽车工程职业学院',3,1004,'哲学类','0535-6339051','15106507887','66679823@qq.com','220302197908210422',2,'本人自2004年工作以来先后担任8个班级的近459名学生的思想政治、创新创业等方面学生管工作，2013年从事汽车制造工程系学生活动和学生社团的管理工作，由于工作的性质，我一直不断的自己充电，提升增强学生学生创新理念、创效意识和就业创业能力为重点，以促进形成“崇尚一技之长、不唯学历凭能力”的社会氛围为导向，着力激发学生的创新创业思想，并以辅导部分学生参加大赛为突破口，增强学生社会责任感、创新精神、实践能力，逐步构建职业学校开展学生就业创业教育的有效载体和特色阵地，为培养数高素质职业人才服务，为全面建成小康社会提供强有力的人才支撑。在今年五月份刚结束的2016年“挑战杯——彩虹人生”山东省职业学校创新创效创业大赛中，我参与的两个项目辅导学生参加比赛的重任，社会调研论文类别的比赛中，我辅导的集体作品《“互联网+”时代下校园贷款热的冷思考》获得了山东省三等奖，生产工艺革新与工作流程优化竞赛类别比赛中，我辅导的集体作品《汽车整车电气故障智能模拟装置》获得山东省二等奖，并代表山东省参加了国家的比赛，在我管辖的社团中，其中《创新社团》在2014年获得优秀社团，并参加了山东省优秀社团的评选。在每学期假期进行大学生成长体验公益励志实践课程，旨在增强学生自信心与沟通能力，提高社会实践能力，培养当代大学生乐于奉献，敢于担当的良好品质，树立正确的人生观、价值观和世界观。使学生拥有梦想，坚持梦想，成就梦想。今年的暑期，我们开展“青春正能量 美丽中国梦”当代大学生成长体验创业有能力公益活动，通过出售爱心笔，让学生体验创业过程，在提供自己能力的同时，帮助别人，快乐自己。\r\n不忘初心，方得始终。在现代竞争激烈的社会面前，谁坚持了梦想，谁付出了辛苦的劳动，谁就拥有了成功的事业。今后我将全身心的投入的学生的创新创业的工作中，接受学生咨询，充分调动学生的主动性和积极性，使更多的学生参与到大赛中来，参与到创新创业中来。\r\n',1,'e10adc3949ba59abbe56e057f20f883e',NULL,'1',NULL,NULL,NULL,NULL,'2',NULL,'2016-07-02 16:44:21','2016-07-06 10:55:56'),(93,6,'14081093','邢瑞晓','女','信息与控制工程系学生科科长',2,6,6,NULL,'烟台汽车工程职业学院',3,1004,'思想政治教育','6339169','13864576798','409994077@qq.com','610113196906052148',2,' 邢瑞晓，女，1969年6月出生，1991年6月毕业于西安电子科技大学应用电子专业。毕业后就职于烟台市福山第二职业中专从事电工电子专业教学工作。1995年12月在曲阜师范大学思想与政治品德教育专业学习，1997年12月毕业。1997年调入烟台汽车工程职业学院机电专业从事思想政治教学。2003年调整到学生处副主任一职从事学生管理和思想政治教育工作 ，在学生处工作期间，学校从中专升格到大专、在学院经过各种评估升入省级或国家级重点，被评为省级公寓示范管理评估等工作中做出了大量的贡献，并且取得了较好的成绩。近年来，在学生处负责的就业创业工作也取得了好的成绩。2014年调入信息与控制工程系，负责该系的学生管理工作、学生就业、创业工作，我系的这些工作在学校里一直名列前茅，在省里的创业大赛中也取得了骄人的成绩。除了参与学生管理工作，还给我们系的学生担任就业创业指导课程教育。\r\n\r\n  几年来的工作有付出也有收获1995年获区教育局优质课、1998年2000年2002年获得区优秀班主任称号、2005年2006年区获得优秀教师称号、2010年双平工作先进个人、2013年高校学生公寓管理工作先进个人、2013年2015年先锋党员称号、2014年2015年优秀辅导员。先后发表在国家级和核心期刊发表3篇论文参与了省级及学院多个课题的研究，参加过省里的党支部书记培训高级辅导员研修班培训等',1,'e10adc3949ba59abbe56e057f20f883e',NULL,'1',NULL,NULL,NULL,NULL,'1',NULL,'2016-07-02 16:45:02','2016-07-06 16:33:50'),(94,6,'14081094','于明福','男','经理',5,6,2,NULL,'烟台中北软件技术服务有限公司',3,838,'软件开发','0535-6112222','13306455111','mingfu_yu@hotmail.com','370282198601274839',2,'2006年-2007年主要负责青岛中石化和青岛胶州电力系统的网络升级工作\r\n2007底-至今北大青鸟（APTECH）公司金牌认证讲师，主要负责微软模块的授课，所授课程包括：高级网络的搭建及维护、SQL server 数据库的高级应用、如何搭建及企业级的防火墙来保证企业网络的安全、企业大型服务器的搭建及维护升级、Linux服务器的搭建及维护。\r\n取得证书：MCSE 2003 认证\r\n          MCSA 2003 认证\r\n                 MSCE Security2003认证\r\nMCP 认证\r\n                                    高新技术网络工程师三级证书\r\n',1,'e845f91dd5615fed6c205c5ffce0b0d8',NULL,'1','缺专业代码',NULL,NULL,NULL,'1',NULL,'2016-07-02 16:45:38','2017-03-30 23:54:25'),(95,6,'14081095','袁治臣','男','董事长',NULL,5,2,NULL,'福山区力源体育用品有限公司',3,689,'商业连锁','0535-6324499','15266500999','zyp549999@126.com','370611197405123517',2,'1996年起开始独立创业，目前从事体育用品及器材连锁销售，主要代理体育用品品牌：阿迪达斯、耐克、李宁、匹克等，在烟台市福山区、开发区、牟平区拥有连锁店铺12家。多次参与学生创业培训指导。参加过教练技术1-3阶段培训、NLP培训。',1,'e10adc3949ba59abbe56e057f20f883e',NULL,'1','缺专业代码',NULL,NULL,NULL,'2',NULL,'2016-07-02 16:46:04','2017-03-30 23:11:19'),(96,6,'14081096','王萍','女','教师',2,6,6,NULL,'烟台汽车工程职业学院',3,1004,'化学','05356339131','15615459270','1563592282@qq.com','370611196809250067',2,'王萍，女，汉族，1968年9月生，山东烟台人，硕士学位，烟台汽车工程职业学院副教授，研究方向：就业指导、创业教育、物流管理和化学等。自1989年7月毕业于烟台汽车工程职业学院，从事教育教学工作已达27年，从事学生就业管理工作多年，有着丰富的教育教学和管理经验，获得了高级就业指导师证书；担任《大学生就业指导与创业教育》课程教学已达9年，2014年2月参与编写教材《大学生就业指导与创业教育》由现代教育出版社出版，多次参加创业培训，获得了创业实训培训证书，连续4年给学生进行创业培训，培训总人数达450余人。多次获得烟台市和福山区优秀教师称号，发表国家级论文多篇，出版专著一部且获得了山东省职工教育与职业教育优秀科研成果二等奖；主持并参与了多项国家级和省级研究课题并已结题；参与了多项科技项目的研究，拥有多项科技成果和发明专利，已获得授权发明专利一项，实用新型两项，参与的“超纯氮化物制备技术及产业化”项目获得2014年度山东省科学技术奖二等奖。',1,'e10adc3949ba59abbe56e057f20f883e',NULL,'1',NULL,NULL,NULL,NULL,'1',NULL,'2016-07-02 16:46:30','2016-07-06 11:01:13'),(97,6,'14081097','于克丽','女','学生科科长',2,6,6,NULL,'烟台汽车工程职业学院',3,1004,'思想政治教育','6339092','13656459358','1191200547@qq.com','370611197211043228',2,'本人自九二年参加工作以来，一直从事教育教学工作，曾多次获得市级优秀教师称号；\r\n2010年9月《情》获市级征文大赛优秀作品一等奖，同年12月获省级优秀辅导奖；\r\n2011年6月《将进酒》获市级优质课；\r\n2011年12月《向中国人脱帽致敬》获市级优秀课件一等奖；\r\n从06年至今一直从事就业指导教学，13年在学校创业孵化基地指导学生创办移动手机精品店，取得很好的效益。指导学生创办水果零售批发店也取得了很好的经济效益。',1,'e10adc3949ba59abbe56e057f20f883e',NULL,'1',NULL,NULL,NULL,NULL,'1',NULL,'2016-07-02 16:47:00','2016-07-06 14:55:46'),(99,6,'14081099','陈海明','女','市场总监',NULL,6,1,NULL,'烟台汽车工程职业学院',3,422,'互联网+',NULL,'13046405304','chm@vcpe.hk','370686198810037423',2,'投资代表项目：停车宝、冻品互联、安康、领鲜、平安理财、运动久久等。\r\n陈海明是安芙兰资本烟台区市场总监，此前拥有多年的投资和管理经验，在创投行业6多年来成绩不俗主要投资领域包含互联网和移动互联网、科技、传媒、消费品、金融服务业等，在投资方面较看重创业者的坚持和企业的制度化管理。\r\n',1,'e10adc3949ba59abbe56e057f20f883e',NULL,'1','缺专业代码',NULL,NULL,NULL,'2',NULL,'2016-07-02 16:48:06','2017-03-30 23:11:19'),(100,5,'专家','小明','男','市场总监',2,6,1,NULL,'烟台安芙兰创业投资有限公司',3,8235,'新材料新能源','4573423','1','chm@vcpe.hk','1',2,'投资代表项目：停车宝、冻品互联、安康、领鲜、平安理财、运动久久等。',3,'f5fb7369d1ea54b33efd81cba0a6b5cc',NULL,'1',NULL,NULL,NULL,NULL,'','2',NULL,'2017-03-31 22:20:09');

/*Table structure for table `industry` */

DROP TABLE IF EXISTS `industry`;

CREATE TABLE `industry` (
  `id` int(5) DEFAULT NULL,
  `code` varchar(50) DEFAULT NULL COMMENT '行业code',
  `level` int(11) DEFAULT NULL COMMENT '级别',
  `parentCode` varchar(50) DEFAULT NULL COMMENT '父级code',
  `name` varchar(50) DEFAULT NULL COMMENT '行业名称',
  `create_time` varchar(50) DEFAULT NULL,
  `update_time` varchar(50) DEFAULT NULL
) ENGINE=MyISAM AUTO_INCREMENT=3 DEFAULT CHARSET=utf8;

/*Data for the table `industry` */

insert  into `industry`(`id`,`code`,`level`,`parentCode`,`name`,`create_time`,`update_time`) values (1,'0111',NULL,NULL,'稻谷种植',NULL,NULL),(2,'0112',NULL,NULL,'小麦种植',NULL,NULL),(3,'0113',NULL,NULL,'玉米种植',NULL,NULL),(4,'0119',NULL,NULL,'其他谷物种植',NULL,NULL),(5,'0121',NULL,NULL,'豆类种植',NULL,NULL),(6,'0122',NULL,NULL,'油料种植',NULL,NULL),(7,'0123',NULL,NULL,'薯类种植',NULL,NULL),(8,'0131',NULL,NULL,'棉花种植',NULL,NULL),(9,'0132',NULL,NULL,'麻类种植',NULL,NULL),(10,'0133',NULL,NULL,'糖料种植',NULL,NULL),(11,'0134',NULL,NULL,'烟草种植',NULL,NULL),(12,'0141',NULL,NULL,'蔬菜种植',NULL,NULL),(13,'0142',NULL,NULL,'食用菌种植',NULL,NULL),(14,'0143',NULL,NULL,'花卉种植',NULL,NULL),(15,'0149',NULL,NULL,'其他园艺作物种植',NULL,NULL),(16,'0151',NULL,NULL,'仁果类和核果类水果种植',NULL,NULL),(17,'0152',NULL,NULL,'葡萄种植',NULL,NULL),(18,'0153',NULL,NULL,'柑橘类种植',NULL,NULL),(19,'0154',NULL,NULL,'香蕉等亚热带水果种植',NULL,NULL),(20,'0159',NULL,NULL,'其他水果种植',NULL,NULL),(21,'0161',NULL,NULL,'坚果种植',NULL,NULL),(22,'0162',NULL,NULL,'含油果种植',NULL,NULL),(23,'0163',NULL,NULL,'香料作物种植',NULL,NULL),(24,'0169',NULL,NULL,'茶及其他饮料作物种植',NULL,NULL),(25,'0170',NULL,NULL,'中药材种植',NULL,NULL),(26,'0190',NULL,NULL,'其他农业',NULL,NULL),(27,'0211',NULL,NULL,'林木育种',NULL,NULL),(28,'0212',NULL,NULL,'林木育苗',NULL,NULL),(29,'0220',NULL,NULL,'造林和更新',NULL,NULL),(30,'0230',NULL,NULL,'森林经营和管护',NULL,NULL),(31,'0241',NULL,NULL,'木材采运',NULL,NULL),(32,'0242',NULL,NULL,'竹材采运',NULL,NULL),(33,'0251',NULL,NULL,'木竹材林产品采集',NULL,NULL),(34,'0252',NULL,NULL,'非木竹材林产品采集',NULL,NULL),(35,'0311',NULL,NULL,'牛的饲养',NULL,NULL),(36,'0312',NULL,NULL,'马的饲养',NULL,NULL),(37,'0313',NULL,NULL,'猪的饲养',NULL,NULL),(38,'0314',NULL,NULL,'羊的饲养',NULL,NULL),(39,'0315',NULL,NULL,'骆驼饲养',NULL,NULL),(40,'0319',NULL,NULL,'其他牲畜饲养',NULL,NULL),(41,'0321',NULL,NULL,'鸡的饲养',NULL,NULL),(42,'0322',NULL,NULL,'鸭的饲养',NULL,NULL),(43,'0323',NULL,NULL,'鹅的饲养',NULL,NULL),(44,'0329',NULL,NULL,'其他家禽饲养',NULL,NULL),(45,'0330',NULL,NULL,'狩猎和捕捉动物',NULL,NULL),(46,'0390',NULL,NULL,'其他畜牧业',NULL,NULL),(47,'0411',NULL,NULL,'海水养殖',NULL,NULL),(48,'0412',NULL,NULL,'内陆养殖',NULL,NULL),(49,'0421',NULL,NULL,'海水捕捞',NULL,NULL),(50,'0422',NULL,NULL,'内陆捕捞',NULL,NULL),(51,'0511',NULL,NULL,'农业机械服务',NULL,NULL),(52,'0512',NULL,NULL,'灌溉服务',NULL,NULL),(53,'0513',NULL,NULL,'农产品初加工服务',NULL,NULL),(54,'0519',NULL,NULL,'其他农业服务',NULL,NULL),(55,'0521',NULL,NULL,'林业有害生物防治服务',NULL,NULL),(56,'0522',NULL,NULL,'森林防火服务',NULL,NULL),(57,'0523',NULL,NULL,'林产品初级加工服务',NULL,NULL),(58,'0529',NULL,NULL,'其他林业服务',NULL,NULL),(59,'0530',NULL,NULL,'畜牧服务业',NULL,NULL),(60,'0540',NULL,NULL,'渔业服务业',NULL,NULL),(61,'0610',NULL,NULL,'烟煤和无烟煤开采洗选',NULL,NULL),(62,'0620',NULL,NULL,'褐煤开采洗选',NULL,NULL),(63,'0690',NULL,NULL,'其他煤炭采选',NULL,NULL),(64,'0710',NULL,NULL,'石油开采',NULL,NULL),(65,'0720',NULL,NULL,'天然气开采',NULL,NULL),(66,'0810',NULL,NULL,'铁矿采选',NULL,NULL),(67,'0820',NULL,NULL,'锰矿、铬矿采选',NULL,NULL),(68,'0890',NULL,NULL,'其他黑色金属矿采选',NULL,NULL),(69,'0911',NULL,NULL,'铜矿采选',NULL,NULL),(70,'0912',NULL,NULL,'铅锌矿采选',NULL,NULL),(71,'0913',NULL,NULL,'镍钴矿采选',NULL,NULL),(72,'0914',NULL,NULL,'锡矿采选',NULL,NULL),(73,'0915',NULL,NULL,'锑矿采选',NULL,NULL),(74,'0916',NULL,NULL,'铝矿采选',NULL,NULL),(75,'0917',NULL,NULL,'镁矿采选',NULL,NULL),(76,'0919',NULL,NULL,'其他常用有色金属矿采选',NULL,NULL),(77,'0921',NULL,NULL,'金矿采选',NULL,NULL),(78,'0922',NULL,NULL,'银矿采选',NULL,NULL),(79,'0929',NULL,NULL,'其他贵金属矿采选',NULL,NULL),(80,'0931',NULL,NULL,'钨钼矿采选',NULL,NULL),(81,'0932',NULL,NULL,'稀土金属矿采选',NULL,NULL),(82,'0933',NULL,NULL,'放射性金属矿采选',NULL,NULL),(83,'0939',NULL,NULL,'其他稀有金属矿采选',NULL,NULL),(84,'1011',NULL,NULL,'石灰石、石膏开采',NULL,NULL),(85,'1012',NULL,NULL,'建筑装饰用石开采',NULL,NULL),(86,'1013',NULL,NULL,'耐火土石开采',NULL,NULL),(87,'1019',NULL,NULL,'粘土及其他土砂石开采',NULL,NULL),(88,'1020',NULL,NULL,'化学矿开采',NULL,NULL),(89,'1030',NULL,NULL,'采盐',NULL,NULL),(90,'1091',NULL,NULL,'石棉、云母矿采选',NULL,NULL),(91,'1092',NULL,NULL,'石墨、滑石采选',NULL,NULL),(92,'1093',NULL,NULL,'宝石、玉石采选',NULL,NULL),(93,'1099',NULL,NULL,'其他未列明非金属矿采选',NULL,NULL),(94,'1110',NULL,NULL,'煤炭开采和洗选辅助活动',NULL,NULL),(95,'1120',NULL,NULL,'石油和天然气开采辅助活动',NULL,NULL),(96,'1190',NULL,NULL,'其他开采辅助活动',NULL,NULL),(97,'1200',NULL,NULL,'其他采矿业',NULL,NULL),(99,'1310',NULL,NULL,'谷物磨制',NULL,NULL),(100,'1320',NULL,NULL,'饲料加工',NULL,NULL),(101,'1331',NULL,NULL,'食用植物油加工',NULL,NULL),(102,'1332',NULL,NULL,'非食用植物油加工',NULL,NULL),(103,'1340',NULL,NULL,'制糖业',NULL,NULL),(104,'1351',NULL,NULL,'牲畜屠宰',NULL,NULL),(105,'1352',NULL,NULL,'禽类屠宰',NULL,NULL),(106,'1353',NULL,NULL,'肉制品及副产品加工',NULL,NULL),(107,'1361',NULL,NULL,'水产品冷冻加工',NULL,NULL),(108,'1362',NULL,NULL,'鱼糜制品及水产品干腌制加工',NULL,NULL),(109,'1363',NULL,NULL,'水产饲料制造',NULL,NULL),(110,'1364',NULL,NULL,'鱼油提取及制品制造',NULL,NULL),(111,'1369',NULL,NULL,'其他水产品加工',NULL,NULL),(112,'1371',NULL,NULL,'蔬菜加工',NULL,NULL),(113,'1372',NULL,NULL,'水果和坚果加工',NULL,NULL),(114,'1391',NULL,NULL,'淀粉及淀粉制品制造',NULL,NULL),(115,'1392',NULL,NULL,'豆制品制造',NULL,NULL),(116,'1393',NULL,NULL,'蛋品加工',NULL,NULL),(117,'1399',NULL,NULL,'其他未列明农副食品加工',NULL,NULL),(118,'1411',NULL,NULL,'糕点、面包制造',NULL,NULL),(119,'1419',NULL,NULL,'饼干及其他焙烤食品制造',NULL,NULL),(120,'1421',NULL,NULL,'糖果、巧克力制造',NULL,NULL),(121,'1422',NULL,NULL,'蜜饯制作',NULL,NULL),(122,'1431',NULL,NULL,'米、面制品制造',NULL,NULL),(123,'1432',NULL,NULL,'速冻食品制造',NULL,NULL),(124,'1439',NULL,NULL,'方便面及其他方便食品制造',NULL,NULL),(125,'1440',NULL,NULL,'乳制品制造',NULL,NULL),(126,'1451',NULL,NULL,'肉、禽类罐头制造',NULL,NULL),(127,'1452',NULL,NULL,'水产品罐头制造',NULL,NULL),(128,'1453',NULL,NULL,'蔬菜、水果罐头制造',NULL,NULL),(129,'1459',NULL,NULL,'其他罐头食品制造',NULL,NULL),(130,'1461',NULL,NULL,'味精制造',NULL,NULL),(131,'1462',NULL,NULL,'酱油、食醋及类似制品制造',NULL,NULL),(132,'1469',NULL,NULL,'其他调味品、发酵制品制造',NULL,NULL),(133,'1491',NULL,NULL,'营养食品制造',NULL,NULL),(134,'1492',NULL,NULL,'保健食品制造',NULL,NULL),(135,'1493',NULL,NULL,'冷冻饮品及食用冰制造',NULL,NULL),(136,'1494',NULL,NULL,'盐加工',NULL,NULL),(137,'1495',NULL,NULL,'食品及饲料添加剂制造',NULL,NULL),(138,'1499',NULL,NULL,'其他未列明食品制造',NULL,NULL),(139,'1511',NULL,NULL,'酒精制造',NULL,NULL),(140,'1512',NULL,NULL,'白酒制造',NULL,NULL),(141,'1513',NULL,NULL,'啤酒制造',NULL,NULL),(142,'1514',NULL,NULL,'黄酒制造',NULL,NULL),(143,'1515',NULL,NULL,'葡萄酒制造',NULL,NULL),(144,'1519',NULL,NULL,'其他酒制造',NULL,NULL),(145,'1521',NULL,NULL,'碳酸饮料制造',NULL,NULL),(146,'1522',NULL,NULL,'瓶（罐）装饮用水制造',NULL,NULL),(147,'1523',NULL,NULL,'果菜汁及果菜汁饮料制造',NULL,NULL),(148,'1524',NULL,NULL,'含乳饮料和植物蛋白饮料制造',NULL,NULL),(149,'1525',NULL,NULL,'固体饮料制造',NULL,NULL),(150,'1529',NULL,NULL,'茶饮料及其他饮料制造',NULL,NULL),(151,'1530',NULL,NULL,'精制茶加工',NULL,NULL),(152,'1610',NULL,NULL,'烟叶复烤',NULL,NULL),(153,'1620',NULL,NULL,'卷烟制造',NULL,NULL),(154,'1690',NULL,NULL,'其他烟草制品制造',NULL,NULL),(155,'1711',NULL,NULL,'棉纺纱加工',NULL,NULL),(156,'1712',NULL,NULL,'棉织造加工',NULL,NULL),(157,'1713',NULL,NULL,'棉印染精加工',NULL,NULL),(158,'1721',NULL,NULL,'毛条和毛纱线加工',NULL,NULL),(159,'1722',NULL,NULL,'毛织造加工',NULL,NULL),(160,'1723',NULL,NULL,'毛染整精加工',NULL,NULL),(161,'1731',NULL,NULL,'麻纤维纺前加工和纺纱',NULL,NULL),(162,'1732',NULL,NULL,'麻织造加工',NULL,NULL),(163,'1733',NULL,NULL,'麻染整精加工',NULL,NULL),(164,'1741',NULL,NULL,'缫丝加工',NULL,NULL),(165,'1742',NULL,NULL,'绢纺和丝织加工',NULL,NULL),(166,'1743',NULL,NULL,'丝印染精加工',NULL,NULL),(167,'1751',NULL,NULL,'化纤织造加工',NULL,NULL),(168,'1752',NULL,NULL,'化纤织物染整精加工',NULL,NULL),(169,'1761',NULL,NULL,'针织或钩针编织物织造',NULL,NULL),(170,'1762',NULL,NULL,'针织或钩针编织物印染精加工',NULL,NULL),(171,'1763',NULL,NULL,'针织或钩针编织品制造',NULL,NULL),(172,'1771',NULL,NULL,'床上用品制造',NULL,NULL),(173,'1772',NULL,NULL,'毛巾类制品制造',NULL,NULL),(174,'1773',NULL,NULL,'窗帘、布艺类产品制造',NULL,NULL),(175,'1779',NULL,NULL,'其他家用纺织制成品制造',NULL,NULL),(176,'1781',NULL,NULL,'非织造布制造',NULL,NULL),(177,'1782',NULL,NULL,'绳、索、缆制造',NULL,NULL),(178,'1783',NULL,NULL,'纺织带和帘子布制造',NULL,NULL),(179,'1784',NULL,NULL,'篷、帆布制造',NULL,NULL),(180,'1789',NULL,NULL,'其他非家用纺织制成品制造',NULL,NULL),(181,'1810',NULL,NULL,'机织服装制造',NULL,NULL),(182,'1820',NULL,NULL,'针织或钩针编织服装制造',NULL,NULL),(183,'1830',NULL,NULL,'服饰制造',NULL,NULL),(184,'1910',NULL,NULL,'皮革鞣制加工',NULL,NULL),(185,'1921',NULL,NULL,'皮革服装制造',NULL,NULL),(186,'1922',NULL,NULL,'皮箱、包（袋）制造',NULL,NULL),(187,'1923',NULL,NULL,'皮手套及皮装饰制品制造',NULL,NULL),(188,'1929',NULL,NULL,'其他皮革制品制造',NULL,NULL),(189,'1931',NULL,NULL,'毛皮鞣制加工',NULL,NULL),(190,'1932',NULL,NULL,'毛皮服装加工',NULL,NULL),(191,'1939',NULL,NULL,'其他毛皮制品加工',NULL,NULL),(192,'1941',NULL,NULL,'羽毛（绒）加工',NULL,NULL),(193,'1942',NULL,NULL,'羽毛（绒）制品加工',NULL,NULL),(194,'1951',NULL,NULL,'纺织面料鞋制造',NULL,NULL),(195,'1952',NULL,NULL,'皮鞋制造',NULL,NULL),(196,'1953',NULL,NULL,'塑料鞋制造',NULL,NULL),(197,'1954',NULL,NULL,'橡胶鞋制造',NULL,NULL),(198,'1959',NULL,NULL,'其他制鞋业',NULL,NULL),(199,'2011',NULL,NULL,'锯材加工',NULL,NULL),(200,'2012',NULL,NULL,'木片加工',NULL,NULL),(201,'2013',NULL,NULL,'单板加工',NULL,NULL),(202,'2019',NULL,NULL,'其他木材加工',NULL,NULL),(203,'2021',NULL,NULL,'胶合板制造',NULL,NULL),(204,'2022',NULL,NULL,'纤维板制造',NULL,NULL),(205,'2023',NULL,NULL,'刨花板制造',NULL,NULL),(206,'2029',NULL,NULL,'其他人造板制造',NULL,NULL),(207,'2031',NULL,NULL,'建筑用木料及木材组件加工',NULL,NULL),(208,'2032',NULL,NULL,'木门窗、楼梯制造',NULL,NULL),(209,'2033',NULL,NULL,'地板制造',NULL,NULL),(210,'2034',NULL,NULL,'木制容器制造',NULL,NULL),(211,'2039',NULL,NULL,'软木制品及其他木制品制造',NULL,NULL),(212,'2041',NULL,NULL,'竹制品制造',NULL,NULL),(213,'2042',NULL,NULL,'藤制品制造',NULL,NULL),(214,'2043',NULL,NULL,'棕制品制造',NULL,NULL),(215,'2049',NULL,NULL,'草及其他制品制造',NULL,NULL),(216,'2110',NULL,NULL,'木质家具制造',NULL,NULL),(217,'2120',NULL,NULL,'竹、藤家具制造',NULL,NULL),(218,'2130',NULL,NULL,'金属家具制造',NULL,NULL),(219,'2140',NULL,NULL,'塑料家具制造',NULL,NULL),(220,'2190',NULL,NULL,'其他家具制造',NULL,NULL),(221,'2211',NULL,NULL,'木竹浆制造',NULL,NULL),(222,'2212',NULL,NULL,'非木竹浆制造',NULL,NULL),(223,'2221',NULL,NULL,'机制纸及纸板制造',NULL,NULL),(224,'2222',NULL,NULL,'手工纸制造',NULL,NULL),(225,'2223',NULL,NULL,'加工纸制造',NULL,NULL),(226,'2231',NULL,NULL,'纸和纸板容器制造',NULL,NULL),(227,'2239',NULL,NULL,'其他纸制品制造',NULL,NULL),(228,'2311',NULL,NULL,'书、报刊印刷',NULL,NULL),(229,'2312',NULL,NULL,'本册印制',NULL,NULL),(230,'2319',NULL,NULL,'包装装潢及其他印刷',NULL,NULL),(231,'2320',NULL,NULL,'装订及印刷相关服务',NULL,NULL),(232,'2330',NULL,NULL,'记录媒介复制',NULL,NULL),(233,'2411',NULL,NULL,'文具制造',NULL,NULL),(234,'2412',NULL,NULL,'笔的制造',NULL,NULL),(235,'2413',NULL,NULL,'教学用模型及教具制造',NULL,NULL),(236,'2414',NULL,NULL,'墨水、墨汁制造',NULL,NULL),(237,'2419',NULL,NULL,'其他文教办公用品制造',NULL,NULL),(238,'2421',NULL,NULL,'中乐器制造',NULL,NULL),(239,'2422',NULL,NULL,'西乐器制造',NULL,NULL),(240,'2423',NULL,NULL,'电子乐器制造',NULL,NULL),(241,'2429',NULL,NULL,'其他乐器及零件制造',NULL,NULL),(242,'2431',NULL,NULL,'雕塑工艺品制造',NULL,NULL),(243,'2432',NULL,NULL,'金属工艺品制造',NULL,NULL),(244,'2433',NULL,NULL,'漆器工艺品制造',NULL,NULL),(245,'2434',NULL,NULL,'花画工艺品制造',NULL,NULL),(246,'2435',NULL,NULL,'天然植物纤维编织工艺品制造',NULL,NULL),(247,'2436',NULL,NULL,'抽纱刺绣工艺品制造',NULL,NULL),(248,'2437',NULL,NULL,'地毯、挂毯制造',NULL,NULL),(249,'2438',NULL,NULL,'珠宝首饰及有关物品制造',NULL,NULL),(250,'2439',NULL,NULL,'其他工艺美术品制造',NULL,NULL),(251,'2441',NULL,NULL,'球类制造',NULL,NULL),(252,'2442',NULL,NULL,'体育器材及配件制造',NULL,NULL),(253,'2443',NULL,NULL,'训练健身器材制造',NULL,NULL),(254,'2444',NULL,NULL,'运动防护用具制造',NULL,NULL),(255,'2449',NULL,NULL,'其他体育用品制造',NULL,NULL),(256,'2450',NULL,NULL,'玩具制造',NULL,NULL),(257,'2461',NULL,NULL,'露天游乐场所游乐设备制造',NULL,NULL),(258,'2462',NULL,NULL,'游艺用品及室内游艺器材制造',NULL,NULL),(259,'2469',NULL,NULL,'其他娱乐用品制造',NULL,NULL),(260,'2511',NULL,NULL,'原油加工及石油制品制造',NULL,NULL),(261,'2512',NULL,NULL,'人造原油制造',NULL,NULL),(262,'2520',NULL,NULL,'炼焦',NULL,NULL),(263,'2530',NULL,NULL,'核燃料加工',NULL,NULL),(264,'2611',NULL,NULL,'无机酸制造',NULL,NULL),(265,'2612',NULL,NULL,'无机碱制造',NULL,NULL),(266,'2613',NULL,NULL,'无机盐制造',NULL,NULL),(267,'2614',NULL,NULL,'有机化学原料制造',NULL,NULL),(268,'2619',NULL,NULL,'其他基础化学原料制造',NULL,NULL),(269,'2621',NULL,NULL,'氮肥制造',NULL,NULL),(270,'2622',NULL,NULL,'磷肥制造',NULL,NULL),(271,'2623',NULL,NULL,'钾肥制造',NULL,NULL),(272,'2624',NULL,NULL,'复混肥料制造',NULL,NULL),(273,'2625',NULL,NULL,'有机肥料及微生物肥料制造',NULL,NULL),(274,'2629',NULL,NULL,'其他肥料制造',NULL,NULL),(275,'2631',NULL,NULL,'化学农药制造',NULL,NULL),(276,'2632',NULL,NULL,'生物化学农药及微生物农药制造',NULL,NULL),(277,'2641',NULL,NULL,'涂料制造',NULL,NULL),(278,'2642',NULL,NULL,'油墨及类似产品制造',NULL,NULL),(279,'2643',NULL,NULL,'颜料制造',NULL,NULL),(280,'2644',NULL,NULL,'染料制造',NULL,NULL),(281,'2645',NULL,NULL,'密封用填料及类似品制造',NULL,NULL),(282,'2651',NULL,NULL,'初级形态塑料及合成树脂制造',NULL,NULL),(283,'2652',NULL,NULL,'合成橡胶制造',NULL,NULL),(284,'2653',NULL,NULL,'合成纤维单（聚合）体制造',NULL,NULL),(285,'2659',NULL,NULL,'其他合成材料制造',NULL,NULL),(286,'2661',NULL,NULL,'化学试剂和助剂制造',NULL,NULL),(287,'2662',NULL,NULL,'专项化学用品制造',NULL,NULL),(288,'2663',NULL,NULL,'林产化学产品制造',NULL,NULL),(289,'2664',NULL,NULL,'信息化学品制造',NULL,NULL),(290,'2665',NULL,NULL,'环境污染处理专用药剂材料制造',NULL,NULL),(291,'2666',NULL,NULL,'动物胶制造',NULL,NULL),(292,'2669',NULL,NULL,'其他专用化学产品制造',NULL,NULL),(293,'2671',NULL,NULL,'炸药及火工产品制造',NULL,NULL),(294,'2672',NULL,NULL,'焰火、鞭炮产品制造',NULL,NULL),(295,'2681',NULL,NULL,'肥皂及合成洗涤剂制造',NULL,NULL),(296,'2682',NULL,NULL,'化妆品制造',NULL,NULL),(297,'2683',NULL,NULL,'口腔清洁用品制造',NULL,NULL),(298,'2684',NULL,NULL,'香料、香精制造',NULL,NULL),(299,'2689',NULL,NULL,'其他日用化学产品制造',NULL,NULL),(300,'2710',NULL,NULL,'化学药品原料药制造',NULL,NULL),(301,'2720',NULL,NULL,'化学药品制剂制造',NULL,NULL),(302,'2730',NULL,NULL,'中药饮片加工',NULL,NULL),(303,'2740',NULL,NULL,'中成药生产',NULL,NULL),(304,'2750',NULL,NULL,'兽用药品制造',NULL,NULL),(305,'2760',NULL,NULL,'生物药品制造',NULL,NULL),(306,'2770',NULL,NULL,'卫生材料及医药用品制造',NULL,NULL),(307,'2811',NULL,NULL,'化纤浆粕制造',NULL,NULL),(308,'2812',NULL,NULL,'人造纤维（纤维素纤维）制造',NULL,NULL),(309,'2821',NULL,NULL,'锦纶纤维制造',NULL,NULL),(310,'2822',NULL,NULL,'涤纶纤维制造',NULL,NULL),(311,'2823',NULL,NULL,'腈纶纤维制造',NULL,NULL),(312,'2824',NULL,NULL,'维纶纤维制造',NULL,NULL),(313,'2825',NULL,NULL,'丙纶纤维制造',NULL,NULL),(314,'2826',NULL,NULL,'氨纶纤维制造',NULL,NULL),(315,'2829',NULL,NULL,'其他合成纤维制造',NULL,NULL),(316,'2911',NULL,NULL,'轮胎制造',NULL,NULL),(317,'2912',NULL,NULL,'橡胶板、管、带制造',NULL,NULL),(318,'2913',NULL,NULL,'橡胶零件制造',NULL,NULL),(319,'2914',NULL,NULL,'再生橡胶制造',NULL,NULL),(320,'2915',NULL,NULL,'日用及医用橡胶制品制造',NULL,NULL),(321,'2919',NULL,NULL,'其他橡胶制品制造',NULL,NULL),(322,'2921',NULL,NULL,'塑料薄膜制造',NULL,NULL),(323,'2922',NULL,NULL,'塑料板、管、型材制造',NULL,NULL),(324,'2923',NULL,NULL,'塑料丝、绳及编织品制造',NULL,NULL),(325,'2924',NULL,NULL,'泡沫塑料制造',NULL,NULL),(326,'2925',NULL,NULL,'塑料人造革、合成革制造',NULL,NULL),(327,'2926',NULL,NULL,'塑料包装箱及容器制造',NULL,NULL),(328,'2927',NULL,NULL,'日用塑料制品制造',NULL,NULL),(329,'2928',NULL,NULL,'塑料零件制造',NULL,NULL),(330,'2929',NULL,NULL,'其他塑料制品制造',NULL,NULL),(331,'3011',NULL,NULL,'水泥制造',NULL,NULL),(332,'3012',NULL,NULL,'石灰和石膏制造',NULL,NULL),(333,'3021',NULL,NULL,'水泥制品制造',NULL,NULL),(334,'3022',NULL,NULL,'砼结构构件制造',NULL,NULL),(335,'3023',NULL,NULL,'石棉水泥制品制造',NULL,NULL),(336,'3024',NULL,NULL,'轻质建筑材料制造',NULL,NULL),(337,'3029',NULL,NULL,'其他水泥类似制品制造',NULL,NULL),(338,'3031',NULL,NULL,'粘土砖瓦及建筑砌块制造',NULL,NULL),(339,'3032',NULL,NULL,'建筑陶瓷制品制造',NULL,NULL),(340,'3033',NULL,NULL,'建筑用石加工',NULL,NULL),(341,'3034',NULL,NULL,'防水建筑材料制造',NULL,NULL),(342,'3035',NULL,NULL,'隔热和隔音材料制造',NULL,NULL),(343,'3039',NULL,NULL,'其他建筑材料制造',NULL,NULL),(344,'3041',NULL,NULL,'平板玻璃制造',NULL,NULL),(345,'3049',NULL,NULL,'其他玻璃制造',NULL,NULL),(346,'3051',NULL,NULL,'技术玻璃制品制造',NULL,NULL),(347,'3052',NULL,NULL,'光学玻璃制造',NULL,NULL),(348,'3053',NULL,NULL,'玻璃仪器制造',NULL,NULL),(349,'3054',NULL,NULL,'日用玻璃制品制造',NULL,NULL),(350,'3055',NULL,NULL,'玻璃包装容器制造',NULL,NULL),(351,'3056',NULL,NULL,'玻璃保温容器制造',NULL,NULL),(352,'3057',NULL,NULL,'制镜及类似品加工',NULL,NULL),(353,'3059',NULL,NULL,'其他玻璃制品制造',NULL,NULL),(354,'3061',NULL,NULL,'玻璃纤维及制品制造',NULL,NULL),(355,'3062',NULL,NULL,'玻璃纤维增强塑料制品制造',NULL,NULL),(356,'3071',NULL,NULL,'卫生陶瓷制品制造',NULL,NULL),(357,'3072',NULL,NULL,'特种陶瓷制品制造',NULL,NULL),(358,'3073',NULL,NULL,'日用陶瓷制品制造',NULL,NULL),(359,'3079',NULL,NULL,'园林、陈设艺术及其他陶瓷制品制造',NULL,NULL),(360,'3081',NULL,NULL,'石棉制品制造',NULL,NULL),(361,'3082',NULL,NULL,'云母制品制造',NULL,NULL),(362,'3089',NULL,NULL,'耐火陶瓷制品及其他耐火材料制造',NULL,NULL),(363,'3091',NULL,NULL,'石墨及碳素制品制造',NULL,NULL),(364,'3099',NULL,NULL,'其他非金属矿物制品制造',NULL,NULL),(365,'3110',NULL,NULL,'炼铁',NULL,NULL),(366,'3120',NULL,NULL,'炼钢',NULL,NULL),(367,'3130',NULL,NULL,'黑色金属铸造',NULL,NULL),(368,'3140',NULL,NULL,'钢压延加工',NULL,NULL),(369,'3150',NULL,NULL,'铁合金冶炼',NULL,NULL),(370,'3211',NULL,NULL,'铜冶炼',NULL,NULL),(371,'3212',NULL,NULL,'铅锌冶炼',NULL,NULL),(372,'3213',NULL,NULL,'镍钴冶炼',NULL,NULL),(373,'3214',NULL,NULL,'锡冶炼',NULL,NULL),(374,'3215',NULL,NULL,'锑冶炼',NULL,NULL),(375,'3216',NULL,NULL,'铝冶炼',NULL,NULL),(376,'3217',NULL,NULL,'镁冶炼',NULL,NULL),(377,'3219',NULL,NULL,'其他常用有色金属冶炼',NULL,NULL),(378,'3221',NULL,NULL,'金冶炼',NULL,NULL),(379,'3222',NULL,NULL,'银冶炼',NULL,NULL),(380,'3229',NULL,NULL,'其他贵金属冶炼',NULL,NULL),(381,'3231',NULL,NULL,'钨钼冶炼',NULL,NULL),(382,'3232',NULL,NULL,'稀土金属冶炼',NULL,NULL),(383,'3239',NULL,NULL,'其他稀有金属冶炼',NULL,NULL),(384,'3240',NULL,NULL,'有色金属合金制造',NULL,NULL),(385,'3250',NULL,NULL,'有色金属铸造',NULL,NULL),(386,'3261',NULL,NULL,'铜压延加工',NULL,NULL),(387,'3262',NULL,NULL,'铝压延加工',NULL,NULL),(388,'3263',NULL,NULL,'贵金属压延加工',NULL,NULL),(389,'3264',NULL,NULL,'稀有稀土金属压延加工',NULL,NULL),(390,'3269',NULL,NULL,'其他有色金属压延加工',NULL,NULL),(391,'3311',NULL,NULL,'金属结构制造',NULL,NULL),(392,'3312',NULL,NULL,'金属门窗制造',NULL,NULL),(393,'3321',NULL,NULL,'切削工具制造',NULL,NULL),(394,'3322',NULL,NULL,'手工具制造',NULL,NULL),(395,'3323',NULL,NULL,'农用及园林用金属工具制造',NULL,NULL),(396,'3324',NULL,NULL,'刀剪及类似日用金属工具制造',NULL,NULL),(397,'3329',NULL,NULL,'其他金属工具制造',NULL,NULL),(398,'3331',NULL,NULL,'集装箱制造',NULL,NULL),(399,'3332',NULL,NULL,'金属压力容器制造',NULL,NULL),(400,'3333',NULL,NULL,'金属包装容器制造',NULL,NULL),(401,'3340',NULL,NULL,'金属丝绳及其制品制造',NULL,NULL),(402,'3351',NULL,NULL,'建筑、家具用金属配件制造',NULL,NULL),(403,'3352',NULL,NULL,'建筑装饰及水暖管道零件制造',NULL,NULL),(404,'3353',NULL,NULL,'安全、消防用金属制品制造',NULL,NULL),(405,'3359',NULL,NULL,'其他建筑、安全用金属制品制造',NULL,NULL),(406,'3360',NULL,NULL,'金属表面处理及热处理加工',NULL,NULL),(407,'3371',NULL,NULL,'生产专用搪瓷制品制造',NULL,NULL),(408,'3372',NULL,NULL,'建筑装饰搪瓷制品制造',NULL,NULL),(409,'3373',NULL,NULL,'搪瓷卫生洁具制造',NULL,NULL),(410,'3379',NULL,NULL,'搪瓷日用品及其他搪瓷制品制造',NULL,NULL),(411,'3381',NULL,NULL,'金属制厨房用器具制造',NULL,NULL),(412,'3382',NULL,NULL,'金属制餐具和器皿制造',NULL,NULL),(413,'3383',NULL,NULL,'金属制卫生器具制造',NULL,NULL),(414,'3389',NULL,NULL,'其他金属制日用品制造',NULL,NULL),(415,'3391',NULL,NULL,'锻件及粉末冶金制品制造',NULL,NULL),(416,'3392',NULL,NULL,'交通及公共管理用金属标牌制造',NULL,NULL),(417,'3399',NULL,NULL,'其他未列明金属制品制造',NULL,NULL),(418,'3411',NULL,NULL,'锅炉及辅助设备制造',NULL,NULL),(419,'3412',NULL,NULL,'内燃机及配件制造',NULL,NULL),(420,'3413',NULL,NULL,'汽轮机及辅机制造',NULL,NULL),(421,'3414',NULL,NULL,'水轮机及辅机制造',NULL,NULL),(422,'3415',NULL,NULL,'风能原动设备制造',NULL,NULL),(423,'3419',NULL,NULL,'其他原动设备制造',NULL,NULL),(424,'3421',NULL,NULL,'金属切削机床制造',NULL,NULL),(425,'3422',NULL,NULL,'金属成形机床制造',NULL,NULL),(426,'3423',NULL,NULL,'铸造机械制造',NULL,NULL),(427,'3424',NULL,NULL,'金属切割及焊接设备制造',NULL,NULL),(428,'3425',NULL,NULL,'机床附件制造',NULL,NULL),(429,'3429',NULL,NULL,'其他金属加工机械制造',NULL,NULL),(430,'3431',NULL,NULL,'轻小型起重设备制造',NULL,NULL),(431,'3432',NULL,NULL,'起重机制造',NULL,NULL),(432,'3433',NULL,NULL,'生产专用车辆制造',NULL,NULL),(433,'3434',NULL,NULL,'连续搬运设备制造',NULL,NULL),(434,'3435',NULL,NULL,'电梯、自动扶梯及升降机制造',NULL,NULL),(435,'3439',NULL,NULL,'其他物料搬运设备制造',NULL,NULL),(436,'3441',NULL,NULL,'泵及真空设备制造',NULL,NULL),(437,'3442',NULL,NULL,'气体压缩机械制造',NULL,NULL),(438,'3443',NULL,NULL,'阀门和旋塞制造',NULL,NULL),(439,'3444',NULL,NULL,'液压和气压动力机械及元件制造',NULL,NULL),(440,'3451',NULL,NULL,'轴承制造',NULL,NULL),(441,'3452',NULL,NULL,'齿轮及齿轮减、变速箱制造',NULL,NULL),(442,'3459',NULL,NULL,'其他传动部件制造',NULL,NULL),(443,'3461',NULL,NULL,'烘炉、熔炉及电炉制造',NULL,NULL),(444,'3462',NULL,NULL,'风机、风扇制造',NULL,NULL),(445,'3463',NULL,NULL,'气体、液体分离及纯净设备制造',NULL,NULL),(446,'3464',NULL,NULL,'制冷、空调设备制造',NULL,NULL),(447,'3465',NULL,NULL,'风动和电动工具制造',NULL,NULL),(448,'3466',NULL,NULL,'喷枪及类似器具制造',NULL,NULL),(449,'3467',NULL,NULL,'衡器制造',NULL,NULL),(450,'3468',NULL,NULL,'包装专用设备制造',NULL,NULL),(451,'3471',NULL,NULL,'电影机械制造',NULL,NULL),(452,'3472',NULL,NULL,'幻灯及投影设备制造',NULL,NULL),(453,'3473',NULL,NULL,'照相机及器材制造',NULL,NULL),(454,'3474',NULL,NULL,'复印和胶印设备制造',NULL,NULL),(455,'3475',NULL,NULL,'计算器及货币专用设备制造',NULL,NULL),(456,'3479',NULL,NULL,'其他文化、办公用机械制造',NULL,NULL),(457,'3481',NULL,NULL,'金属密封件制造',NULL,NULL),(458,'3482',NULL,NULL,'紧固件制造',NULL,NULL),(459,'3483',NULL,NULL,'弹簧制造',NULL,NULL),(460,'3484',NULL,NULL,'机械零部件加工',NULL,NULL),(461,'3489',NULL,NULL,'其他通用零部件制造',NULL,NULL),(462,'3490',NULL,NULL,'其他通用设备制造业',NULL,NULL),(463,'3511',NULL,NULL,'矿山机械制造',NULL,NULL),(464,'3512',NULL,NULL,'石油钻采专用设备制造',NULL,NULL),(465,'3513',NULL,NULL,'建筑工程用机械制造',NULL,NULL),(466,'3514',NULL,NULL,'海洋工程专用设备制造',NULL,NULL),(467,'3515',NULL,NULL,'建筑材料生产专用机械制造',NULL,NULL),(468,'3516',NULL,NULL,'冶金专用设备制造',NULL,NULL),(469,'3521',NULL,NULL,'炼油、化工生产专用设备制造',NULL,NULL),(470,'3522',NULL,NULL,'橡胶加工专用设备制造',NULL,NULL),(471,'3523',NULL,NULL,'塑料加工专用设备制造',NULL,NULL),(472,'3524',NULL,NULL,'木材加工机械制造',NULL,NULL),(473,'3525',NULL,NULL,'模具制造',NULL,NULL),(474,'3529',NULL,NULL,'其他非金属加工专用设备制造',NULL,NULL),(475,'3531',NULL,NULL,'食品、酒、饮料及茶生产专用设备制造',NULL,NULL),(476,'3532',NULL,NULL,'农副食品加工专用设备制造',NULL,NULL),(477,'3533',NULL,NULL,'烟草生产专用设备制造',NULL,NULL),(478,'3534',NULL,NULL,'饲料生产专用设备制造',NULL,NULL),(479,'3541',NULL,NULL,'制浆和造纸专用设备制造',NULL,NULL),(480,'3542',NULL,NULL,'印刷专用设备制造',NULL,NULL),(481,'3543',NULL,NULL,'日用化工专用设备制造',NULL,NULL),(482,'3544',NULL,NULL,'制药专用设备制造',NULL,NULL),(483,'3545',NULL,NULL,'照明器具生产专用设备制造',NULL,NULL),(484,'3546',NULL,NULL,'玻璃、陶瓷和搪瓷制品生产专用设备制造',NULL,NULL),(485,'3549',NULL,NULL,'其他日用品生产专用设备制造',NULL,NULL),(486,'3551',NULL,NULL,'纺织专用设备制造',NULL,NULL),(487,'3552',NULL,NULL,'皮革、毛皮及其制品加工专用设备制造',NULL,NULL),(488,'3553',NULL,NULL,'缝制机械制造',NULL,NULL),(489,'3554',NULL,NULL,'洗涤机械制造',NULL,NULL),(490,'3561',NULL,NULL,'电工机械专用设备制造',NULL,NULL),(491,'3562',NULL,NULL,'电子工业专用设备制造',NULL,NULL),(492,'3571',NULL,NULL,'拖拉机制造',NULL,NULL),(493,'3572',NULL,NULL,'机械化农业及园艺机具制造',NULL,NULL),(494,'3573',NULL,NULL,'营林及木竹采伐机械制造',NULL,NULL),(495,'3574',NULL,NULL,'畜牧机械制造',NULL,NULL),(496,'3575',NULL,NULL,'渔业机械制造',NULL,NULL),(497,'3576',NULL,NULL,'农林牧渔机械配件制造',NULL,NULL),(498,'3577',NULL,NULL,'棉花加工机械制造',NULL,NULL),(499,'3579',NULL,NULL,'其他农、林、牧、渔业机械制造',NULL,NULL),(500,'3581',NULL,NULL,'医疗诊断、监护及治疗设备制造',NULL,NULL),(501,'3582',NULL,NULL,'口腔科用设备及器具制造',NULL,NULL),(502,'3583',NULL,NULL,'医疗实验室及医用消毒设备和器具制造',NULL,NULL),(503,'3584',NULL,NULL,'医疗、外科及兽医用器械制造',NULL,NULL),(504,'3585',NULL,NULL,'机械治疗及病房护理设备制造',NULL,NULL),(505,'3586',NULL,NULL,'假肢、人工器官及植（介）入器械制造',NULL,NULL),(506,'3589',NULL,NULL,'其他医疗设备及器械制造',NULL,NULL),(507,'3591',NULL,NULL,'环境保护专用设备制造',NULL,NULL),(508,'3592',NULL,NULL,'地质勘查专用设备制造',NULL,NULL),(509,'3593',NULL,NULL,'邮政专用机械及器材制造',NULL,NULL),(510,'3594',NULL,NULL,'商业、饮食、服务专用设备制造',NULL,NULL),(511,'3595',NULL,NULL,'社会公共安全设备及器材制造',NULL,NULL),(512,'3596',NULL,NULL,'交通安全、管制及类似专用设备制造',NULL,NULL),(513,'3597',NULL,NULL,'水资源专用机械制造',NULL,NULL),(514,'3599',NULL,NULL,'其他专用设备制造',NULL,NULL),(515,'3610',NULL,NULL,'汽车整车制造',NULL,NULL),(516,'3620',NULL,NULL,'改装汽车制造',NULL,NULL),(517,'3630',NULL,NULL,'低速载货汽车制造',NULL,NULL),(518,'3640',NULL,NULL,'电车制造',NULL,NULL),(519,'3650',NULL,NULL,'汽车车身、挂车制造',NULL,NULL),(520,'3660',NULL,NULL,'汽车零部件及配件制造',NULL,NULL),(521,'3711',NULL,NULL,'铁路机车车辆及动车组制造',NULL,NULL),(522,'3712',NULL,NULL,'窄轨机车车辆制造',NULL,NULL),(523,'3713',NULL,NULL,'铁路机车车辆配件制造',NULL,NULL),(524,'3714',NULL,NULL,'铁路专用设备及器材、配件制造',NULL,NULL),(525,'3719',NULL,NULL,'其他铁路运输设备制造',NULL,NULL),(526,'3720',NULL,NULL,'城市轨道交通设备制造',NULL,NULL),(527,'3731',NULL,NULL,'金属船舶制造',NULL,NULL),(528,'3732',NULL,NULL,'非金属船舶制造',NULL,NULL),(529,'3733',NULL,NULL,'娱乐船和运动船制造',NULL,NULL),(530,'3734',NULL,NULL,'船用配套设备制造',NULL,NULL),(531,'3735',NULL,NULL,'船舶改装与拆除',NULL,NULL),(532,'3739',NULL,NULL,'航标器材及其他相关装置制造',NULL,NULL),(533,'3741',NULL,NULL,'飞机制造',NULL,NULL),(534,'3742',NULL,NULL,'航天器制造',NULL,NULL),(535,'3743',NULL,NULL,'航空、航天相关设备制造',NULL,NULL),(536,'3749',NULL,NULL,'其他航空航天器制造',NULL,NULL),(537,'3751',NULL,NULL,'摩托车整车制造',NULL,NULL),(538,'3752',NULL,NULL,'摩托车零部件及配件制造',NULL,NULL),(539,'3761',NULL,NULL,'脚踏自行车及残疾人座车制造',NULL,NULL),(540,'3762',NULL,NULL,'助动自行车制造',NULL,NULL),(541,'3770',NULL,NULL,'非公路休闲车及零配件制造',NULL,NULL),(542,'3791',NULL,NULL,'潜水及水下救捞装备制造',NULL,NULL),(543,'3799',NULL,NULL,'其他未列明运输设备制造',NULL,NULL),(544,'3811',NULL,NULL,'发电机及发电机组制造',NULL,NULL),(545,'3812',NULL,NULL,'电动机制造',NULL,NULL),(546,'3819',NULL,NULL,'微电机及其他电机制造',NULL,NULL),(547,'3821',NULL,NULL,'变压器、整流器和电感器制造',NULL,NULL),(548,'3822',NULL,NULL,'电容器及其配套设备制造',NULL,NULL),(549,'3823',NULL,NULL,'配电开关控制设备制造',NULL,NULL),(550,'3824',NULL,NULL,'电力电子元器件制造',NULL,NULL),(551,'3825',NULL,NULL,'光伏设备及元器件制造',NULL,NULL),(552,'3829',NULL,NULL,'其他输配电及控制设备制造',NULL,NULL),(553,'3831',NULL,NULL,'电线、电缆制造',NULL,NULL),(554,'3832',NULL,NULL,'光纤、光缆制造',NULL,NULL),(555,'3833',NULL,NULL,'绝缘制品制造',NULL,NULL),(556,'3839',NULL,NULL,'其他电工器材制造',NULL,NULL),(557,'3841',NULL,NULL,'锂离子电池制造',NULL,NULL),(558,'3842',NULL,NULL,'镍氢电池制造',NULL,NULL),(559,'3849',NULL,NULL,'其他电池制造',NULL,NULL),(560,'3851',NULL,NULL,'家用制冷电器具制造',NULL,NULL),(561,'3852',NULL,NULL,'家用空气调节器制造',NULL,NULL),(562,'3853',NULL,NULL,'家用通风电器具制造',NULL,NULL),(563,'3854',NULL,NULL,'家用厨房电器具制造',NULL,NULL),(564,'3855',NULL,NULL,'家用清洁卫生电器具制造',NULL,NULL),(565,'3856',NULL,NULL,'家用美容、保健电器具制造',NULL,NULL),(566,'3857',NULL,NULL,'家用电力器具专用配件制造',NULL,NULL),(567,'3859',NULL,NULL,'其他家用电力器具制造',NULL,NULL),(568,'3861',NULL,NULL,'燃气、太阳能及类似能源家用器具制造',NULL,NULL),(569,'3869',NULL,NULL,'其他非电力家用器具制造',NULL,NULL),(570,'3871',NULL,NULL,'电光源制造',NULL,NULL),(571,'3872',NULL,NULL,'照明灯具制造',NULL,NULL),(572,'3879',NULL,NULL,'灯用电器附件及其他照明器具制造',NULL,NULL),(573,'3891',NULL,NULL,'电气信号设备装置制造',NULL,NULL),(574,'3899',NULL,NULL,'其他未列明电气机械及器材制造',NULL,NULL),(575,'3911',NULL,NULL,'计算机整机制造',NULL,NULL),(576,'3912',NULL,NULL,'计算机零部件制造',NULL,NULL),(577,'3913',NULL,NULL,'计算机外围设备制造',NULL,NULL),(578,'3919',NULL,NULL,'其他计算机制造',NULL,NULL),(579,'3921',NULL,NULL,'通信系统设备制造',NULL,NULL),(580,'3922',NULL,NULL,'通信终端设备制造',NULL,NULL),(581,'3931',NULL,NULL,'广播电视节目制作及发射设备制造',NULL,NULL),(582,'3932',NULL,NULL,'广播电视接收设备及器材制造',NULL,NULL),(583,'3939',NULL,NULL,'应用电视设备及其他广播电视设备制造',NULL,NULL),(584,'3940',NULL,NULL,'雷达及配套设备制造',NULL,NULL),(585,'3951',NULL,NULL,'电视机制造',NULL,NULL),(586,'3952',NULL,NULL,'音响设备制造',NULL,NULL),(587,'3953',NULL,NULL,'影视录放设备制造',NULL,NULL),(588,'3961',NULL,NULL,'电子真空器件制造',NULL,NULL),(589,'3962',NULL,NULL,'半导体分立器件制造',NULL,NULL),(590,'3963',NULL,NULL,'集成电路制造',NULL,NULL),(591,'3969',NULL,NULL,'光电子器件及其他电子器件制造',NULL,NULL),(592,'3971',NULL,NULL,'电子元件及组件制造',NULL,NULL),(593,'3972',NULL,NULL,'印制电路板制造',NULL,NULL),(594,'3990',NULL,NULL,'其他电子设备制造',NULL,NULL),(595,'4011',NULL,NULL,'工业自动控制系统装置制造',NULL,NULL),(596,'4012',NULL,NULL,'电工仪器仪表制造',NULL,NULL),(597,'4013',NULL,NULL,'绘图、计算及测量仪器制造',NULL,NULL),(598,'4014',NULL,NULL,'实验分析仪器制造',NULL,NULL),(599,'4015',NULL,NULL,'试验机制造',NULL,NULL),(600,'4019',NULL,NULL,'供应用仪表及其他通用仪器制造',NULL,NULL),(601,'4021',NULL,NULL,'环境监测专用仪器仪表制造',NULL,NULL),(602,'4022',NULL,NULL,'运输设备及生产用计数仪表制造',NULL,NULL),(603,'4023',NULL,NULL,'导航、气象及海洋专用仪器制造',NULL,NULL),(604,'4024',NULL,NULL,'农林牧渔专用仪器仪表制造',NULL,NULL),(605,'4025',NULL,NULL,'地质勘探和地震专用仪器制造',NULL,NULL),(606,'4026',NULL,NULL,'教学专用仪器制造',NULL,NULL),(607,'4027',NULL,NULL,'核子及核辐射测量仪器制造',NULL,NULL),(608,'4028',NULL,NULL,'电子测量仪器制造',NULL,NULL),(609,'4029',NULL,NULL,'其他专用仪器制造',NULL,NULL),(610,'4030',NULL,NULL,'钟表与计时仪器制造',NULL,NULL),(611,'4041',NULL,NULL,'光学仪器制造',NULL,NULL),(612,'4042',NULL,NULL,'眼镜制造',NULL,NULL),(613,'4090',NULL,NULL,'其他仪器仪表制造业',NULL,NULL),(614,'4111',NULL,NULL,'鬃毛加工、制刷及清扫工具制造',NULL,NULL),(615,'4119',NULL,NULL,'其他日用杂品制造',NULL,NULL),(616,'4120',NULL,NULL,'煤制品制造',NULL,NULL),(617,'4130',NULL,NULL,'核辐射加工',NULL,NULL),(618,'4190',NULL,NULL,'其他未列明制造业',NULL,NULL),(619,'4210',NULL,NULL,'金属废料和碎屑加工处理',NULL,NULL),(620,'4220',NULL,NULL,'非金属废料和碎屑加工处理',NULL,NULL),(621,'4310',NULL,NULL,'金属制品修理',NULL,NULL),(622,'4320',NULL,NULL,'通用设备修理',NULL,NULL),(623,'4330',NULL,NULL,'专用设备修理',NULL,NULL),(624,'4341',NULL,NULL,'铁路运输设备修理',NULL,NULL),(625,'4342',NULL,NULL,'船舶修理',NULL,NULL),(626,'4343',NULL,NULL,'航空航天器修理',NULL,NULL),(627,'4349',NULL,NULL,'其他运输设备修理',NULL,NULL),(628,'4350',NULL,NULL,'电气设备修理',NULL,NULL),(629,'4360',NULL,NULL,'仪器仪表修理',NULL,NULL),(630,'4390',NULL,NULL,'其他机械和设备修理业',NULL,NULL),(631,'4411',NULL,NULL,'火力发电',NULL,NULL),(632,'4412',NULL,NULL,'水力发电',NULL,NULL),(633,'4413',NULL,NULL,'核力发电',NULL,NULL),(634,'4414',NULL,NULL,'风力发电',NULL,NULL),(635,'4415',NULL,NULL,'太阳能发电',NULL,NULL),(636,'4419',NULL,NULL,'其他电力生产',NULL,NULL),(637,'4420',NULL,NULL,'电力供应',NULL,NULL),(638,'4430',NULL,NULL,'热力生产和供应',NULL,NULL),(639,'4500',NULL,NULL,'燃气生产和供应业',NULL,NULL),(640,'4610',NULL,NULL,'自来水生产和供应',NULL,NULL),(641,'4620',NULL,NULL,'污水处理及其再生利用',NULL,NULL),(642,'4690',NULL,NULL,'其他水的处理、利用与分配',NULL,NULL),(643,'4700',NULL,NULL,'房屋建筑业',NULL,NULL),(644,'4811',NULL,NULL,'铁路工程建筑',NULL,NULL),(645,'4812',NULL,NULL,'公路工程建筑',NULL,NULL),(646,'4813',NULL,NULL,'市政道路工程建筑',NULL,NULL),(647,'4819',NULL,NULL,'其他道路、隧道和桥梁工程建筑',NULL,NULL),(648,'4821',NULL,NULL,'水源及供水设施工程建筑',NULL,NULL),(649,'4822',NULL,NULL,'河湖治理及防洪设施工程建筑',NULL,NULL),(650,'4823',NULL,NULL,'港口及航运设施工程建筑',NULL,NULL),(651,'4830',NULL,NULL,'海洋工程建筑',NULL,NULL),(652,'4840',NULL,NULL,'工矿工程建筑',NULL,NULL),(653,'4851',NULL,NULL,'架线及设备工程建筑',NULL,NULL),(654,'4852',NULL,NULL,'管道工程建筑',NULL,NULL),(655,'4890',NULL,NULL,'其他土木工程建筑',NULL,NULL),(656,'4910',NULL,NULL,'电气安装',NULL,NULL),(657,'4920',NULL,NULL,'管道和设备安装',NULL,NULL),(658,'4990',NULL,NULL,'其他建筑安装业',NULL,NULL),(659,'5010',NULL,NULL,'建筑装饰业',NULL,NULL),(660,'5021',NULL,NULL,'建筑物拆除活动',NULL,NULL),(661,'5029',NULL,NULL,'其他工程准备活动',NULL,NULL),(662,'5030',NULL,NULL,'提供施工设备服务',NULL,NULL),(663,'5090',NULL,NULL,'其他未列明建筑业',NULL,NULL),(664,'5111',NULL,NULL,'谷物、豆及薯类批发',NULL,NULL),(665,'5112',NULL,NULL,'种子批发',NULL,NULL),(666,'5113',NULL,NULL,'饲料批发',NULL,NULL),(667,'5114',NULL,NULL,'棉、麻批发',NULL,NULL),(668,'5115',NULL,NULL,'林业产品批发',NULL,NULL),(669,'5116',NULL,NULL,'牲畜批发',NULL,NULL),(670,'5119',NULL,NULL,'其他农牧产品批发',NULL,NULL),(671,'5121',NULL,NULL,'米、面制品及食用油批发',NULL,NULL),(672,'5122',NULL,NULL,'糕点、糖果及糖批发',NULL,NULL),(673,'5123',NULL,NULL,'果品、蔬菜批发',NULL,NULL),(674,'5124',NULL,NULL,'肉、禽、蛋、奶及水产品批发',NULL,NULL),(675,'5125',NULL,NULL,'盐及调味品批发',NULL,NULL),(676,'5126',NULL,NULL,'营养和保健品批发',NULL,NULL),(677,'5127',NULL,NULL,'酒、饮料及茶叶批发',NULL,NULL),(678,'5128',NULL,NULL,'烟草制品批发',NULL,NULL),(679,'5129',NULL,NULL,'其他食品批发',NULL,NULL),(680,'5131',NULL,NULL,'纺织品、针织品及原料批发',NULL,NULL),(681,'5132',NULL,NULL,'服装批发',NULL,NULL),(682,'5133',NULL,NULL,'鞋帽批发',NULL,NULL),(683,'5134',NULL,NULL,'化妆品及卫生用品批发',NULL,NULL),(684,'5135',NULL,NULL,'厨房、卫生间用具及日用杂货批发',NULL,NULL),(685,'5136',NULL,NULL,'灯具、装饰物品批发',NULL,NULL),(686,'5137',NULL,NULL,'家用电器批发',NULL,NULL),(687,'5139',NULL,NULL,'其他家庭用品批发',NULL,NULL),(688,'5141',NULL,NULL,'文具用品批发',NULL,NULL),(689,'5142',NULL,NULL,'体育用品及器材批发',NULL,NULL),(690,'5143',NULL,NULL,'图书批发',NULL,NULL),(691,'5144',NULL,NULL,'报刊批发',NULL,NULL),(692,'5145',NULL,NULL,'音像制品及电子出版物批发',NULL,NULL),(693,'5146',NULL,NULL,'首饰、工艺品及收藏品批发',NULL,NULL),(694,'5149',NULL,NULL,'其他文化用品批发',NULL,NULL),(695,'5151',NULL,NULL,'西药批发',NULL,NULL),(696,'5152',NULL,NULL,'中药批发',NULL,NULL),(697,'5153',NULL,NULL,'医疗用品及器材批发',NULL,NULL),(698,'5161',NULL,NULL,'煤炭及制品批发',NULL,NULL),(699,'5162',NULL,NULL,'石油及制品批发',NULL,NULL),(700,'5163',NULL,NULL,'非金属矿及制品批发',NULL,NULL),(701,'5164',NULL,NULL,'金属及金属矿批发',NULL,NULL),(702,'5165',NULL,NULL,'建材批发',NULL,NULL),(703,'5166',NULL,NULL,'化肥批发',NULL,NULL),(704,'5167',NULL,NULL,'农药批发',NULL,NULL),(705,'5168',NULL,NULL,'农用薄膜批发',NULL,NULL),(706,'5169',NULL,NULL,'其他化工产品批发',NULL,NULL),(707,'5171',NULL,NULL,'农业机械批发',NULL,NULL),(708,'5172',NULL,NULL,'汽车批发',NULL,NULL),(709,'5173',NULL,NULL,'汽车零配件批发',NULL,NULL),(710,'5174',NULL,NULL,'摩托车及零配件批发',NULL,NULL),(711,'5175',NULL,NULL,'五金产品批发',NULL,NULL),(712,'5176',NULL,NULL,'电气设备批发',NULL,NULL),(713,'5177',NULL,NULL,'计算机、软件及辅助设备批发',NULL,NULL),(714,'5178',NULL,NULL,'通讯及广播电视设备批发',NULL,NULL),(715,'5179',NULL,NULL,'其他机械设备及电子产品批发',NULL,NULL),(716,'5181',NULL,NULL,'贸易代理',NULL,NULL),(717,'5182',NULL,NULL,'拍卖',NULL,NULL),(718,'5189',NULL,NULL,'其他贸易经纪与代理',NULL,NULL),(719,'5191',NULL,NULL,'再生物资回收与批发',NULL,NULL),(720,'5199',NULL,NULL,'其他未列明批发业',NULL,NULL),(721,'5211',NULL,NULL,'百货零售',NULL,NULL),(722,'5212',NULL,NULL,'超级市场零售',NULL,NULL),(723,'5219',NULL,NULL,'其他综合零售',NULL,NULL),(724,'5221',NULL,NULL,'粮油零售',NULL,NULL),(725,'5222',NULL,NULL,'糕点、面包零售',NULL,NULL),(726,'5223',NULL,NULL,'果品、蔬菜零售',NULL,NULL),(727,'5224',NULL,NULL,'肉、禽、蛋、奶及水产品零售',NULL,NULL),(728,'5225',NULL,NULL,'营养和保健品零售',NULL,NULL),(729,'5226',NULL,NULL,'酒、饮料及茶叶零售',NULL,NULL),(730,'5227',NULL,NULL,'烟草制品零售',NULL,NULL),(731,'5229',NULL,NULL,'其他食品零售',NULL,NULL),(732,'5231',NULL,NULL,'纺织品及针织品零售',NULL,NULL),(733,'5232',NULL,NULL,'服装零售',NULL,NULL),(734,'5233',NULL,NULL,'鞋帽零售',NULL,NULL),(735,'5234',NULL,NULL,'化妆品及卫生用品零售',NULL,NULL),(736,'5235',NULL,NULL,'钟表、眼镜零售',NULL,NULL),(737,'5236',NULL,NULL,'箱、包零售',NULL,NULL),(738,'5237',NULL,NULL,'厨房用具及日用杂品零售',NULL,NULL),(739,'5238',NULL,NULL,'自行车零售',NULL,NULL),(740,'5239',NULL,NULL,'其他日用品零售',NULL,NULL),(741,'5241',NULL,NULL,'文具用品零售',NULL,NULL),(742,'5242',NULL,NULL,'体育用品及器材零售',NULL,NULL),(743,'5243',NULL,NULL,'图书、报刊零售',NULL,NULL),(744,'5244',NULL,NULL,'音像制品及电子出版物零售',NULL,NULL),(745,'5245',NULL,NULL,'珠宝首饰零售',NULL,NULL),(746,'5246',NULL,NULL,'工艺美术品及收藏品零售',NULL,NULL),(747,'5247',NULL,NULL,'乐器零售',NULL,NULL),(748,'5248',NULL,NULL,'照相器材零售',NULL,NULL),(749,'5249',NULL,NULL,'其他文化用品零售',NULL,NULL),(750,'5251',NULL,NULL,'药品零售',NULL,NULL),(751,'5252',NULL,NULL,'医疗用品及器材零售',NULL,NULL),(752,'5261',NULL,NULL,'汽车零售',NULL,NULL),(753,'5262',NULL,NULL,'汽车零配件零售',NULL,NULL),(754,'5263',NULL,NULL,'摩托车及零配件零售',NULL,NULL),(755,'5264',NULL,NULL,'机动车燃料零售',NULL,NULL),(756,'5271',NULL,NULL,'家用视听设备零售',NULL,NULL),(757,'5272',NULL,NULL,'日用家电设备零售',NULL,NULL),(758,'5273',NULL,NULL,'计算机、软件及辅助设备零售',NULL,NULL),(759,'5274',NULL,NULL,'通信设备零售',NULL,NULL),(760,'5279',NULL,NULL,'其他电子产品零售',NULL,NULL),(761,'5281',NULL,NULL,'五金零售',NULL,NULL),(762,'5282',NULL,NULL,'灯具零售',NULL,NULL),(763,'5283',NULL,NULL,'家具零售',NULL,NULL),(764,'5284',NULL,NULL,'涂料零售',NULL,NULL),(765,'5285',NULL,NULL,'卫生洁具零售',NULL,NULL),(766,'5286',NULL,NULL,'木质装饰材料零售',NULL,NULL),(767,'5287',NULL,NULL,'陶瓷、石材装饰材料零售',NULL,NULL),(768,'5289',NULL,NULL,'其他室内装饰材料零售',NULL,NULL),(769,'5291',NULL,NULL,'货摊食品零售',NULL,NULL),(770,'5292',NULL,NULL,'货摊纺织、服装及鞋零售',NULL,NULL),(771,'5293',NULL,NULL,'货摊日用品零售',NULL,NULL),(772,'5294',NULL,NULL,'互联网零售',NULL,NULL),(773,'5295',NULL,NULL,'邮购及电视、电话零售',NULL,NULL),(774,'5296',NULL,NULL,'旧货零售',NULL,NULL),(775,'5297',NULL,NULL,'生活用燃料零售',NULL,NULL),(776,'5299',NULL,NULL,'其他未列明零售业',NULL,NULL),(777,'5310',NULL,NULL,'铁路旅客运输',NULL,NULL),(778,'5320',NULL,NULL,'铁路货物运输',NULL,NULL),(779,'5331',NULL,NULL,'客运火车站',NULL,NULL),(780,'5332',NULL,NULL,'货运火车站',NULL,NULL),(781,'5339',NULL,NULL,'其他铁路运输辅助活动',NULL,NULL),(782,'5411',NULL,NULL,'公共电汽车客运',NULL,NULL),(783,'5412',NULL,NULL,'城市轨道交通',NULL,NULL),(784,'5413',NULL,NULL,'出租车客运',NULL,NULL),(785,'5419',NULL,NULL,'其他城市公共交通运输',NULL,NULL),(786,'5420',NULL,NULL,'公路旅客运输',NULL,NULL),(787,'5430',NULL,NULL,'道路货物运输',NULL,NULL),(788,'5441',NULL,NULL,'客运汽车站',NULL,NULL),(789,'5442',NULL,NULL,'公路管理与养护',NULL,NULL),(790,'5449',NULL,NULL,'其他道路运输辅助活动',NULL,NULL),(791,'5511',NULL,NULL,'海洋旅客运输',NULL,NULL),(792,'5512',NULL,NULL,'内河旅客运输',NULL,NULL),(793,'5513',NULL,NULL,'客运轮渡运输',NULL,NULL),(794,'5521',NULL,NULL,'远洋货物运输',NULL,NULL),(795,'5522',NULL,NULL,'沿海货物运输',NULL,NULL),(796,'5523',NULL,NULL,'内河货物运输',NULL,NULL),(797,'5531',NULL,NULL,'客运港口',NULL,NULL),(798,'5532',NULL,NULL,'货运港口',NULL,NULL),(799,'5539',NULL,NULL,'其他水上运输辅助活动',NULL,NULL),(800,'5611',NULL,NULL,'航空旅客运输',NULL,NULL),(801,'5612',NULL,NULL,'航空货物运输',NULL,NULL),(802,'5620',NULL,NULL,'通用航空服务',NULL,NULL),(803,'5631',NULL,NULL,'机场',NULL,NULL),(804,'5632',NULL,NULL,'空中交通管理',NULL,NULL),(805,'5639',NULL,NULL,'其他航空运输辅助活动',NULL,NULL),(806,'5700',NULL,NULL,'管道运输业',NULL,NULL),(807,'5810',NULL,NULL,'装卸搬运',NULL,NULL),(808,'5821',NULL,NULL,'货物运输代理',NULL,NULL),(809,'5822',NULL,NULL,'旅客票务代理',NULL,NULL),(810,'5829',NULL,NULL,'其他运输代理业',NULL,NULL),(811,'5911',NULL,NULL,'谷物仓储',NULL,NULL),(812,'5912',NULL,NULL,'棉花仓储',NULL,NULL),(813,'5919',NULL,NULL,'其他农产品仓储',NULL,NULL),(814,'5990',NULL,NULL,'其他仓储业',NULL,NULL),(815,'6010',NULL,NULL,'邮政基本服务',NULL,NULL),(816,'6020',NULL,NULL,'快递服务',NULL,NULL),(817,'6110',NULL,NULL,'旅游饭店',NULL,NULL),(818,'6120',NULL,NULL,'一般旅馆',NULL,NULL),(819,'6190',NULL,NULL,'其他住宿业',NULL,NULL),(820,'6210',NULL,NULL,'正餐服务',NULL,NULL),(821,'6220',NULL,NULL,'快餐服务',NULL,NULL),(822,'6231',NULL,NULL,'茶馆服务',NULL,NULL),(823,'6232',NULL,NULL,'咖啡馆服务',NULL,NULL),(824,'6233',NULL,NULL,'酒吧服务',NULL,NULL),(825,'6239',NULL,NULL,'其他饮料及冷饮服务',NULL,NULL),(826,'6291',NULL,NULL,'小吃服务',NULL,NULL),(827,'6292',NULL,NULL,'餐饮配送服务',NULL,NULL),(828,'6299',NULL,NULL,'其他未列明餐饮业',NULL,NULL),(829,'6311',NULL,NULL,'固定电信服务',NULL,NULL),(830,'6312',NULL,NULL,'移动电信服务',NULL,NULL),(831,'6319',NULL,NULL,'其他电信服务',NULL,NULL),(832,'6321',NULL,NULL,'有线广播电视传输服务',NULL,NULL),(833,'6322',NULL,NULL,'无线广播电视传输服务',NULL,NULL),(834,'6330',NULL,NULL,'卫星传输服务',NULL,NULL),(835,'6410',NULL,NULL,'互联网接入及相关服务',NULL,NULL),(836,'6420',NULL,NULL,'互联网信息服务',NULL,NULL),(837,'6490',NULL,NULL,'其他互联网服务',NULL,NULL),(838,'6510',NULL,NULL,'软件开发',NULL,NULL),(839,'6520',NULL,NULL,'信息系统集成服务',NULL,NULL),(840,'6530',NULL,NULL,'信息技术咨询服务',NULL,NULL),(841,'6540',NULL,NULL,'数据处理和存储服务',NULL,NULL),(842,'6550',NULL,NULL,'集成电路设计',NULL,NULL),(843,'6591',NULL,NULL,'数字内容服务',NULL,NULL),(844,'6592',NULL,NULL,'呼叫中心',NULL,NULL),(845,'6599',NULL,NULL,'其他未列明信息技术服务业',NULL,NULL),(846,'6610',NULL,NULL,'中央银行服务',NULL,NULL),(847,'6620',NULL,NULL,'货币银行服务',NULL,NULL),(848,'6631',NULL,NULL,'金融租赁服务',NULL,NULL),(849,'6632',NULL,NULL,'财务公司',NULL,NULL),(850,'6633',NULL,NULL,'典当',NULL,NULL),(851,'6639',NULL,NULL,'其他非货币银行服务',NULL,NULL),(852,'6640',NULL,NULL,'银行监管服务',NULL,NULL),(853,'6711',NULL,NULL,'证券市场管理服务',NULL,NULL),(854,'6712',NULL,NULL,'证券经纪交易服务',NULL,NULL),(856,'6713',NULL,NULL,'基金管理服务',NULL,NULL),(857,'6721',NULL,NULL,'期货市场管理服务',NULL,NULL),(858,'6729',NULL,NULL,'其他期货市场服务',NULL,NULL),(859,'6730',NULL,NULL,'证券期货监管服务',NULL,NULL),(860,'6740',NULL,NULL,'资本投资服务',NULL,NULL),(861,'6790',NULL,NULL,'其他资本市场服务',NULL,NULL),(862,'6811',NULL,NULL,'人寿保险',NULL,NULL),(863,'6812',NULL,NULL,'健康和意外保险',NULL,NULL),(864,'6820',NULL,NULL,'财产保险',NULL,NULL),(865,'6830',NULL,NULL,'再保险',NULL,NULL),(866,'6840',NULL,NULL,'养老金',NULL,NULL),(867,'6850',NULL,NULL,'保险经纪与代理服务',NULL,NULL),(868,'6860',NULL,NULL,'保险监管服务',NULL,NULL),(869,'6891',NULL,NULL,'风险和损失评估',NULL,NULL),(870,'6899',NULL,NULL,'其他未列明保险活动',NULL,NULL),(871,'6910',NULL,NULL,'金融信托与管理服务',NULL,NULL),(872,'6920',NULL,NULL,'控股公司服务',NULL,NULL),(873,'6930',NULL,NULL,'非金融机构支付服务',NULL,NULL),(874,'6940',NULL,NULL,'金融信息服务',NULL,NULL),(875,'6990',NULL,NULL,'其他未列明金融业',NULL,NULL),(876,'7010',NULL,NULL,'房地产开发经营',NULL,NULL),(877,'7020',NULL,NULL,'物业管理',NULL,NULL),(878,'7030',NULL,NULL,'房地产中介服务',NULL,NULL),(879,'7040',NULL,NULL,'自有房地产经营活动',NULL,NULL),(880,'7090',NULL,NULL,'其他房地产业',NULL,NULL),(881,'7111',NULL,NULL,'汽车租赁',NULL,NULL),(882,'7112',NULL,NULL,'农业机械租赁',NULL,NULL),(883,'7113',NULL,NULL,'建筑工程机械与设备租赁',NULL,NULL),(884,'7114',NULL,NULL,'计算机及通讯设备租赁',NULL,NULL),(885,'7119',NULL,NULL,'其他机械与设备租赁',NULL,NULL),(886,'7121',NULL,NULL,'娱乐及体育设备出租',NULL,NULL),(887,'7122',NULL,NULL,'图书出租',NULL,NULL),(888,'7123',NULL,NULL,'音像制品出租',NULL,NULL),(889,'7129',NULL,NULL,'其他文化及日用品出租',NULL,NULL),(890,'7211',NULL,NULL,'企业总部管理',NULL,NULL),(891,'7212',NULL,NULL,'投资与资产管理',NULL,NULL),(892,'7213',NULL,NULL,'单位后勤管理服务',NULL,NULL),(893,'7219',NULL,NULL,'其他企业管理服务',NULL,NULL),(894,'7221',NULL,NULL,'律师及相关法律服务',NULL,NULL),(895,'7222',NULL,NULL,'公证服务',NULL,NULL),(896,'7229',NULL,NULL,'其他法律服务',NULL,NULL),(897,'7231',NULL,NULL,'会计、审计及税务服务',NULL,NULL),(898,'7232',NULL,NULL,'市场调查',NULL,NULL),(899,'7233',NULL,NULL,'社会经济咨询',NULL,NULL),(900,'7239',NULL,NULL,'其他专业咨询',NULL,NULL),(901,'7240',NULL,NULL,'广告业',NULL,NULL),(902,'7250',NULL,NULL,'知识产权服务',NULL,NULL),(903,'7261',NULL,NULL,'公共就业服务',NULL,NULL),(904,'7262',NULL,NULL,'职业中介服务',NULL,NULL),(905,'7263',NULL,NULL,'劳务派遣服务',NULL,NULL),(906,'7269',NULL,NULL,'其他人力资源服务',NULL,NULL),(907,'7271',NULL,NULL,'旅行社服务',NULL,NULL),(908,'7272',NULL,NULL,'旅游管理服务',NULL,NULL),(909,'7279',NULL,NULL,'其他旅行社相关服务',NULL,NULL),(910,'7281',NULL,NULL,'安全服务',NULL,NULL),(911,'7282',NULL,NULL,'安全系统监控服务',NULL,NULL),(912,'7289',NULL,NULL,'其他安全保护服务',NULL,NULL),(913,'7291',NULL,NULL,'市场管理',NULL,NULL),(914,'7292',NULL,NULL,'会议及展览服务',NULL,NULL),(915,'7293',NULL,NULL,'包装服务',NULL,NULL),(916,'7294',NULL,NULL,'办公服务',NULL,NULL),(917,'7295',NULL,NULL,'信用服务',NULL,NULL),(918,'7296',NULL,NULL,'担保服务',NULL,NULL),(919,'7299',NULL,NULL,'其他未列明商务服务业',NULL,NULL),(920,'7310',NULL,NULL,'自然科学研究和试验发展',NULL,NULL),(921,'7320',NULL,NULL,'工程和技术研究和试验发展',NULL,NULL),(922,'7330',NULL,NULL,'农业科学研究和试验发展',NULL,NULL),(923,'7340',NULL,NULL,'医学研究和试验发展',NULL,NULL),(924,'7350',NULL,NULL,'社会人文科学研究',NULL,NULL),(925,'7410',NULL,NULL,'气象服务',NULL,NULL),(926,'7420',NULL,NULL,'地震服务',NULL,NULL),(927,'7430',NULL,NULL,'海洋服务',NULL,NULL),(928,'7440',NULL,NULL,'测绘服务',NULL,NULL),(929,'7450',NULL,NULL,'质检技术服务',NULL,NULL),(930,'7461',NULL,NULL,'环境保护监测',NULL,NULL),(931,'7462',NULL,NULL,'生态监测',NULL,NULL),(932,'7471',NULL,NULL,'能源矿产地质勘查',NULL,NULL),(933,'7472',NULL,NULL,'固体矿产地质勘查',NULL,NULL),(934,'7473',NULL,NULL,'水、二氧化碳等矿产地质勘查',NULL,NULL),(935,'7474',NULL,NULL,'基础地质勘查',NULL,NULL),(936,'7475',NULL,NULL,'地质勘查技术服务',NULL,NULL),(937,'7481',NULL,NULL,'工程管理服务',NULL,NULL),(938,'7482',NULL,NULL,'工程勘察设计',NULL,NULL),(939,'7483',NULL,NULL,'规划管理',NULL,NULL),(940,'7491',NULL,NULL,'专业化设计服务',NULL,NULL),(941,'7492',NULL,NULL,'摄影扩印服务',NULL,NULL),(942,'7493',NULL,NULL,'兽医服务',NULL,NULL),(943,'7499',NULL,NULL,'其他未列明专业技术服务业',NULL,NULL),(944,'7511',NULL,NULL,'农业技术推广服务',NULL,NULL),(945,'7512',NULL,NULL,'生物技术推广服务',NULL,NULL),(946,'7513',NULL,NULL,'新材料技术推广服务',NULL,NULL),(947,'7514',NULL,NULL,'节能技术推广服务',NULL,NULL),(948,'7519',NULL,NULL,'其他技术推广服务',NULL,NULL),(949,'7520',NULL,NULL,'科技中介服务',NULL,NULL),(950,'7590',NULL,NULL,'其他科技推广和应用服务业',NULL,NULL),(951,'7610',NULL,NULL,'防洪除涝设施管理',NULL,NULL),(952,'7620',NULL,NULL,'水资源管理',NULL,NULL),(953,'7630',NULL,NULL,'天然水收集与分配',NULL,NULL),(954,'7640',NULL,NULL,'水文服务',NULL,NULL),(955,'7690',NULL,NULL,'其他水利管理业',NULL,NULL),(956,'7711',NULL,NULL,'自然保护区管理',NULL,NULL),(957,'7712',NULL,NULL,'野生动物保护',NULL,NULL),(958,'7713',NULL,NULL,'野生植物保护',NULL,NULL),(959,'7719',NULL,NULL,'其他自然保护',NULL,NULL),(960,'7721',NULL,NULL,'水污染治理',NULL,NULL),(961,'7722',NULL,NULL,'大气污染治理',NULL,NULL),(962,'7723',NULL,NULL,'固体废物治理',NULL,NULL),(963,'7724',NULL,NULL,'危险废物治理',NULL,NULL),(964,'7725',NULL,NULL,'放射性废物治理',NULL,NULL),(965,'7729',NULL,NULL,'其他污染治理',NULL,NULL),(966,'7810',NULL,NULL,'市政设施管理',NULL,NULL),(967,'7820',NULL,NULL,'环境卫生管理',NULL,NULL),(968,'7830',NULL,NULL,'城乡市容管理',NULL,NULL),(969,'7840',NULL,NULL,'绿化管理',NULL,NULL),(970,'7851',NULL,NULL,'公园管理',NULL,NULL),(971,'7852',NULL,NULL,'游览景区管理',NULL,NULL),(972,'7910',NULL,NULL,'家庭服务',NULL,NULL),(973,'7920',NULL,NULL,'托儿所服务',NULL,NULL),(974,'7930',NULL,NULL,'洗染服务',NULL,NULL),(975,'7940',NULL,NULL,'理发及美容服务',NULL,NULL),(976,'7950',NULL,NULL,'洗浴服务',NULL,NULL),(977,'7960',NULL,NULL,'保健服务',NULL,NULL),(978,'7970',NULL,NULL,'婚姻服务',NULL,NULL),(979,'7980',NULL,NULL,'殡葬服务',NULL,NULL),(980,'7990',NULL,NULL,'其他居民服务业',NULL,NULL),(981,'8011',NULL,NULL,'汽车修理与维护',NULL,NULL),(982,'8012',NULL,NULL,'摩托车修理与维护',NULL,NULL),(983,'8021',NULL,NULL,'计算机和辅助设备修理',NULL,NULL),(984,'8022',NULL,NULL,'通讯设备修理',NULL,NULL),(985,'8029',NULL,NULL,'其他办公设备维修',NULL,NULL),(986,'8031',NULL,NULL,'家用电子产品修理',NULL,NULL),(987,'8032',NULL,NULL,'日用电器修理',NULL,NULL),(988,'8091',NULL,NULL,'自行车修理',NULL,NULL),(989,'8092',NULL,NULL,'鞋和皮革修理',NULL,NULL),(990,'8093',NULL,NULL,'家具和相关物品修理',NULL,NULL),(991,'8099',NULL,NULL,'其他未列明日用产品修理业',NULL,NULL),(992,'8111',NULL,NULL,'建筑物清洁服务',NULL,NULL),(993,'8119',NULL,NULL,'其他清洁服务',NULL,NULL),(994,'8190',NULL,NULL,'其他未列明服务业',NULL,NULL),(995,'8210',NULL,NULL,'学前教育',NULL,NULL),(996,'8221',NULL,NULL,'普通小学教育',NULL,NULL),(997,'8222',NULL,NULL,'成人小学教育',NULL,NULL),(998,'8231',NULL,NULL,'普通初中教育',NULL,NULL),(999,'8232',NULL,NULL,'职业初中教育',NULL,NULL),(1000,'8233',NULL,NULL,'成人初中教育',NULL,NULL),(1001,'8234',NULL,NULL,'普通高中教育',NULL,NULL),(1002,'8235',NULL,NULL,'成人高中教育',NULL,NULL),(1003,'8236',NULL,NULL,'中等职业学校教育',NULL,NULL),(1004,'8241',NULL,NULL,'普通高等教育',NULL,NULL),(1005,'8242',NULL,NULL,'成人高等教育',NULL,NULL),(1006,'8250',NULL,NULL,'特殊教育',NULL,NULL),(1007,'8291',NULL,NULL,'职业技能培训',NULL,NULL),(1008,'8292',NULL,NULL,'体校及体育培训',NULL,NULL),(1009,'8293',NULL,NULL,'文化艺术培训',NULL,NULL),(1010,'8294',NULL,NULL,'教育辅助服务',NULL,NULL),(1011,'8299',NULL,NULL,'其他未列明教育',NULL,NULL),(1012,'8311',NULL,NULL,'综合医院',NULL,NULL),(1013,'8312',NULL,NULL,'中医医院',NULL,NULL),(1014,'8313',NULL,NULL,'中西医结合医院',NULL,NULL),(1015,'8314',NULL,NULL,'民族医院',NULL,NULL),(1016,'8315',NULL,NULL,'专科医院',NULL,NULL),(1017,'8316',NULL,NULL,'疗养院',NULL,NULL),(1018,'8321',NULL,NULL,'社区卫生服务中心（站）',NULL,NULL),(1019,'8322',NULL,NULL,'街道卫生院',NULL,NULL),(1020,'8323',NULL,NULL,'乡镇卫生院',NULL,NULL),(1021,'8330',NULL,NULL,'门诊部（所）',NULL,NULL),(1022,'8340',NULL,NULL,'计划生育技术服务活动',NULL,NULL),(1023,'8350',NULL,NULL,'妇幼保健院（所、站）',NULL,NULL),(1024,'8360',NULL,NULL,'专科疾病防治院（所、站）',NULL,NULL),(1025,'8370',NULL,NULL,'疾病预防控制中心',NULL,NULL),(1026,'8390',NULL,NULL,'其他卫生活动',NULL,NULL),(1027,'8411',NULL,NULL,'干部休养所',NULL,NULL),(1028,'8412',NULL,NULL,'护理机构服务',NULL,NULL),(1029,'8413',NULL,NULL,'精神康复服务',NULL,NULL),(1030,'8414',NULL,NULL,'老年人、残疾人养护服务',NULL,NULL),(1031,'8415',NULL,NULL,'孤残儿童收养和庇护服务',NULL,NULL),(1032,'8419',NULL,NULL,'其他提供住宿社会救助',NULL,NULL),(1033,'8421',NULL,NULL,'社会看护与帮助服务',NULL,NULL),(1034,'8429',NULL,NULL,'其他不提供住宿社会工作',NULL,NULL),(1035,'8510',NULL,NULL,'新闻业',NULL,NULL),(1036,'8521',NULL,NULL,'图书出版',NULL,NULL),(1037,'8522',NULL,NULL,'报纸出版',NULL,NULL),(1038,'8523',NULL,NULL,'期刊出版',NULL,NULL),(1039,'8524',NULL,NULL,'音像制品出版',NULL,NULL),(1040,'8525',NULL,NULL,'电子出版物出版',NULL,NULL),(1041,'8529',NULL,NULL,'其他出版业',NULL,NULL),(1042,'8610',NULL,NULL,'广播',NULL,NULL),(1043,'8620',NULL,NULL,'电视',NULL,NULL),(1044,'8630',NULL,NULL,'电影和影视节目制作',NULL,NULL),(1045,'8640',NULL,NULL,'电影和影视节目发行',NULL,NULL),(1046,'8650',NULL,NULL,'电影放映',NULL,NULL),(1047,'8660',NULL,NULL,'录音制作',NULL,NULL),(1048,'8710',NULL,NULL,'文艺创作与表演',NULL,NULL),(1049,'8720',NULL,NULL,'艺术表演场馆',NULL,NULL),(1050,'8731',NULL,NULL,'图书馆',NULL,NULL),(1051,'8732',NULL,NULL,'档案馆',NULL,NULL),(1052,'8740',NULL,NULL,'文物及非物质文化遗产保护',NULL,NULL),(1053,'8750',NULL,NULL,'博物馆',NULL,NULL),(1054,'8760',NULL,NULL,'烈士陵园、纪念馆',NULL,NULL),(1055,'8770',NULL,NULL,'群众文化活动',NULL,NULL),(1056,'8790',NULL,NULL,'其他文化艺术业',NULL,NULL),(1057,'8810',NULL,NULL,'体育组织',NULL,NULL),(1058,'8820',NULL,NULL,'体育场馆',NULL,NULL),(1059,'8830',NULL,NULL,'休闲健身活动',NULL,NULL),(1060,'8890',NULL,NULL,'其他体育',NULL,NULL),(1061,'8911',NULL,NULL,'歌舞厅娱乐活动',NULL,NULL),(1062,'8912',NULL,NULL,'电子游艺厅娱乐活动',NULL,NULL),(1063,'8913',NULL,NULL,'网吧活动',NULL,NULL),(1064,'8919',NULL,NULL,'其他室内娱乐活动',NULL,NULL),(1065,'8920',NULL,NULL,'游乐园',NULL,NULL),(1066,'8930',NULL,NULL,'彩票活动',NULL,NULL),(1067,'8941',NULL,NULL,'文化娱乐经纪人',NULL,NULL),(1068,'8942',NULL,NULL,'体育经纪人',NULL,NULL),(1069,'8949',NULL,NULL,'其他文化艺术经纪代理',NULL,NULL),(1070,'8990',NULL,NULL,'其他娱乐业',NULL,NULL),(1071,'9000',NULL,NULL,'中国共产党机关',NULL,NULL),(1072,'9110',NULL,NULL,'国家权力机构',NULL,NULL),(1073,'9121',NULL,NULL,'综合事务管理机构',NULL,NULL),(1074,'9122',NULL,NULL,'对外事务管理机构',NULL,NULL),(1075,'9123',NULL,NULL,'公共安全管理机构',NULL,NULL),(1076,'9124',NULL,NULL,'社会事务管理机构',NULL,NULL),(1077,'9125',NULL,NULL,'经济事务管理机构',NULL,NULL),(1078,'9126',NULL,NULL,'行政监督检查机构',NULL,NULL),(1079,'9131',NULL,NULL,'人民法院',NULL,NULL),(1080,'9132',NULL,NULL,'人民检察院',NULL,NULL),(1081,'9190',NULL,NULL,'其他国家机构',NULL,NULL),(1082,'9210',NULL,NULL,'人民政协',NULL,NULL),(1083,'9220',NULL,NULL,'民主党派',NULL,NULL),(1084,'9300',NULL,NULL,'社会保障',NULL,NULL),(1085,'9411',NULL,NULL,'工会',NULL,NULL),(1086,'9412',NULL,NULL,'妇联',NULL,NULL),(1087,'9413',NULL,NULL,'共青团',NULL,NULL),(1088,'9419',NULL,NULL,'其他群众团体',NULL,NULL),(1089,'9421',NULL,NULL,'专业性团体',NULL,NULL),(1090,'9422',NULL,NULL,'行业性团体',NULL,NULL),(1091,'9429',NULL,NULL,'其他社会团体',NULL,NULL),(1092,'9430',NULL,NULL,'基金会',NULL,NULL),(1093,'9440',NULL,NULL,'宗教组织',NULL,NULL),(1094,'9510',NULL,NULL,'社区自治组织',NULL,NULL),(1095,'9520',NULL,NULL,'村民自治组织',NULL,NULL),(1096,'9600',NULL,NULL,'国际组织',NULL,NULL);

/*Table structure for table `job_title` */

DROP TABLE IF EXISTS `job_title`;

CREATE TABLE `job_title` (
  `id` int(11) NOT NULL AUTO_INCREMENT,
  `code` varchar(50) DEFAULT NULL COMMENT '职称code',
  `name` varchar(50) DEFAULT NULL COMMENT '职称',
  `create_time` datetime DEFAULT NULL,
  `update_time` datetime DEFAULT NULL,
  PRIMARY KEY (`id`)
) ENGINE=MyISAM AUTO_INCREMENT=6 DEFAULT CHARSET=utf8;

/*Data for the table `job_title` */

insert  into `job_title`(`id`,`code`,`name`,`create_time`,`update_time`) values (1,'2','讲师',NULL,NULL),(2,NULL,'副教授',NULL,NULL),(3,NULL,'教授',NULL,NULL),(4,NULL,'工程师',NULL,NULL),(5,NULL,'高级工程师',NULL,NULL);

/*Table structure for table `major` */

DROP TABLE IF EXISTS `major`;

CREATE TABLE `major` (
  `id` varchar(8) NOT NULL,
  `code` varchar(50) DEFAULT NULL COMMENT '大学专业code',
  `name` varchar(50) DEFAULT NULL COMMENT '大学专业名称',
  `parentCode` varchar(50) DEFAULT NULL COMMENT '父级code',
  `level` int(11) DEFAULT NULL COMMENT '级别',
  PRIMARY KEY (`id`)
) ENGINE=MyISAM DEFAULT CHARSET=utf8;

/*Data for the table `major` */

insert  into `major`(`id`,`code`,`name`,`parentCode`,`level`) values ('1','01','学科门类：哲学',NULL,NULL),('2','0101','哲学类',NULL,NULL),('3','010101','哲学',NULL,NULL),('4','010102','逻辑学',NULL,NULL),('5','010103K','宗教学',NULL,NULL),('6','010104T','伦理学',NULL,NULL),('7','02','学科门类：经济学',NULL,NULL),('8','0201','经济学类',NULL,NULL),('9','020101','经济学',NULL,NULL),('10','020102','经济统计学',NULL,NULL),('11','020103T','国民经济管理',NULL,NULL),('12','0020104T','资源与环境经济学',NULL,NULL),('13','020105T','商务经济学',NULL,NULL),('14','020106T','能源经济',NULL,NULL),('15','0202','财政学类',NULL,NULL),('16','020201K','财政学',NULL,NULL),('17','020202','税收学',NULL,NULL),('18','0203','金融学类',NULL,NULL),('19','020301K','金融学',NULL,NULL),('20','020302','金融工程',NULL,NULL),('21','020303','保险学',NULL,NULL),('22','020304','投资学',NULL,NULL),('23','020305T','金融数学',NULL,NULL),('24','020306T','信用管理（注：可授经济学或管理学学士学位）',NULL,NULL),('25','020307T','经济与金融',NULL,NULL),('26','0204','经济与贸易类',NULL,NULL),('27','020401','国际经济与贸易',NULL,NULL),('28','020402','贸易经济',NULL,NULL),('29','03','学科门类：法学',NULL,NULL),('30','0301','法学类',NULL,NULL),('31','030101K','法学',NULL,NULL),('32','030102T','知识产权',NULL,NULL),('33','030103T','监狱学',NULL,NULL),('34','0302','政治学类',NULL,NULL),('35','030201','政治学与行政学',NULL,NULL),('36','030202','国际政治',NULL,NULL),('37','030203','外交学',NULL,NULL),('38','030204T','国际事务与国际关系',NULL,NULL),('39','030205T','政治学、经济学与哲学',NULL,NULL),('40','0303','社会学类',NULL,NULL),('41','030301','社会学',NULL,NULL),('42','030302','社会工作',NULL,NULL),('43','030303T','人类学',NULL,NULL),('44','030304T','女性学',NULL,NULL),('45','030305T','家政学',NULL,NULL),('46','0304','民族学类',NULL,NULL),('47','030401','民族学',NULL,NULL),('48','0305','马克思主义理论类',NULL,NULL),('49','030501','科学社会主义',NULL,NULL),('50','030502','中国共产党历史',NULL,NULL),('51','030503','思想政治教育',NULL,NULL),('52','0306','公安学类',NULL,NULL),('53','030601K','治安学',NULL,NULL),('54','030602K','侦查学',NULL,NULL),('55','030603K','边防管理',NULL,NULL),('56','030604TK','禁毒学',NULL,NULL),('57','030605TK','警犬技术',NULL,NULL),('58','030606TK','经济犯罪侦查',NULL,NULL),('59','030607TK','边防指挥',NULL,NULL),('60','030608TK','消防指挥',NULL,NULL),('61','030609TK','警卫学',NULL,NULL),('62','030610TK','公安情报学',NULL,NULL),('63','030611TK','犯罪学',NULL,NULL),('64','030612TK','公安管理学',NULL,NULL),('65','030613TK','涉外警务',NULL,NULL),('66','030614TK','国内安全保卫',NULL,NULL),('67','030615TK','警务指挥与战术',NULL,NULL),('68','04','学科门类：教育学',NULL,NULL),('69','0401','教育学类',NULL,NULL),('70','040101','教育学',NULL,NULL),('71','040102','科学教育',NULL,NULL),('72','040103','人文教育',NULL,NULL),('73','040104','教育技术学（注：可授教育学或理学或工学学士学位）',NULL,NULL),('74','040105','艺术教育（注：可授教育学或艺术学学士学位）',NULL,NULL),('75','040106','学前教育',NULL,NULL),('76','040107','小学教育',NULL,NULL),('77','040108','特殊教育',NULL,NULL),('78','040109T','华文教育',NULL,NULL),('79','040110TK','教育康复学（2012）',NULL,NULL),('80','0402','体育学类',NULL,NULL),('81','040201','体育教育',NULL,NULL),('82','040202K','运动训练',NULL,NULL),('83','040203','社会体育指导与管理',NULL,NULL),('84','040204K','武术与民族传统体育',NULL,NULL),('85','040205','运动人体科学',NULL,NULL),('86','040206T','运动康复（注：可授教育学或理学学士学位）',NULL,NULL),('87','040207T','休闲体育',NULL,NULL),('88','05','学科门类：文学',NULL,NULL),('89','0501','中国语言文学类',NULL,NULL),('90','050101','汉语言文学',NULL,NULL),('91','050102','汉语言',NULL,NULL),('92','050103','汉语国际教育',NULL,NULL),('93','050104','中国少数民族语言文学',NULL,NULL),('94','050105','古典文献学',NULL,NULL),('95','050106T','应用语言学',NULL,NULL),('96','050107T','秘书学',NULL,NULL),('97','0502','外国语言文学类',NULL,NULL),('98','050201','英语',NULL,NULL),('99','050202','俄语',NULL,NULL),('100','050203','德语',NULL,NULL),('101','050204','法语',NULL,NULL),('102','050205','西班牙语',NULL,NULL),('103','050206','阿拉伯语',NULL,NULL),('104','050207','日语',NULL,NULL),('105','050208','波斯语',NULL,NULL),('106','050209','朝鲜语',NULL,NULL),('107','050210','菲律宾语',NULL,NULL),('108','050211','梵语巴利语',NULL,NULL),('109','050212','印度尼西亚语',NULL,NULL),('110','050213','印地语',NULL,NULL),('111','050214','柬埔寨语',NULL,NULL),('112','050215','老挝语',NULL,NULL),('113','050216','缅甸语',NULL,NULL),('114','050217','马来语',NULL,NULL),('115','050218','蒙古语',NULL,NULL),('116','050219','僧伽罗语',NULL,NULL),('117','050220','泰语',NULL,NULL),('118','050221','乌尔都语',NULL,NULL),('119','050222','希伯来语',NULL,NULL),('120','050223','越南语',NULL,NULL),('121','050224','豪萨语',NULL,NULL),('122','050225','斯瓦希里语',NULL,NULL),('123','050226','阿尔巴尼亚语',NULL,NULL),('124','050227','保加利亚语',NULL,NULL),('125','050228','波兰语',NULL,NULL),('126','050229','捷克语',NULL,NULL),('127','050230','斯洛伐克语',NULL,NULL),('128','050231','罗马尼亚语',NULL,NULL),('129','050232','葡萄牙语',NULL,NULL),('130','050233','瑞典语',NULL,NULL),('131','050234','塞尔维亚语',NULL,NULL),('132','050235','土耳其语',NULL,NULL),('133','050236','希腊语',NULL,NULL),('134','050237','匈牙利语',NULL,NULL),('135','050238','意大利语',NULL,NULL),('136','050239','泰米尔语',NULL,NULL),('137','050240','普什图语',NULL,NULL),('138','050241','世界语',NULL,NULL),('139','050242','孟加拉语',NULL,NULL),('140','050243','尼泊尔语',NULL,NULL),('141','050244','克罗地亚语',NULL,NULL),('142','050245','荷兰语',NULL,NULL),('143','050246','芬兰语',NULL,NULL),('144','050247','乌克兰语',NULL,NULL),('145','050248','挪威语',NULL,NULL),('146','050249','丹麦语',NULL,NULL),('147','050250','冰岛语',NULL,NULL),('148','050251','爱尔兰语',NULL,NULL),('149','050252','拉脱维亚语',NULL,NULL),('150','050253','立陶宛语',NULL,NULL),('151','050254','斯洛文尼亚语',NULL,NULL),('152','050255','爱沙尼亚语',NULL,NULL),('153','050256','马耳他语',NULL,NULL),('154','050257','哈萨克语',NULL,NULL),('155','050258','乌兹别克语',NULL,NULL),('156','050259','祖鲁语',NULL,NULL),('157','050260','拉丁语',NULL,NULL),('158','050261','翻译',NULL,NULL),('159','050262','商务英语',NULL,NULL),('160','050263T','阿姆哈拉语（2012）',NULL,NULL),('161','050264T','吉尔吉斯语（2012）',NULL,NULL),('162','050265T','索马里语（2013）',NULL,NULL),('163','050266T','土库曼语（2014）',NULL,NULL),('164','050267T','加泰罗尼亚语（2014）',NULL,NULL),('165','050268T','约鲁巴语（2014）',NULL,NULL),('166','0503','新闻传播学类',NULL,NULL),('167','050301','新闻学',NULL,NULL),('168','050302','广播电视学',NULL,NULL),('169','050303','广告学',NULL,NULL),('170','050304','传播学',NULL,NULL),('171','050305','编辑出版学',NULL,NULL),('172','050306T','网络与新媒体',NULL,NULL),('173','050307T','数字出版',NULL,NULL),('174','06','学科门类：历史学',NULL,NULL),('175','0601','历史学类',NULL,NULL),('176','060101','历史学',NULL,NULL),('177','060102','世界史',NULL,NULL),('178','060103','考古学',NULL,NULL),('179','060104','文物与博物馆学',NULL,NULL),('180','060105T','文物保护技术',NULL,NULL),('181','060106T','外国语言与外国历史（注：可授历史学或文学学士学位）',NULL,NULL),('182','07','学科门类：理学',NULL,NULL),('183','0701','数学类',NULL,NULL),('184','070101','数学与应用数学',NULL,NULL),('185','070102','信息与计算科学',NULL,NULL),('186','070103T','数理基础科学',NULL,NULL),('187','0702','物理学类',NULL,NULL),('188','070201','物理学',NULL,NULL),('189','070202','应用物理学',NULL,NULL),('190','070203','核物理',NULL,NULL),('191','070204T','声学',NULL,NULL),('192','0703','化学类',NULL,NULL),('193','070301','化学',NULL,NULL),('194','070302','应用化学（注：可授理学或工学学士学位）',NULL,NULL),('195','070303T','化学生物学',NULL,NULL),('196','070304T','分子科学与工程',NULL,NULL),('197','0704','天文学类',NULL,NULL),('198','070401','天文学',NULL,NULL),('199','0705','地理科学类',NULL,NULL),('200','070501','地理科学',NULL,NULL),('201','070502','自然地理与资源环境（注：可授理学或管理学学士学位）',NULL,NULL),('202','070503','人文地理与城乡规划（注：可授理学或管理学学士学位）',NULL,NULL),('203','070504','地理信息科学',NULL,NULL),('204','0706','大气科学类',NULL,NULL),('205','070601','大气科学',NULL,NULL),('206','070602','应用气象学',NULL,NULL),('207','0707','海洋科学类',NULL,NULL),('208','070701','海洋科学',NULL,NULL),('209','070702','海洋技术(注：可授理学或工学学士学位)',NULL,NULL),('210','070703T','海洋资源与环境',NULL,NULL),('211','070704T','军事海洋学',NULL,NULL),('212','0708','地球物理学类',NULL,NULL),('213','070801','地球物理学',NULL,NULL),('214','070802','空间科学与技术（注：可授理学或工学学士学位）',NULL,NULL),('215','0709','地质学类',NULL,NULL),('216','070901','地质学',NULL,NULL),('217','070902','地球化学',NULL,NULL),('218','070903T','地球信息科学与技术（注：可授理学或工学学士学位）',NULL,NULL),('219','070904T','古生物学',NULL,NULL),('220','0710','生物科学类',NULL,NULL),('221','071001','生物科学',NULL,NULL),('222','071002','生物技术（注：可授理学或工学学士学位）',NULL,NULL),('223','071003','生物信息学（注：可授理学或工学学士学位）',NULL,NULL),('224','071004','生态学',NULL,NULL),('225','0711','心理学类',NULL,NULL),('226','071101','心理学（注：可授理学或教育学学士学位）',NULL,NULL),('227','071102','应用心理学（注：可授理学或教育学学士学位）',NULL,NULL),('228','0712','统计学类',NULL,NULL),('229','071201','统计学',NULL,NULL),('230','071202','应用统计学',NULL,NULL),('231','08','学科门类：工学',NULL,NULL),('232','0801','力学类',NULL,NULL),('233','080101','理论与应用力学（注：可授工学或理学学士学位）',NULL,NULL),('234','080102','工程力学',NULL,NULL),('235','0802','机械类',NULL,NULL),('236','080201','机械工程',NULL,NULL),('237','080202','机械设计制造及其自动化',NULL,NULL),('238','080203','材料成型及控制工程',NULL,NULL),('239','080204','机械电子工程',NULL,NULL),('240','080205','工业设计',NULL,NULL),('241','080206','过程装备与控制工程',NULL,NULL),('242','080207','车辆工程',NULL,NULL),('243','080208','汽车服务工程',NULL,NULL),('244','080209T','机械工艺技术',NULL,NULL),('245','080210T','微机电系统工程',NULL,NULL),('246','080211T','机电技术教育',NULL,NULL),('247','080212T','汽车维修工程教育',NULL,NULL),('248','0803','仪器类',NULL,NULL),('249','080301','测控技术与仪器',NULL,NULL),('250','0804','材料类',NULL,NULL),('251','080401','材料科学与工程',NULL,NULL),('252','080402','材料物理（注：可授工学或理学学士学位）',NULL,NULL),('253','080403','材料化学（注：可授工学或理学学士学位）',NULL,NULL),('254','080404','冶金工程',NULL,NULL),('255','080405','金属材料工程',NULL,NULL),('256','080406','无机非金属材料工程',NULL,NULL),('257','080407','高分子材料与工程',NULL,NULL),('258','080408','复合材料与工程',NULL,NULL),('259','080409T','粉体材料科学与工程',NULL,NULL),('260','080410T','宝石及材料工艺学',NULL,NULL),('261','080411T','焊接技术与工程',NULL,NULL),('262','080412T','功能材料',NULL,NULL),('263','080413T','纳米材料与技术',NULL,NULL),('264','080414T','新能源材料与器件',NULL,NULL),('265','0805','能源动力类',NULL,NULL),('266','080501','能源与动力工程',NULL,NULL),('267','080502T','能源与环境系统工程',NULL,NULL),('268','080503T','新能源科学与工程',NULL,NULL),('269','0806','电气类',NULL,NULL),('270','080601','电气工程及其自动化',NULL,NULL),('271','080602T','智能电网信息工程',NULL,NULL),('272','080603T','光源与照明',NULL,NULL),('273','080604T','电气工程与智能控制',NULL,NULL),('274','0807','电子信息类',NULL,NULL),('275','080701','电子信息工程',NULL,NULL),('276','080702','电子科学与技术',NULL,NULL),('277','080703','通信工程',NULL,NULL),('278','080704','微电子科学与工程（注：可授工学或理学学士学位）',NULL,NULL),('279','080705','光电信息科学与工程（注：可授工学或理学学士学位）',NULL,NULL),('280','080706','信息工程',NULL,NULL),('281','080707T','广播电视工程',NULL,NULL),('282','080708T','水声工程',NULL,NULL),('283','080709T','电子封装技术',NULL,NULL),('284','080710T','集成电路设计与集成系统',NULL,NULL),('285','080711T','医学信息工程',NULL,NULL),('286','080712T','电磁场与无线技术',NULL,NULL),('287','080713T','电波传播与天线',NULL,NULL),('288','080714T','电子信息科学与技术',NULL,NULL),('289','080715T','电信工程及管理',NULL,NULL),('290','080716T','应用电子技术教育',NULL,NULL),('291','0808','自动化类',NULL,NULL),('292','080801','自动化',NULL,NULL),('293','080802T','轨道交通信号与控制',NULL,NULL),('294','0809','计算机类',NULL,NULL),('295','080901','计算机科学与技术（注：可授工学或理学学士学位）',NULL,NULL),('296','080902','软件工程',NULL,NULL),('297','080903','网络工程',NULL,NULL),('298','080904K','信息安全（注：可授工学或理学或管理学学士学位）',NULL,NULL),('299','080905','物联网工程',NULL,NULL),('300','080906','数字媒体技术',NULL,NULL),('301','080907T','智能科学与技术',NULL,NULL),('302','080908T','空间信息与数字技术',NULL,NULL),('303','080909T','电子与计算机工程',NULL,NULL),('304','0810','土木类',NULL,NULL),('305','081001','土木工程',NULL,NULL),('306','081002','建筑环境与能源应用工程',NULL,NULL),('307','081003','给排水科学与工程',NULL,NULL),('308','081004','建筑电气与智能化',NULL,NULL),('309','081005T','城市地下空间工程',NULL,NULL),('310','081006T','道路桥梁与渡河工程',NULL,NULL),('311','081007T','铁道工程（2014）',NULL,NULL),('312','0811','水利类',NULL,NULL),('313','081101','水利水电工程',NULL,NULL),('314','081102','水文与水资源工程',NULL,NULL),('315','081103','港口航道与海岸工程',NULL,NULL),('316','081104T','水务工程',NULL,NULL),('317','0812','测绘类',NULL,NULL),('318','081201','测绘工程',NULL,NULL),('319','081202','遥感科学与技术',NULL,NULL),('320','081203T','导航工程',NULL,NULL),('321','081204T','地理国情监测',NULL,NULL),('322','0813','化工与制药类',NULL,NULL),('323','081301','化学工程与工艺',NULL,NULL),('324','081302','制药工程',NULL,NULL),('325','081303T','资源循环科学与工程',NULL,NULL),('326','081304T','能源化学工程',NULL,NULL),('327','081305T','化学工程与工业生物工程',NULL,NULL),('328','0814','地质类',NULL,NULL),('329','081401','地质工程',NULL,NULL),('330','081402','勘查技术与工程',NULL,NULL),('331','081403','资源勘查工程',NULL,NULL),('332','081404T','地下水科学与工程',NULL,NULL),('333','0815','矿业类',NULL,NULL),('334','081501','采矿工程',NULL,NULL),('335','081502','石油工程',NULL,NULL),('336','081503','矿物加工工程',NULL,NULL),('337','081504','油气储运工程',NULL,NULL),('338','081505T','矿物资源工程',NULL,NULL),('339','081506T','海洋油气工程',NULL,NULL),('340','0816','纺织类',NULL,NULL),('341','081601','纺织工程',NULL,NULL),('342','081602','服装设计与工程（注：可授工学或艺术学学士学位）',NULL,NULL),('343','081603T','非织造材料与工程',NULL,NULL),('344','081604T','服装设计与工艺教育',NULL,NULL),('345','0817','轻工类',NULL,NULL),('346','081701','轻化工程',NULL,NULL),('347','081702','包装工程',NULL,NULL),('348','081703','印刷工程',NULL,NULL),('349','0818','交通运输类',NULL,NULL),('350','081801','交通运输',NULL,NULL),('351','081802','交通工程',NULL,NULL),('352','081803K','航海技术',NULL,NULL),('353','081804K','轮机工程',NULL,NULL),('354','081805K','飞行技术',NULL,NULL),('355','081806T','交通设备与控制工程',NULL,NULL),('356','081807T','救助与打捞工程',NULL,NULL),('357','081808TK','船舶电子电气工程',NULL,NULL),('358','0819','海洋工程类',NULL,NULL),('359','081901','船舶与海洋工程',NULL,NULL),('360','081902T','海洋工程与技术',NULL,NULL),('361','081903T','海洋资源开发技术',NULL,NULL),('362','0820','航空航天类',NULL,NULL),('363','082001','航空航天工程',NULL,NULL),('364','082002','飞行器设计与工程',NULL,NULL),('365','082003','飞行器制造工程',NULL,NULL),('366','082004','飞行器动力工程',NULL,NULL),('367','082005','飞行器环境与生命保障工程',NULL,NULL),('368','082006T','飞行器质量与可靠性',NULL,NULL),('369','082007T','飞行器适航技术',NULL,NULL),('370','0821','兵器类',NULL,NULL),('371','082101','武器系统与工程',NULL,NULL),('372','082102','武器发射工程',NULL,NULL),('373','082103','探测制导与控制技术',NULL,NULL),('374','082104','弹药工程与爆炸技术',NULL,NULL),('375','082105','特种能源技术与工程',NULL,NULL),('376','082106','装甲车辆工程',NULL,NULL),('377','082107','信息对抗技术',NULL,NULL),('378','0822','核工程类',NULL,NULL),('379','082201','核工程与核技术',NULL,NULL),('380','082202','辐射防护与核安全',NULL,NULL),('381','082203','工程物理',NULL,NULL),('382','082204','核化工与核燃料工程',NULL,NULL),('383','0823','农业工程类',NULL,NULL),('384','082301','农业工程',NULL,NULL),('385','082302','农业机械化及其自动化',NULL,NULL),('386','082303','农业电气化',NULL,NULL),('387','082304','农业建筑环境与能源工程',NULL,NULL),('388','082305','农业水利工程',NULL,NULL),('389','0824','林业工程类',NULL,NULL),('390','082401','森林工程',NULL,NULL),('391','082402','木材科学与工程',NULL,NULL),('392','082403','林产化工',NULL,NULL),('393','0825','环境科学与工程类',NULL,NULL),('394','082501','环境科学与工程',NULL,NULL),('395','082502','环境工程',NULL,NULL),('396','082503','环境科学（注：可授工学或理学学士学位）',NULL,NULL),('397','082504','环境生态工程',NULL,NULL),('398','082505T','环保设备工程',NULL,NULL),('399','082506T','资源环境科学（注：可授工学或理学学士学位）',NULL,NULL),('400','082507T','水质科学与技术',NULL,NULL),('401','0826','生物医学工程类',NULL,NULL),('402','082601','生物医学工程（注：可授工学或理学学士学位）',NULL,NULL),('403','082602T','假肢矫形工程',NULL,NULL),('404','0827','食品科学与工程类',NULL,NULL),('405','082701','食品科学与工程（注：可授工学或农学学士学位）',NULL,NULL),('406','082702','食品质量与安全',NULL,NULL),('407','082703','粮食工程',NULL,NULL),('408','082704','乳品工程',NULL,NULL),('409','082705','酿酒工程',NULL,NULL),('410','082706T','葡萄与葡萄酒工程',NULL,NULL),('411','082707T','食品营养与检验教育',NULL,NULL),('412','082708T','烹饪与营养教育',NULL,NULL),('413','0828','建筑类',NULL,NULL),('414','082801','建筑学',NULL,NULL),('415','082802','城乡规划',NULL,NULL),('416','082803','风景园林（注：可授工学或艺术学学士学位）',NULL,NULL),('417','082804T','历史建筑保护工程',NULL,NULL),('418','0829','安全科学与工程类',NULL,NULL),('419','082901','安全工程',NULL,NULL),('420','0830','生物工程类',NULL,NULL),('421','083001','生物工程',NULL,NULL),('422','083002T','生物制药',NULL,NULL),('423','0831','公安技术类',NULL,NULL),('424','083101K','刑事科学技术',NULL,NULL),('425','083102K','消防工程',NULL,NULL),('426','083103TK','交通管理工程',NULL,NULL),('427','083104TK','安全防范工程',NULL,NULL),('428','083105TK','公安视听技术',NULL,NULL),('429','083106TK','抢险救援指挥与技术',NULL,NULL),('430','083107TK','火灾勘查',NULL,NULL),('431','083108TK','网络安全与执法',NULL,NULL),('432','083109TK','核生化消防',NULL,NULL),('433','09','学科门类：农学',NULL,NULL),('434','0901','植物生产类',NULL,NULL),('435','090101','农学',NULL,NULL),('436','090102','园艺',NULL,NULL),('437','090103','植物保护',NULL,NULL),('438','090104','植物科学与技术',NULL,NULL),('439','090105','种子科学与工程',NULL,NULL),('440','090106','设施农业科学与工程（注：可授农学或工学学士学位）',NULL,NULL),('441','090107T','茶学',NULL,NULL),('442','090108T','烟草',NULL,NULL),('443','090109T','应用生物科学（注：可授农学或理学学士学位）',NULL,NULL),('444','090110T','农艺教育',NULL,NULL),('445','090111T','园艺教育',NULL,NULL),('446','0902','自然保护与环境生态类',NULL,NULL),('447','090201','农业资源与环境',NULL,NULL),('448','090202','野生动物与自然保护区管理',NULL,NULL),('449','090203','水土保持与荒漠化防治',NULL,NULL),('450','0903','动物生产类',NULL,NULL),('451','090301','动物科学',NULL,NULL),('452','090302T','蚕学',NULL,NULL),('453','090303T','蜂学',NULL,NULL),('454','0904','动物医学类',NULL,NULL),('455','090401','动物医学',NULL,NULL),('456','090402','动物药学',NULL,NULL),('457','090403T','动植物检疫（注：可授农学或理学学士学位）',NULL,NULL),('458','0905','林学类',NULL,NULL),('459','090501','林学',NULL,NULL),('460','090502','园林',NULL,NULL),('461','090503','森林保护',NULL,NULL),('462','0906','水产类',NULL,NULL),('463','090601','水产养殖学',NULL,NULL),('464','090602','海洋渔业科学与技术',NULL,NULL),('465','090603T','水族科学与技术',NULL,NULL),('466','090604TK','水生动物医学（2012）',NULL,NULL),('467','0907','草学类',NULL,NULL),('468','090701','草业科学',NULL,NULL),('469','10','学科门类：医学',NULL,NULL),('470','1001','基础医学类',NULL,NULL),('471','100101K','基础医学',NULL,NULL),('472','100102TK','生物医学（2012）',NULL,NULL),('473','1002','临床医学类',NULL,NULL),('474','100201K','临床医学',NULL,NULL),('475','100202TK','麻醉学',NULL,NULL),('476','100203TK','医学影像学',NULL,NULL),('477','100204TK','眼视光医学',NULL,NULL),('478','100205TK','精神医学',NULL,NULL),('479','100206TK','放射医学',NULL,NULL),('480','1003','口腔医学类',NULL,NULL),('481','100301K','口腔医学',NULL,NULL),('482','1004','公共卫生与预防医学类',NULL,NULL),('483','100401K','预防医学',NULL,NULL),('484','100402','食品卫生与营养学（注：授予理学学士学位）',NULL,NULL),('485','100403TK','妇幼保健医学',NULL,NULL),('486','100404TK','卫生监督',NULL,NULL),('487','100405TK','全球健康学（注：授予理学学士学位）',NULL,NULL),('488','1005','中医学类',NULL,NULL),('489','100501K','中医学',NULL,NULL),('490','100502K','针灸推拿学',NULL,NULL),('491','100503K','藏医学',NULL,NULL),('492','100504K','蒙医学',NULL,NULL),('493','100505K','维医学',NULL,NULL),('494','100506K','壮医学',NULL,NULL),('495','100507K','哈医学',NULL,NULL),('496','100508TK','傣医学（2012）',NULL,NULL),('497','1006','中西医结合类',NULL,NULL),('498','100601K','中西医临床医学',NULL,NULL),('499','1007','药学类',NULL,NULL),('500','100701','药学（注：授予理学学士学位）',NULL,NULL),('501','100702','药物制剂（注：授予理学学士学位）',NULL,NULL),('502','100703TK','临床药学（注：授予理学学士学位）',NULL,NULL),('503','100704T','药事管理（注：授予理学学士学位）',NULL,NULL),('504','100705T','药物分析（注：授予理学学士学位）',NULL,NULL),('505','100706T','药物化学（注：授予理学学士学位）',NULL,NULL),('506','100707T','海洋药学（注：授予理学学士学位）',NULL,NULL),('507','1008','中药学类',NULL,NULL),('508','100801','中药学（注：授予理学学士学位）',NULL,NULL),('509','100802','中药资源与开发（注：授予理学学士学位）',NULL,NULL),('510','100803T','藏药学（注：授予理学学士学位）',NULL,NULL),('511','100804T','蒙药学（注：授予理学学士学位）',NULL,NULL),('512','100805T','中药制药（注：可授理学或工学学士学位）',NULL,NULL),('513','100806T','中草药栽培与鉴定（注：授予理学学士学位）',NULL,NULL),('514','1009','法医学类',NULL,NULL),('515','100901K','法医学',NULL,NULL),('516','1010','医学技术类',NULL,NULL),('517','101001','医学检验技术（注：授予理学学士学位）',NULL,NULL),('518','101002','医学实验技术（注：授予理学学士学位）',NULL,NULL),('519','101003','医学影像技术（注：授予理学学士学位）',NULL,NULL),('520','101004','眼视光学（注：授予理学学士学位）',NULL,NULL),('521','101005','康复治疗学（注：授予理学学士学位）',NULL,NULL),('522','101006','口腔医学技术（注：授予理学学士学位）',NULL,NULL),('523','101007','卫生检验与检疫（注：授予理学学士学位）',NULL,NULL),('524','101008T','听力与言语康复学',NULL,NULL),('525','1011','护理学类',NULL,NULL),('526','101101','护理学（注：授予理学学士学位）',NULL,NULL),('527','12','学科门类：管理学',NULL,NULL),('528','1201','管理科学与工程类',NULL,NULL),('529','120101','管理科学（注：可授管理学或理学学士学位）',NULL,NULL),('530','120102','信息管理与信息系统（注：可授管理学或工学学士学位）',NULL,NULL),('531','120103','工程管理（注：可授管理学或工学学士学位）',NULL,NULL),('532','120104','房地产开发与管理',NULL,NULL),('533','120105','工程造价（注：可授管理学或工学学士学位）',NULL,NULL),('534','120106TK','保密管理',NULL,NULL),('535','1202','工商管理类',NULL,NULL),('536','120201K','工商管理',NULL,NULL),('537','120202','市场营销',NULL,NULL),('538','120203K','会计学',NULL,NULL),('539','120204','财务管理',NULL,NULL),('540','120205','国际商务',NULL,NULL),('541','120206','人力资源管理',NULL,NULL),('542','120207','审计学',NULL,NULL),('543','120208','资产评估',NULL,NULL),('544','120209','物业管理',NULL,NULL),('545','120210','文化产业管理（注：可授管理学或艺术学学士学位）',NULL,NULL),('546','120211T','劳动关系',NULL,NULL),('547','120212T','体育经济与管理',NULL,NULL),('548','120213T','财务会计教育',NULL,NULL),('549','120214T','市场营销教育',NULL,NULL),('550','1203','农业经济管理类',NULL,NULL),('551','120301','农林经济管理',NULL,NULL),('552','120302','农村区域发展（注：可授管理学或农学学士学位）',NULL,NULL),('553','1204','公共管理类',NULL,NULL),('554','120401','公共事业管理',NULL,NULL),('555','120402','行政管理',NULL,NULL),('556','120403','劳动与社会保障',NULL,NULL),('557','120404','土地资源管理（注：可授管理学或工学学士学位）',NULL,NULL),('558','120405','城市管理',NULL,NULL),('559','120406TK','海关管理',NULL,NULL),('560','120407T','交通管理（注：可授管理学或工学学士学位）',NULL,NULL),('561','120408T','海事管理',NULL,NULL),('562','120409T','公共关系学',NULL,NULL),('563','1205','图书情报与档案管理类',NULL,NULL),('564','120501','图书馆学',NULL,NULL),('565','120502','档案学',NULL,NULL),('566','120503','信息资源管理',NULL,NULL),('567','1206','物流管理与工程类',NULL,NULL),('568','120601','物流管理',NULL,NULL),('569','120602','物流工程（注：可授管理学或工学学士学位）',NULL,NULL),('570','120603T','采购管理',NULL,NULL),('571','1207','工业工程类',NULL,NULL),('572','120701','工业工程（注：可授管理学或工学学士学位）',NULL,NULL),('573','120702T','标准化工程',NULL,NULL),('574','120703T','质量管理工程',NULL,NULL),('575','1208','电子商务类',NULL,NULL),('576','120801','电子商务（注：可授管理学或经济学或工学学士学位）',NULL,NULL),('577','120802T','电子商务及法律',NULL,NULL),('578','1209','旅游管理类',NULL,NULL),('579','120901K','旅游管理',NULL,NULL),('580','120902','酒店管理',NULL,NULL),('581','120903','会展经济与管理',NULL,NULL),('582','120904T','旅游管理与服务教育',NULL,NULL),('583','13','学科门类：艺术学',NULL,NULL),('584','1301','艺术学理论类',NULL,NULL),('585','130101','艺术史论',NULL,NULL),('586','1302','音乐与舞蹈学类',NULL,NULL),('587','130201','音乐表演',NULL,NULL),('588','130202','音乐学',NULL,NULL),('589','130203','作曲与作曲技术理论',NULL,NULL),('590','130204','舞蹈表演',NULL,NULL),('591','130205','舞蹈学',NULL,NULL),('592','130206','舞蹈编导',NULL,NULL),('593','1303','戏剧与影视学类',NULL,NULL),('594','130301','表演',NULL,NULL),('595','130302','戏剧学',NULL,NULL),('596','130303','电影学',NULL,NULL),('597','130304','戏剧影视文学',NULL,NULL),('598','130305','广播电视编导',NULL,NULL),('599','130306','戏剧影视导演',NULL,NULL),('600','130307','戏剧影视美术设计',NULL,NULL),('601','130308','录音艺术',NULL,NULL),('602','130309','播音与主持艺术',NULL,NULL),('603','130310','动画',NULL,NULL),('604','130311T','影视摄影与制作',NULL,NULL),('605','1304','美术学类',NULL,NULL),('606','130401','美术学',NULL,NULL),('607','130402','绘画',NULL,NULL),('608','130403','雕塑',NULL,NULL),('609','130404','摄影',NULL,NULL),('610','130405T','书法学',NULL,NULL),('611','130406T','中国画',NULL,NULL),('612','130407TK','实验艺术（2013）',NULL,NULL),('613','1305','设计学类',NULL,NULL),('614','130501','艺术设计学',NULL,NULL),('615','130502','视觉传达设计',NULL,NULL),('616','130503','环境设计',NULL,NULL),('617','130504','产品设计',NULL,NULL),('618','130505','服装与服饰设计',NULL,NULL),('619','130506','公共艺术',NULL,NULL),('620','130507','工艺美术',NULL,NULL),('621','130508','数字媒体艺术',NULL,NULL),('622','130509T','艺术与科技',NULL,NULL),('623','130510TK','陶瓷艺术设计（2012）',NULL,NULL);

/*Table structure for table `menu` */

DROP TABLE IF EXISTS `menu`;

CREATE TABLE `menu` (
  `id` int(11) NOT NULL AUTO_INCREMENT,
  `name` varchar(50) DEFAULT NULL COMMENT '菜单名称',
  `url` varchar(128) DEFAULT NULL COMMENT '菜单访问地址',
  `create_time` datetime DEFAULT NULL,
  `update_time` datetime DEFAULT NULL,
  PRIMARY KEY (`id`)
) ENGINE=InnoDB AUTO_INCREMENT=43 DEFAULT CHARSET=utf8;

/*Data for the table `menu` */

insert  into `menu`(`id`,`name`,`url`,`create_time`,`update_time`) values (1,NULL,'/index.c',NULL,NULL),(2,NULL,'/loginOut.c',NULL,NULL),(3,NULL,'/accountManage/pwdManage/alterPwd.c',NULL,NULL),(4,NULL,'/accountManage/personalInfo.c',NULL,NULL),(5,NULL,'/accountManage/alterDescription.c',NULL,NULL),(6,NULL,'/project/projectPartakeInfo.c',NULL,NULL),(7,NULL,'/collegesUser/projectManage.c',NULL,NULL),(8,NULL,'/project/createProject.c',NULL,NULL),(9,NULL,'/project/updateProjectById.c',NULL,NULL),(10,NULL,'/project/deleteProjectById.c',NULL,NULL),(11,NULL,'/collegesUser/checkProjectInfo.c',NULL,NULL),(12,NULL,'/collegesUser/checkExpertDetialInfo.c',NULL,NULL),(13,NULL,'/exportExpert.c',NULL,NULL),(14,NULL,'/collegesUser/uploadExcel.c',NULL,NULL),(15,NULL,'/collegesUser/checkNotPartakeProjectExpert.c',NULL,NULL),(16,NULL,'/collegesUser/checkAddedExpert.c',NULL,NULL),(17,NULL,'/collegesUser/addProjectExpert.c',NULL,NULL),(18,NULL,'/collegesUser/deleteProjectExpert.c',NULL,NULL),(19,NULL,'/educationhallUser/userManage.c',NULL,NULL),(20,NULL,'/educationhallUser/projectManage.c',NULL,NULL),(21,NULL,'/educationhallUser/checkProjectInfo.c',NULL,NULL),(22,NULL,'/educationhallUser/stopProject.c',NULL,NULL),(23,NULL,'/exportProject.c',NULL,NULL),(25,NULL,'/educationhallUser/addUser.c',NULL,NULL),(26,NULL,'/educationhallUser/stopUser.c',NULL,NULL),(27,NULL,'/educationhallUser/alterUser.c',NULL,NULL),(28,NULL,'/downloadUserModel.c',NULL,NULL),(29,NULL,'/uploadDepartmentUserInfo.c',NULL,NULL),(30,NULL,'uploadCollegeUserInfo.c',NULL,NULL),(31,NULL,'/uploadCollegeUserInfo.c',NULL,NULL),(32,NULL,'/educationhallUser/selectAllDCProjectInfo.c',NULL,NULL),(33,NULL,'/educationhallUser/selectAllExpertProjectInfo.c',NULL,NULL),(34,NULL,'/educationhallUser/selectAllProjectInfo.c',NULL,NULL),(35,NULL,'/educationhallUser/selectAllExpertInfo.c',NULL,NULL),(36,NULL,'/educationhallUser/selectExcellentExpertInfo.c',NULL,NULL),(37,NULL,'/educationhallUser/selectAllExpertData.c',NULL,NULL),(38,NULL,'/educationhallUser/selectExpertAllProjectInfo.c',NULL,NULL),(39,NULL,'/educationhallUser/selectExpertExcellentProjectInfo.c',NULL,NULL),(40,NULL,'/exportExpertData.c',NULL,NULL),(41,NULL,'/exportDCProject.c',NULL,NULL),(42,NULL,'/exportEProject.c',NULL,NULL);

/*Table structure for table `origin` */

DROP TABLE IF EXISTS `origin`;

CREATE TABLE `origin` (
  `id` int(11) NOT NULL AUTO_INCREMENT,
  `code` int(11) DEFAULT NULL COMMENT '专家来源编号',
  `name` varchar(50) DEFAULT NULL COMMENT '专家来源名称',
  `create_time` datetime DEFAULT NULL,
  `update_time` datetime DEFAULT NULL,
  PRIMARY KEY (`id`)
) ENGINE=MyISAM AUTO_INCREMENT=7 DEFAULT CHARSET=utf8;

/*Data for the table `origin` */

insert  into `origin`(`id`,`code`,`name`,`create_time`,`update_time`) values (1,1,'社会投资机构','2016-06-24 14:54:30','2016-06-24 14:54:34'),(2,NULL,'行业企业','2016-06-24 14:54:37','2016-06-24 14:54:39'),(3,NULL,'大学科技园','2016-06-24 14:54:41','2016-06-24 14:54:43'),(4,NULL,'创业孵化基地','2016-06-24 14:54:45','2016-06-24 14:54:47'),(5,NULL,'科研院所','2016-06-24 14:54:50','2016-06-24 14:54:52'),(6,NULL,'高校','2016-06-24 14:54:54','2016-06-24 14:54:58');

/*Table structure for table `project` */

DROP TABLE IF EXISTS `project`;

CREATE TABLE `project` (
  `id` int(11) NOT NULL AUTO_INCREMENT,
  `projectCode` varchar(20) DEFAULT NULL COMMENT '项目编号',
  `projectName` varchar(100) DEFAULT NULL COMMENT '项目名称',
  `organiser` varchar(50) DEFAULT NULL COMMENT '创建用户/项目发起者',
  `organiserRole` varchar(2) DEFAULT NULL COMMENT '用户角色 2：高校  4：处室',
  `status` varchar(2) DEFAULT NULL COMMENT '项目状态 1:进行中  2：已结束 3：暂停中',
  `hostUnit` varchar(50) DEFAULT NULL COMMENT '主办单位',
  `phoneNum` varchar(20) DEFAULT NULL COMMENT '联系电话',
  `website` varchar(50) DEFAULT NULL COMMENT '项目官网',
  `startTime` datetime DEFAULT NULL COMMENT '开始时间',
  `endTime` datetime DEFAULT NULL COMMENT '结束时间',
  `expertTotal` int(10) DEFAULT NULL COMMENT '所需专家数目',
  `disabledTime` int(10) DEFAULT NULL COMMENT '多长时间(分钟)未回复短信视为不参加',
  `effective` varchar(2) DEFAULT NULL COMMENT '1:有效  2：已删除',
  `create_time` datetime DEFAULT NULL,
  `update_time` datetime DEFAULT NULL,
  PRIMARY KEY (`id`)
) ENGINE=InnoDB AUTO_INCREMENT=20 DEFAULT CHARSET=utf8;

/*Data for the table `project` */

insert  into `project`(`id`,`projectCode`,`projectName`,`organiser`,`organiserRole`,`status`,`hostUnit`,`phoneNum`,`website`,`startTime`,`endTime`,`expertTotal`,`disabledTime`,`effective`,`create_time`,`update_time`) values (1,'001','导师库1','1','2','1','山大','159000','www.abc.cn','2016-06-15 00:00:00','2017-03-30 00:00:00',23,3,'1',NULL,'2017-03-28 00:01:31'),(2,'002','管理网','1','2','2',NULL,NULL,NULL,'2017-03-08 15:56:19','2017-03-28 15:56:23',33,2,'1',NULL,NULL),(4,NULL,'666','1','2','1','666','666','666','2017-03-06 04:20:00','2017-03-09 06:30:00',666,666,'1',NULL,'2017-03-30 11:48:30'),(5,NULL,'13','1','2','1','23','33','43','2017-03-15 18:25:00','2017-03-02 06:30:00',33,3,'1',NULL,'2017-03-30 11:52:55'),(6,NULL,'2','1','2','1','22','222','2222','2017-03-08 06:30:00','2017-03-11 07:35:00',22222,222222,'1','2017-03-27 18:29:39','2017-03-27 23:29:45'),(7,NULL,'1','1','2','1','11','111','1111','2017-03-01 05:25:00','2017-03-02 06:30:00',111111,111111,'1','2017-03-27 18:30:29','2017-03-27 23:29:45'),(8,NULL,'5','1','2','3','5','5','5','2017-03-01 02:10:00','2017-03-10 07:30:00',2,2,'1','2017-03-27 20:49:30','2017-04-01 10:23:47'),(9,NULL,'3','1','2','2','3','3','3','2017-02-28 05:25:00','2017-03-02 20:30:00',3,3,'1','2017-03-27 20:52:13',NULL),(10,NULL,'3','1','2','1','3','3','3','2017-03-27 20:52:00','2017-03-02 06:50:00',3,3,'2','2017-03-27 20:53:00','2017-03-29 11:36:09'),(11,NULL,'3','1','2','1','3','3','3','2017-03-02 06:30:00','2017-03-02 06:30:00',3,3,'1','2017-03-27 20:53:24',NULL),(12,NULL,'62','1','4','2','6','6','6','2017-03-02 00:00:00','2017-03-03 00:00:00',6,6,'2','2017-03-27 20:53:41','2017-03-28 00:10:29'),(13,NULL,'1','1','2','1','1','1','1','2017-02-28 05:25:00','2017-03-01 06:30:00',1,1,'1','2017-03-27 23:53:12',NULL),(14,NULL,'12345','1','2','3','1','1','1','2017-02-28 05:25:00','2017-02-28 05:25:00',1,1,'1','2017-03-27 23:56:26','2017-03-30 11:54:09'),(15,NULL,'1111111','1','2','3','11','1','1','2017-03-02 06:30:00','2017-03-02 02:10:00',1,1,'1','2017-03-27 23:59:37','2017-03-30 11:54:09'),(16,NULL,'6611','1','4','1','66','66','66','2017-03-08 00:00:00','2017-03-02 00:00:00',66,66,'1','2017-03-28 00:10:00','2017-03-29 20:28:31'),(17,NULL,'涸鲋得水几号放假','1','4','2','w','1','w','2017-03-02 02:30:00','2017-02-28 05:25:00',1,1,'1','2017-03-29 20:28:16',NULL),(18,NULL,'1','1','4','1','1','1','1','2017-03-02 02:10:00','2017-03-03 07:35:00',1,1,'2','2017-03-29 20:29:00','2017-03-29 20:29:05'),(19,NULL,'处室','1','4','1','处室','222','处室','2017-03-07 05:25:00','2017-02-28 05:25:00',3,3,'1','2017-03-31 10:44:46',NULL);

/*Table structure for table `project_expert` */

DROP TABLE IF EXISTS `project_expert`;

CREATE TABLE `project_expert` (
  `id` int(11) NOT NULL AUTO_INCREMENT,
  `projectId` varchar(11) NOT NULL COMMENT '项目ID',
  `expertID` varchar(11) DEFAULT NULL COMMENT '专家ID',
  `status` varchar(2) DEFAULT NULL COMMENT '专家是否参与该项目 1：是 2：否 3：未回复',
  `appraise` varchar(2) DEFAULT NULL COMMENT '主办方对专家的评价 1:优 2:良好 3:一般 4:差',
  `comment` varchar(10000) DEFAULT NULL COMMENT '主办方对专家的评论',
  `effective` varchar(2) DEFAULT NULL COMMENT '1:有效 2：已删除',
  `sendMessage` varchar(2) DEFAULT NULL COMMENT '是否已发送短信 1：已发送 2：未发送',
  `create_time` datetime DEFAULT NULL,
  `update_time` datetime DEFAULT NULL,
  PRIMARY KEY (`id`)
) ENGINE=InnoDB AUTO_INCREMENT=14 DEFAULT CHARSET=utf8;

/*Data for the table `project_expert` */

insert  into `project_expert`(`id`,`projectId`,`expertID`,`status`,`appraise`,`comment`,`effective`,`sendMessage`,`create_time`,`update_time`) values (1,'2','100','1','3','非常棒','2','1',NULL,'2017-03-31 16:12:37'),(2,'1','222','2','1',NULL,NULL,'1',NULL,NULL),(3,'2','99','2','1','表现不错',NULL,'1',NULL,'2017-03-31 16:12:37'),(4,'1','3','2',NULL,NULL,NULL,'1',NULL,NULL),(5,'2','93',NULL,'2','','2',NULL,'2017-03-29 13:39:38','2017-03-31 16:12:37'),(6,'2','96',NULL,'2','对对对','2',NULL,'2017-03-29 13:39:38','2017-03-31 16:12:37'),(7,'6','99',NULL,NULL,NULL,NULL,NULL,'2017-03-29 15:35:45',NULL),(8,'2','95',NULL,'1','',NULL,NULL,'2017-03-29 16:07:19','2017-03-31 16:12:37'),(9,'2','94',NULL,'1','',NULL,NULL,'2017-03-29 16:07:19','2017-03-31 16:12:37'),(10,'17','99',NULL,'2',NULL,NULL,NULL,'2017-03-29 20:33:41',NULL),(11,'17','94',NULL,'3',NULL,'2',NULL,'2017-03-29 20:33:54','2017-03-29 20:33:58'),(12,'16','94',NULL,NULL,NULL,NULL,NULL,'2017-03-31 22:20:38',NULL),(13,'16','94',NULL,NULL,NULL,NULL,NULL,'2017-03-31 22:20:38',NULL);

/*Table structure for table `region` */

DROP TABLE IF EXISTS `region`;

CREATE TABLE `region` (
  `id` int(11) NOT NULL AUTO_INCREMENT,
  `code` varchar(50) DEFAULT NULL COMMENT '地区编号',
  `name` varchar(50) DEFAULT NULL COMMENT '地区名称',
  `create_time` datetime DEFAULT NULL,
  `update_time` datetime DEFAULT NULL,
  PRIMARY KEY (`id`)
) ENGINE=MyISAM AUTO_INCREMENT=18 DEFAULT CHARSET=utf8;

/*Data for the table `region` */

insert  into `region`(`id`,`code`,`name`,`create_time`,`update_time`) values (1,NULL,'济南',NULL,NULL),(2,'3','青岛',NULL,NULL),(3,NULL,'烟台',NULL,NULL),(4,NULL,'潍坊',NULL,NULL),(5,NULL,'临沂',NULL,NULL),(6,NULL,'济宁',NULL,NULL),(7,NULL,'淄博',NULL,NULL),(8,NULL,'莱芜',NULL,NULL),(9,NULL,'威海',NULL,NULL),(10,NULL,'东营',NULL,NULL),(11,NULL,'日照',NULL,NULL),(12,NULL,'泰安',NULL,NULL),(13,NULL,'滨州',NULL,NULL),(14,NULL,'枣庄',NULL,NULL),(15,NULL,'德州',NULL,NULL),(16,NULL,'聊城',NULL,NULL),(17,NULL,'菏泽',NULL,NULL);

/*Table structure for table `role_menu_permission` */

DROP TABLE IF EXISTS `role_menu_permission`;

CREATE TABLE `role_menu_permission` (
  `id` int(11) NOT NULL AUTO_INCREMENT,
  `role_type` varchar(2) NOT NULL COMMENT '角色类型 1:教育厅 2:高校 3:专家 4:处室',
  `menu_id` int(11) NOT NULL COMMENT '菜单ID',
  `create_time` datetime DEFAULT NULL,
  `update_time` datetime DEFAULT NULL,
  PRIMARY KEY (`id`)
) ENGINE=InnoDB AUTO_INCREMENT=58 DEFAULT CHARSET=utf8;

/*Data for the table `role_menu_permission` */

insert  into `role_menu_permission`(`id`,`role_type`,`menu_id`,`create_time`,`update_time`) values (1,'3',3,NULL,NULL),(2,'3',4,NULL,NULL),(3,'3',5,NULL,NULL),(4,'3',6,NULL,NULL),(5,'2',3,NULL,NULL),(6,'2',4,NULL,NULL),(7,'4',4,NULL,NULL),(8,'4',3,NULL,NULL),(9,'2',7,NULL,NULL),(10,'2',8,NULL,NULL),(11,'2',9,NULL,NULL),(12,'2',10,NULL,NULL),(13,'4',7,NULL,NULL),(14,'4',8,NULL,NULL),(15,'4',9,NULL,NULL),(16,'4',10,NULL,NULL),(17,'2',11,NULL,NULL),(18,'2',12,NULL,NULL),(19,'2',13,NULL,NULL),(20,'2',14,NULL,NULL),(21,'2',15,NULL,NULL),(22,'2',16,NULL,NULL),(23,'2',17,NULL,NULL),(24,'2',18,NULL,NULL),(25,'4',11,NULL,NULL),(26,'4',12,NULL,NULL),(27,'4',13,NULL,NULL),(28,'4',14,NULL,NULL),(29,'4',15,NULL,NULL),(30,'4',16,NULL,NULL),(31,'4',17,NULL,NULL),(32,'4',18,NULL,NULL),(34,'1',19,NULL,NULL),(35,'1',20,NULL,NULL),(36,'1',21,NULL,NULL),(37,'1',22,NULL,NULL),(38,'1',23,NULL,NULL),(39,'1',13,NULL,NULL),(40,'1',25,NULL,NULL),(41,'1',26,NULL,NULL),(42,'1',27,NULL,NULL),(43,'1',28,NULL,NULL),(44,'1',29,NULL,NULL),(45,'1',30,NULL,NULL),(46,'1',31,NULL,NULL),(47,'1',32,NULL,NULL),(48,'1',33,NULL,NULL),(49,'1',34,NULL,NULL),(50,'1',35,NULL,NULL),(51,'1',36,NULL,NULL),(52,'1',37,NULL,NULL),(53,'1',38,NULL,NULL),(54,'1',39,NULL,NULL),(55,'1',40,NULL,NULL),(56,'1',41,NULL,NULL),(57,'1',42,NULL,NULL);

/*!40101 SET SQL_MODE=@OLD_SQL_MODE */;
/*!40014 SET FOREIGN_KEY_CHECKS=@OLD_FOREIGN_KEY_CHECKS */;
/*!40014 SET UNIQUE_CHECKS=@OLD_UNIQUE_CHECKS */;
/*!40111 SET SQL_NOTES=@OLD_SQL_NOTES */;
